000
CXUS52 KKEY 011414 CCA
CF6EYW
PRELIMINARY LOCAL CLIMATOLOGICAL DATA (WS FORM: F-6)...CORRECTED
STATION: KEY WEST
MONTH: APRIL
YEAR: 2022
LATITUDE: 24 32 N
LONGITUDE: 81 45 W
TEMPERATURE IN F: :PCPN: SNOW: WIND :SUNSHINE: SKY :PK WND
================================================================================
1 2 3 4 5 6A 6B 7 8 9 10 11 12 13 14 15 16 17 18
12Z AVG MX 2MIN
DY MAX MIN AVG DEP HDD CDD WTR SNW DPTH SPD SPD DIR MIN PSBL S-S WX SPD DR
================================================================================
1 85 76 81 5 0 16 0.00 0.0 0 8.4 14 180 M M 2 20 170
2 85 79 82 6 0 17 0.00 0.0 0 8.1 15 150 M M 1 3 28 170
3 86 71 79 3 0 14 0.67 0.0 0 9.1 28 10 M M 2 13 43 30
4 84 77 81 5 0 16 0.00 0.0 0 7.4 13 120 M M 1 20 170
5 84 79 82 5 0 17 0.00 0.0 0 13.8 20 150 M M 1 32 160
6 85 79 82 5 0 17 0.00 0.0 0 11.5 17 160 M M 2 25 180
7 86 78 82 5 0 17 0.00 0.0 0 10.4 15 310 M M 2 23 180
8 80 71 76 -1 0 11 0.00 0.0 0 13.9 21 340 M M 5 30 340
9 79 69 74 -3 0 9 0.00 0.0 0 14.1 23 310 M M 4 30 330
10 76 63 70 -7 0 5 0.00 0.0 0 12.0 18 100 M M 1 27 120
11 80 70 75 -2 0 10 0.00 0.0 0 14.9 23 100 M M 5 30 110
12 82 74 78 0 0 13 0.00 0.0 0 16.6 22 100 M M 5 30 90
13 80 74 77 -1 0 12 T 0.0 0 15.4 22 100 M M 7 1 31 100
14 83 75 79 1 0 14 0.10 0.0 0 11.1 18 120 M M 7 1 24 130
15 86 76 81 3 0 16 T 0.0 0 8.1 22 110 M M 4 30 130
16 84 76 80 2 0 15 0.00 0.0 0 10.7 22 120 M M 2 27 110
17 84 76 80 2 0 15 0.00 0.0 0 11.1 16 100 M M 2 27 110
18 85 74 80 2 0 15 0.10 0.0 0 9.8 20 350 M M 2 1 28 340
19 85 76 81 3 0 16 T 0.0 0 11.2 17 350 M M 1 3 31 360
20 83 75 79 1 0 14 T 0.0 0 12.4 23 90 M M 4 33 80
21 82 73 78 -1 0 13 0.03 0.0 0 13.2 23 90 M M 7 32 90
22 80 69 75 -4 0 10 1.31 0.0 0 13.7 22 80 M M 7 13 35 70
23 83 72 78 -1 0 13 0.01 0.0 0 12.8 23 90 M M 4 1 33 100
24 84 72 78 -1 0 13 0.06 0.0 0 13.3 22 100 M M 3 3 31 100
25 84 72 78 -1 0 13 0.14 0.0 0 15.1 22 100 M M 4 29 90
26 84 73 79 0 0 14 0.12 0.0 0 10.3 17 100 M M 3 1 25 100
27 83 69 76 -3 0 11 0.00 0.0 0 5.5 10 120 M M 2 20 150
28 84 70 77 -2 0 12 0.00 0.0 0 6.4 10 150 M M 1 19 150
29 84 75 80 1 0 15 0.00 0.0 0 10.9 16 100 M M 2 28 160
30 82 76 79 -1 0 14 0.00 0.0 0 11.7 18 100 M M 1 27 130
================================================================================
SM 2492 2209 0 407 2.54 0.0 342.9 M 94
================================================================================
AV 83.1 73.6 11.4 FASTST M M 3 MAX(MPH)
MISC ----> 28 10 43 30
================================================================================
NOTES:
# LAST OF SEVERAL OCCURRENCES
COLUMN 17 PEAK WIND IN M.P.H.
PRELIMINARY LOCAL CLIMATOLOGICAL DATA (WS FORM: F-6) , PAGE 2
STATION: KEY WEST
MONTH: APRIL
YEAR: 2022
LATITUDE: 24 32 N
LONGITUDE: 81 45 W
[TEMPERATURE DATA] [PRECIPITATION DATA] SYMBOLS USED IN COLUMN 16
AVERAGE MONTHLY: 78.4 TOTAL FOR MONTH: 2.54 1 = FOG OR MIST
DPTR FM NORMAL: 0.5 DPTR FM NORMAL: 0.47 2 = FOG REDUCING VISIBILITY
HIGHEST: 86 ON 15, 7 GRTST 24HR 1.31 ON 22-22 TO 1/4 MILE OR LESS
LOWEST: 63 ON 10 3 = THUNDER
SNOW, ICE PELLETS, HAIL 4 = ICE PELLETS
TOTAL MONTH: 0.0 INCH 5 = HAIL
GRTST 24HR 0.0 6 = FREEZING RAIN OR DRIZZLE
GRTST DEPTH: 0 7 = DUSTSTORM OR SANDSTORM:
VSBY 1/2 MILE OR LESS
8 = SMOKE OR HAZE
[NO. OF DAYS WITH] [WEATHER - DAYS WITH] 9 = BLOWING SNOW
X = TORNADO
MAX 32 OR BELOW: 0 0.01 INCH OR MORE: 9
MAX 90 OR ABOVE: 0 0.10 INCH OR MORE: 6
MIN 32 OR BELOW: 0 0.50 INCH OR MORE: 2
MIN 0 OR BELOW: 0 1.00 INCH OR MORE: 1
[HDD (BASE 65) ]
TOTAL THIS MO. 0 CLEAR (SCALE 0-3) 18
DPTR FM NORMAL 0 PTCLDY (SCALE 4-7) 12
TOTAL FM JUL 1 23 CLOUDY (SCALE 8-10) 0
DPTR FM NORMAL -23
[CDD (BASE 65) ]
TOTAL THIS MO. 407
DPTR FM NORMAL 21 [PRESSURE DATA]
TOTAL FM JAN 1 1191 HIGHEST SLP M ON M
DPTR FM NORMAL 97 LOWEST SLP 29.85 ON 5
[REMARKS]
#FINAL-04-22#
CORRECTED TEMPERATURE DEPARTURE FROM NORMAL.
CORRECTED ALIGNMENT OF SNOW, ICE PELLETS, HAIL TABLE.
CORRECTED SKY COVER TABLE TO MISSING.
NB