000
CXUS52 KFFC 011533
CF6FFC
PRELIMINARY LOCAL CLIMATOLOGICAL DATA (WS FORM: F-6)
STATION: PEACHTREE CITY
MONTH: NOVEMBER
YEAR: 2021
LATITUDE: 33 20 N
LONGITUDE: 84 34 W
TEMPERATURE IN F: :PCPN: SNOW: WIND :SUNSHINE: SKY :PK WND
================================================================================
1 2 3 4 5 6A 6B 7 8 9 10 11 12 13 14 15 16 17 18
12Z AVG MX 2MIN
DY MAX MIN AVG DEP HDD CDD WTR SNW DPTH SPD SPD DIR MIN PSBL S-S WX SPD DR
================================================================================
1 72 42 57 0 8 0 0.00 M M 1.8 8 80 M M 0 18 13 90
2 72 43 58 1 7 0 0.00 M M 4.9 14 320 M M 0 1 19 330
3 64 43 54 -3 11 0 0.00 M M 5.5 14 100 M M 5 21 90
4 52 47 50 -6 15 0 0.08 M M 4.6 9 40 M M 10 1 16 60
5 56 44 50 -6 15 0 0.00 M M 5.1 15 90 M M 4 22 80
6 61 40 51 -5 14 0 0.00 M M 5.1 14 20 M M 0 24 50
7 68 36 52 -3 13 0 0.00 M M 2.0 9 320 M M 0 1 12 330
8 76 35 56 1 9 0 0.00 M M 1.0 7 40 M M 0 11 90
9 79 36 58 3 7 0 0.00 M M 0.7 5 270 M M 0 7 50
10 77 42 60 6 5 0 0.00 M M 0.7 7 170 M M 0 10 170
11 75 48 62 8 3 0 0.32 M M 4.1 18 270 M M 7 1 28 290
12 70 43 57 3 8 0 0.00 M M 2.5 14 330 M M 2 12 19 310
13 58 37 48 -6 17 0 0.00 M M 4.9 16 310 M M 0 1 23 320
14 61 31 46 -7 19 0 0.00 M M 3.7 16 340 M M 0 23 300
15 66 34 50 -3 15 0 0.00 M M 1.9 13 310 M M 0 19 310
16 73 37 55 2 10 0 0.00 M M 1.8 12 260 M M 2 1 17 320
17 75 41 58 5 7 0 0.00 M M 1.5 8 170 M M 0 18 14 240
18 76 42 59 7 6 0 0.00 M M 5.7 22 340 M M 4 1 30 340
19 65 33 49 -3 16 0 0.00 M M 6.2 17 330 M M 0 25 330
20 61 32 47 -5 18 0 0.00 M M 4.2 15 100 M M 0 26 80
21 69 41 55 3 10 0 0.00 M M 1.7 9 150 M M 6 14 140
22 63 42 53 2 12 0 0.30 M M 9.9 21 320 M M 4 1 31 320
23 57 30 44 -7 21 0 0.00 M M 5.3 13 330 M M 0 20 330
24 61 27 44 -7 21 0 0.00 M M 1.5 12 130 M M 0 17 120
25 67 30 49 -2 16 0 0.02 M M 2.4 12 250 M M 1 1 17 230
26 57 37 47 -4 18 0 0.06 M M 10.4 21 330 M M 4 1 28 300
27 65 30 48 -2 17 0 0.00 M M 2.9 10 270 M M 0 8 14 270
28 57 32 45 -5 20 0 0.00 0.0 M 2.9 12 310 M M 0 15 310
29 57 32 45 -5 20 0 0.00 M M 6.8 17 310 M M 0 24 330
30 66 28 47 -3 18 0 0.00 M M 1.7 13 300 M M 0 21 310
================================================================================
SM 1976 1115 396 0 0.78 0.0 113.4 M 49
================================================================================
AV 65.9 37.2 3.8 FASTST M M 2 MAX(MPH)
MISC ----> 22 340 31 320
================================================================================
NOTES:
# LAST OF SEVERAL OCCURRENCES
COLUMN 17 PEAK WIND IN M.P.H.
PRELIMINARY LOCAL CLIMATOLOGICAL DATA (WS FORM: F-6) , PAGE 2
STATION: PEACHTREE CITY
MONTH: NOVEMBER
YEAR: 2021
LATITUDE: 33 20 N
LONGITUDE: 84 34 W
[TEMPERATURE DATA] [PRECIPITATION DATA] SYMBOLS USED IN COLUMN 16
AVERAGE MONTHLY: 51.5 TOTAL FOR MONTH: 0.78 1 = FOG OR MIST
DPTR FM NORMAL: -1.7 DPTR FM NORMAL: -3.13 2 = FOG REDUCING VISIBILITY
HIGHEST: 79 ON 9 GRTST 24HR 0.32 ON 11-11 TO 1/4 MILE OR LESS
LOWEST: 27 ON 24 3 = THUNDER
SNOW, ICE PELLETS, HAIL 4 = ICE PELLETS
TOTAL MONTH: 0.0 INCH 5 = HAIL
GRTST 24HR 0.0 6 = FREEZING RAIN OR DRIZZLE
GRTST DEPTH: M ON M 7 = DUSTSTORM OR SANDSTORM:
VSBY 1/2 MILE OR LESS
8 = SMOKE OR HAZE
[NO. OF DAYS WITH] [WEATHER - DAYS WITH] 9 = BLOWING SNOW
X = TORNADO
MAX 32 OR BELOW: 0 0.01 INCH OR MORE: 5
MAX 90 OR ABOVE: 0 0.10 INCH OR MORE: 2
MIN 32 OR BELOW: 9 0.50 INCH OR MORE: 0
MIN 0 OR BELOW: 0 1.00 INCH OR MORE: 0
[HDD (BASE 65) ]
TOTAL THIS MO. 396 CLEAR (SCALE 0-3) 22
DPTR FM NORMAL 35 PTCLDY (SCALE 4-7) 7
TOTAL FM JUL 1 470 CLOUDY (SCALE 8-10) 1
DPTR FM NORMAL -14
[CDD (BASE 65) ]
TOTAL THIS MO. 0
DPTR FM NORMAL -7 [PRESSURE DATA]
TOTAL FM JAN 1 1830 HIGHEST SLP 30.49 ON 20
DPTR FM NORMAL -114 LOWEST SLP 29.93 ON 22
[REMARKS]
#FINAL-11-21#