000
CXUS55 KLMK 011240
CLMFFT
CLIMATE REPORT
NATIONAL WEATHER SERVICE LOUISVILLE KY
840 AM EDT SAT APR 01 2023
...................................
...THE FRANKFORT KY CLIMATE SUMMARY FOR THE MONTH OF MARCH 2023...
CLIMATE NORMAL PERIOD 1991 TO 2020
CLIMATE RECORD PERIOD 1895 TO 2023
WEATHER OBSERVED NORMAL DEPART LAST YEAR`S
VALUE DATE(S) VALUE FROM VALUE DATE(S)
NORMAL
................................................................
TEMPERATURE (F)
RECORD
HIGH 87 03/25/1929
LOW -10 03/06/2015
HIGHEST 80 03/01 MM MM 82 03/30
LOWEST 17 03/20 MM MM 17 03/12
AVG. MAXIMUM 57.9 57.2 0.7 60.9
AVG. MINIMUM 34.4 35.3 -0.9 36.2
MEAN 46.2 46.2 -0.0 48.6
DAYS MAX >= 90 0 0.0 0.0 0
DAYS MAX <= 32 0 0.6 -0.6 1
DAYS MIN <= 32 11 14.1 -3.1 8
DAYS MIN <= 0 0 0.0 0.0 0
PRECIPITATION (INCHES)
RECORD
MAXIMUM 13.59 1964
MINIMUM 0.18 1910
TOTALS 5.24 4.72 0.52 3.42
DAILY AVG. 0.17 0.15 0.02 0.11
DAYS >= .01 14 12.3 1.7 10
DAYS >= .10 7 7.5 -0.5 7
DAYS >= .50 4 2.7 1.3 2
DAYS >= 1.00 2 1.1 0.9 2
GREATEST
24 HR. TOTAL 2.15 03/24 TO 03/25
DEGREE DAYS
HEATING TOTAL 577 586 -9 501
SINCE 7/1 3596 4010 -414 MM
COOLING TOTAL 0 4 -4 0
SINCE 1/1 0 4 -4 MM
................................................................
WIND (MPH)
AVERAGE WIND SPEED 7.9
HIGHEST WIND SPEED/DIRECTION 47/220 DATE 03/03
HIGHEST GUST SPEED/DIRECTION 67/260 DATE 03/03
SKY COVER
POSSIBLE SUNSHINE (PERCENT) MM
AVERAGE SKY COVER 0.47
NUMBER OF DAYS FAIR 11
NUMBER OF DAYS PC 11
NUMBER OF DAYS CLOUDY 9
AVERAGE RH (PERCENT) 62
WEATHER CONDITIONS. NUMBER OF DAYS WITH
THUNDERSTORM 3 MIXED PRECIP 0
HEAVY RAIN 4 RAIN 6
LIGHT RAIN 15 FREEZING RAIN 0
LT FREEZING RAIN 0 HAIL 0
HEAVY SNOW 0 SNOW 0
LIGHT SNOW 3 SLEET 0
FOG 15 FOG W/VIS <= 1/4 MILE 0
HAZE 3
- INDICATES NEGATIVE NUMBERS.
R INDICATES RECORD WAS SET OR TIED.
MM INDICATES DATA IS MISSING.
T INDICATES TRACE AMOUNT.
$$