000
CXUS55 KLMK 012332
CLMFFT
CLIMATE REPORT
NATIONAL WEATHER SERVICE LOUISVILLE KY
732 PM EDT SUN OCT 01 2023
...................................
...THE FRANKFORT KY CLIMATE SUMMARY FOR THE MONTH OF SEPTEMBER 2023...
CLIMATE NORMAL PERIOD 1991 TO 2020
CLIMATE RECORD PERIOD 1895 TO 2023
WEATHER OBSERVED NORMAL DEPART LAST YEAR`S
VALUE DATE(S) VALUE FROM VALUE DATE(S)
NORMAL
................................................................
TEMPERATURE (F)
RECORD
HIGH 106 09/02/1953
LOW 30 09/29/1942
HIGHEST 94 09/05 MM MM 94 09/21
LOWEST 44 09/19 MM MM 38 09/28
AVG. MAXIMUM 82.7 81.1 1.6 80.3
AVG. MINIMUM 56.7 57.3 -0.6 56.7
MEAN 69.7 69.2 0.5 68.5
DAYS MAX >= 90 4 4.8 -0.8 1
DAYS MAX <= 32 0 0.0 0.0 0
DAYS MIN <= 32 0 0.0 0.0 0
DAYS MIN <= 0 0 0.0 0.0 0
PRECIPITATION (INCHES)
RECORD
MAXIMUM 11.45 1979
MINIMUM T 1895
TOTALS 1.88 3.35 -1.47 3.09
DAILY AVG. 0.06 0.11 -0.05 0.10
DAYS >= .01 7 9.4 -2.4 5
DAYS >= .10 2 4.9 -2.9 3
DAYS >= .50 2 2.1 -0.1 2
DAYS >= 1.00 1 1.0 0.0 2
GREATEST
24 HR. TOTAL 1.07 09/27 TO 09/28
DEGREE DAYS
HEATING TOTAL 7 40 -33 47
SINCE 7/1 7 40 -33 MM
COOLING TOTAL 156 166 -10 160
SINCE 1/1 1092 1297 -205 MM
................................................................
WIND (MPH)
AVERAGE WIND SPEED 3.5
HIGHEST WIND SPEED/DIRECTION 17/220 DATE 09/06
HIGHEST GUST SPEED/DIRECTION 26/240 DATE 09/06
SKY COVER
POSSIBLE SUNSHINE (PERCENT) MM
AVERAGE SKY COVER 0.24
NUMBER OF DAYS FAIR 23
NUMBER OF DAYS PC 6
NUMBER OF DAYS CLOUDY 1
AVERAGE RH (PERCENT) 71
WEATHER CONDITIONS. NUMBER OF DAYS WITH
THUNDERSTORM 3 MIXED PRECIP 0
HEAVY RAIN 2 RAIN 2
LIGHT RAIN 9 FREEZING RAIN 0
LT FREEZING RAIN 0 HAIL 0
HEAVY SNOW 0 SNOW 0
LIGHT SNOW 0 SLEET 0
FOG 15 FOG W/VIS <= 1/4 MILE 2
HAZE 2
- INDICATES NEGATIVE NUMBERS.
R INDICATES RECORD WAS SET OR TIED.
MM INDICATES DATA IS MISSING.
T INDICATES TRACE AMOUNT.
$$