000
CXUS53 KFGF 010815
CF6FGF
PRELIMINARY LOCAL CLIMATOLOGICAL DATA (WS FORM: F-6)
STATION: GRAND FORKS UNIV. (NWS) ND
MONTH: JULY
YEAR: 2022
LATITUDE: 47 55 N
LONGITUDE: 97 6 W
TEMPERATURE IN F: :PCPN: SNOW: WIND :SUNSHINE: SKY :PK WND
================================================================================
1 2 3 4 5 6A 6B 7 8 9 10 11 12 13 14 15 16 17 18
12Z AVG MX 2MIN
DY MAX MIN AVG DEP HDD CDD WTR SNW DPTH SPD SPD DIR MIN PSBL S-S WX SPD DR
================================================================================
1 79 56 68 -1 0 3 0.00 0.0 0 M M M M M M M M
2 75 53 64 -5 1 0 0.00 0.0 0 M M M M M M M M
3 83 61 72 3 0 7 0.00 0.0 0 M M M M M M M M
4 85 69 77 8 0 12 0.00 0.0 0 M M M M M M M M
5 78 65 72 3 0 7 0.00 0.0 0 M M M M M M M M
6 84 64 74 5 0 9 0.00 0.0 0 M M M M M M M M
7 77 61 69 0 0 4 0.00 0.0 0 M M M M M M M M
8 81 59 70 1 0 5 0.00 0.0 0 M M M M M M M M
9 88 65 77 7 0 12 0.00 0.0 0 M M M M M M M M
10 86 65 76 6 0 11 0.30 0.0 0 M M M M M M 3 M M
11 82 62 72 2 0 7 0.02 0.0 0 M M M M M M M M
12 83 60 72 2 0 7 0.00 0.0 0 M M M M M M M M
13 82 56 69 -1 0 4 0.00 0.0 0 M M M M M M M M
14 77 62 70 0 0 5 0.99 0.0 0 M M M M M M M M
15 86 61 74 4 0 9 0.00 0.0 0 M M M M M M M M
16 83 66 75 5 0 10 0.10 0.0 0 M M M M M M M M
17 94 67 81 11 0 16 0.00 0.0 0 M M M M M M M M
18 92 73 83 13 0 18 0.03 0.0 0 M M M M M M 3 M M
19 82 63 73 3 0 8 0.30 0.0 0 M M M M M M 3 M M
20 87 65 76 6 0 11 0.00 0.0 0 M M M M M M 8 M M
21 85 59 72 2 0 7 0.00 0.0 0 M M M M M M M M
22 88 63 76 6 0 11 0.40 0.0 0 M M M M M M 3 M M
23 78 63 71 1 0 6 0.86 0.0 0 M M M M M M M M
24 71 55 63 -7 2 0 0.03 0.0 0 M M M M M M M M
25 79 52 66 -4 0 1 0.00 0.0 0 M M M M M M M M
26 79 64 72 2 0 7 0.07 0.0 0 M M M M M M 3 M M
27 74 55 65 -5 0 0 0.00 0.0 0 M M M M M M M M
28 74 54 64 -6 1 0 0.01 0.0 0 M M M M M M M M
29 81 54 68 -2 0 3 0.00 0.0 0 M M M M M M M M
30 87 57 72 2 0 7 0.00 0.0 0 M M M M M M M M
31 77 60 69 -1 0 4 0.03 0.0 0 M M M M M M M M
================================================================================
SM 2537 1889 4 211 3.14 0.0 M M M
================================================================================
AV 81.8 60.9 M FASTST M M M MAX(MPH)
MISC ----> M M M M
================================================================================
NOTES:
# LAST OF SEVERAL OCCURRENCES
COLUMN 17 PEAK WIND IN M.P.H.
PRELIMINARY LOCAL CLIMATOLOGICAL DATA (WS FORM: F-6) , PAGE 2
STATION: GRAND FORKS UNIV. (NWS) ND
MONTH: JULY
YEAR: 2022
LATITUDE: 47 55 N
LONGITUDE: 97 6 W
[TEMPERATURE DATA] [PRECIPITATION DATA] SYMBOLS USED IN COLUMN 16
AVERAGE MONTHLY: 71.4 TOTAL FOR MONTH: 3.14 1 = FOG OR MIST
DPTR FM NORMAL: 1.6 DPTR FM NORMAL: -0.03 2 = FOG REDUCING VISIBILITY
HIGHEST: 94 ON 17 GRTST 24HR 0.99 ON 14-14 TO 1/4 MILE OR LESS
LOWEST: 52 ON 25 3 = THUNDER
SNOW, ICE PELLETS, HAIL 4 = ICE PELLETS
TOTAL MONTH: 0.0 INCH 5 = HAIL
GRTST 24HR 0.0 6 = FREEZING RAIN OR DRIZZLE
GRTST DEPTH: 0 7 = DUSTSTORM OR SANDSTORM:
VSBY 1/2 MILE OR LESS
8 = SMOKE OR HAZE
[NO. OF DAYS WITH] [WEATHER - DAYS WITH] 9 = BLOWING SNOW
X = TORNADO
MAX 32 OR BELOW: 0 0.01 INCH OR MORE: 12
MAX 90 OR ABOVE: 2 0.10 INCH OR MORE: 6
MIN 32 OR BELOW: 0 0.50 INCH OR MORE: 2
MIN 0 OR BELOW: 0 1.00 INCH OR MORE: 0
[HDD (BASE 65) ]
TOTAL THIS MO. 4 CLEAR (SCALE 0-3) 0
DPTR FM NORMAL -19 PTCLDY (SCALE 4-7) 0
TOTAL FM JUL 1 4 CLOUDY (SCALE 8-10) 31
DPTR FM NORMAL -19
[CDD (BASE 65) ]
TOTAL THIS MO. 211
DPTR FM NORMAL 40 [PRESSURE DATA]
TOTAL FM JAN 1 361 HIGHEST SLP M ON M
DPTR FM NORMAL 73 LOWEST SLP M ON M
[REMARKS]
#FINAL-07-22#