000
CXUS53 KFGF 010815
CF6FGF
PRELIMINARY LOCAL CLIMATOLOGICAL DATA (WS FORM: F-6)
STATION: GRAND FORKS UNIV. (NWS) ND
MONTH: SEPTEMBER
YEAR: 2021
LATITUDE: 47 55 N
LONGITUDE: 97 6 W
TEMPERATURE IN F: :PCPN: SNOW: WIND :SUNSHINE: SKY :PK WND
================================================================================
1 2 3 4 5 6A 6B 7 8 9 10 11 12 13 14 15 16 17 18
12Z AVG MX 2MIN
DY MAX MIN AVG DEP HDD CDD WTR SNW DPTH SPD SPD DIR MIN PSBL S-S WX SPD DR
================================================================================
1 78 59 69 5 0 4 0.00 0.0 0 M M M M M M M M
2 70 61 66 2 0 1 0.73 0.0 0 M M M M M M M M
3 77 60 69 5 0 4 0.00 0.0 0 M M M M M M M M
4 78 55 67 4 0 2 T 0.0 0 M M M M M M M M
5 76 48 62 -1 3 0 0.00 0.0 0 M M M M M M M M
6 83 54 69 7 0 4 0.00 0.0 0 M M M M M M M M
7 78 55 67 5 0 2 0.00 0.0 0 M M M M M M M M
8 75 51 63 2 2 0 0.00 0.0 0 M M M M M M M M
9 74 47 61 0 4 0 0.00 0.0 0 M M M M M M M M
10 87 55 71 11 0 6 0.00 0.0 0 M M M M M M 8 M M
11 70 52 61 1 4 0 0.01 0.0 0 M M M M M M M M
12 69 52 61 1 4 0 T 0.0 0 M M M M M M M M
13 68 53 61 2 4 0 0.15 0.0 0 M M M M M M M M
14 74 50 62 3 3 0 0.00 0.0 0 M M M M M M M M
15 72 46 59 1 6 0 0.02 0.0 0 M M M M M M M M
16 66 53 60 2 5 0 0.00 0.0 0 M M M M M M M M
17 68 47 58 1 7 0 0.00 0.0 0 M M M M M M M M
18 79 46 63 6 2 0 0.00 0.0 0 M M M M M M M M
19 82 66 74 18 0 9 0.00 0.0 0 M M M M M M M M
20 66 52 59 3 6 0 0.35 0.0 0 M M M M M M M M
21 69 44 57 1 8 0 0.02 0.0 0 M M M M M M M M
22 76 45 61 6 4 0 0.00 0.0 0 M M M M M M M M
23 78 50 64 9 1 0 0.00 0.0 0 M M M M M M M M
24 64 46 55 1 10 0 T 0.0 0 M M M M M M M M
25 79 42 61 7 4 0 0.00 0.0 0 M M M M M M M M
26 81 53 67 14 0 2 0.00 0.0 0 M M M M M M M M
27 79 41 60 7 5 0 0.00 0.0 0 M M M M M M M M
28 91 57 74 22 0 9 0.00 0.0 0 M M M M M M M M
29 87 62 75 23 0 10 0.00 0.0 0 M M M M M M M M
30 78 58 68 16 0 3 0.00 0.0 0 M M M M M M M M
================================================================================
SM 2272 1560 82 56 1.28 0.0 M M M
================================================================================
AV 75.7 52.0 M FASTST M M M MAX(MPH)
MISC ----> M M M M
================================================================================
NOTES:
# LAST OF SEVERAL OCCURRENCES
COLUMN 17 PEAK WIND IN M.P.H.
PRELIMINARY LOCAL CLIMATOLOGICAL DATA (WS FORM: F-6) , PAGE 2
STATION: GRAND FORKS UNIV. (NWS) ND
MONTH: SEPTEMBER
YEAR: 2021
LATITUDE: 47 55 N
LONGITUDE: 97 6 W
[TEMPERATURE DATA] [PRECIPITATION DATA] SYMBOLS USED IN COLUMN 16
AVERAGE MONTHLY: 63.9 TOTAL FOR MONTH: 1.28 1 = FOG OR MIST
DPTR FM NORMAL: 5.9 DPTR FM NORMAL: -0.77 2 = FOG REDUCING VISIBILITY
HIGHEST: 91 ON 28 GRTST 24HR 0.73 ON 2- 2 TO 1/4 MILE OR LESS
LOWEST: 41 ON 27 3 = THUNDER
SNOW, ICE PELLETS, HAIL 4 = ICE PELLETS
TOTAL MONTH: 0.0 INCH 5 = HAIL
GRTST 24HR 0.0 6 = FREEZING RAIN OR DRIZZLE
GRTST DEPTH: 0 7 = DUSTSTORM OR SANDSTORM:
VSBY 1/2 MILE OR LESS
8 = SMOKE OR HAZE
[NO. OF DAYS WITH] [WEATHER - DAYS WITH] 9 = BLOWING SNOW
X = TORNADO
MAX 32 OR BELOW: 0 0.01 INCH OR MORE: 6
MAX 90 OR ABOVE: 1 0.10 INCH OR MORE: 3
MIN 32 OR BELOW: 0 0.50 INCH OR MORE: 1
MIN 0 OR BELOW: 0 1.00 INCH OR MORE: 0
[HDD (BASE 65) ]
TOTAL THIS MO. 82 CLEAR (SCALE 0-3) 0
DPTR FM NORMAL -158 PTCLDY (SCALE 4-7) 0
TOTAL FM JUL 1 97 CLOUDY (SCALE 8-10) 30
DPTR FM NORMAL -209
[CDD (BASE 65) ]
TOTAL THIS MO. 56
DPTR FM NORMAL 26 [PRESSURE DATA]
TOTAL FM JAN 1 790 HIGHEST SLP M ON M
DPTR FM NORMAL 328 LOWEST SLP M ON M
[REMARKS]
#FINAL-09-21#