000
CXUS53 KMKX 010910
CF6FLD
PRELIMINARY LOCAL CLIMATOLOGICAL DATA (WS FORM: F-6)
STATION: FOND_DU_LAC WI
MONTH: FEBRUARY
YEAR: 2022
LATITUDE: 43 46 N
LONGITUDE: 88 29 W
TEMPERATURE IN F: :PCPN: SNOW: WIND :SUNSHINE: SKY :PK WND
================================================================================
1 2 3 4 5 6A 6B 7 8 9 10 11 12 13 14 15 16 17 18
12Z AVG MX 2MIN
DY MAX MIN AVG DEP HDD CDD WTR SNW DPTH SPD SPD DIR MIN PSBL S-S WX SPD DR
================================================================================
1 43 20 32 13 33 0 0.00 M M 13.9 28 170 M M 1 37 170
2 20 11 16 -3 49 0 0.00 M M 13.0 20 330 M M 3 28 320
3 15 1 8 -11 57 0 0.00 M M 11.4 20 10 M M 0 26 10
4 19 0 10 -9 55 0 T M M 5.5 13 310 M M 6 8 17 310
5 20 -3 9 -10 56 0 T M M 12.2 24 190 M M 3 34 200
6 37 19 28 8 37 0 0.00 M M 10.5 20 320 M M 6 1 28 200
7 26 15 21 1 44 0 T M M 9.2 17 330 M M 6 22 300
8 41 17 29 9 36 0 0.00 M M 10.2 20 180 M M 3 26 180
9 40 28 34 14 31 0 T M M 11.3 23 320 M M 9 31 320
10 31 22 27 7 38 0 0.02 M M 14.0 26 200 M M 9 1 40 190
11 41 13 27 6 38 0 0.07 M M 14.2 26 330 M M 10 1 36 330
12 14 6 10 -11 55 0 0.00 M M 8.4 22 330 M M 3 29 340
13 16 4 10 -11 55 0 T M M 6.7 17 40 M M 5 21 340
14 21 8 15 -7 50 0 0.00 M M 4.2 12 290 M M 6 8 15 290
15 37 4 21 -1 44 0 0.00 M M 10.5 24 160 M M 3 34 130
16 46 31 39 17 26 0 T M M 12.4 23 180 M M 6 33 190
17 32 8 20 -2 45 0 0.00 M M 12.9 21 340 M M 7 29 340
18 36 0 18 -5 47 0 0.01 M M 18.1 38 290 M M 5 1 56 270
19 18 1 10 -13 55 0 0.00 M M 15.7 26 310 M M 1 39 200
20 51 18 35 11 30 0 0.00 M M 15.6 29 220 M M 0 46 230
21 33 21 27 3 38 0 0.01 M M 16.0 25 60 M M 10 16 32 50
22 21 14 18 -6 47 0 0.10 M M 16.1 26 10 M M 10 1238 34 10
23 21 8 15 -10 50 0 T M M 7.7 17 300 M M 1 23 290
24 23 15 19 -6 46 0 0.16 M M 11.8 22 50 M M 10 18 31 50
25 24 10 17 -8 48 0 T M M 7.9 18 10 M M 5 26 360
26 30 5 18 -8 47 0 0.00 M M 12.2 21 220 M M 0 32 210
27 36 18 27 1 38 0 0.00 M M 7.6 18 310 M M 1 24 320
28 45 17 31 5 34 0 0.00 M M 7.4 17 180 M M 4 23 170
================================================================================
SM 837 331 1229 0 0.37 M 316.6 M 133
================================================================================
AV 29.9 11.8 11.3 FASTST M M 5 MAX(MPH)
MISC ----> 38 290 56 270
================================================================================
NOTES:
# LAST OF SEVERAL OCCURRENCES
COLUMN 17 PEAK WIND IN M.P.H.
PRELIMINARY LOCAL CLIMATOLOGICAL DATA (WS FORM: F-6) , PAGE 2
STATION: FOND_DU_LAC WI
MONTH: FEBRUARY
YEAR: 2022
LATITUDE: 43 46 N
LONGITUDE: 88 29 W
[TEMPERATURE DATA] [PRECIPITATION DATA] SYMBOLS USED IN COLUMN 16
AVERAGE MONTHLY: 20.9 TOTAL FOR MONTH: 0.37 1 = FOG OR MIST
DPTR FM NORMAL: -1.1 DPTR FM NORMAL: -0.32 2 = FOG REDUCING VISIBILITY
HIGHEST: 51 ON 20 GRTST 24HR 0.16 ON 24-24 TO 1/4 MILE OR LESS
LOWEST: -3 ON 5 3 = THUNDER
SNOW, ICE PELLETS, HAIL 4 = ICE PELLETS
TOTAL MONTH: M 5 = HAIL
GRTST 24HR M ON M 6 = FREEZING RAIN OR DRIZZLE
GRTST DEPTH: M ON M 7 = DUSTSTORM OR SANDSTORM:
VSBY 1/2 MILE OR LESS
8 = SMOKE OR HAZE
[NO. OF DAYS WITH] [WEATHER - DAYS WITH] 9 = BLOWING SNOW
X = TORNADO
MAX 32 OR BELOW: 16 0.01 INCH OR MORE: 6
MAX 90 OR ABOVE: 0 0.10 INCH OR MORE: 2
MIN 32 OR BELOW: 28 0.50 INCH OR MORE: 0
MIN 0 OR BELOW: 3 1.00 INCH OR MORE: 0
[HDD (BASE 65) ]
TOTAL THIS MO. 1229 CLEAR (SCALE 0-3) 10
DPTR FM NORMAL 27 PTCLDY (SCALE 4-7) 12
TOTAL FM JUL 1 4873 CLOUDY (SCALE 8-10) 6
DPTR FM NORMAL -507
[CDD (BASE 65) ]
TOTAL THIS MO. 0
DPTR FM NORMAL 0 [PRESSURE DATA]
TOTAL FM JAN 1 0 HIGHEST SLP 30.65 ON 3
DPTR FM NORMAL 0 LOWEST SLP 29.34 ON 11
[REMARKS]
#FINAL-02-22#