000
CXUS52 KMFL 011347
CF6FLL
PRELIMINARY LOCAL CLIMATOLOGICAL DATA (WS FORM: F-6)
STATION: FORT LAUDERDALE
MONTH: AUGUST
YEAR: 2022
LATITUDE: 26 4 N
LONGITUDE: 80 9 W
TEMPERATURE IN F: :PCPN: SNOW: WIND :SUNSHINE: SKY :PK WND
================================================================================
1 2 3 4 5 6A 6B 7 8 9 10 11 12 13 14 15 16 17 18
12Z AVG MX 2MIN
DY MAX MIN AVG DEP HDD CDD WTR SNW DPTH SPD SPD DIR MIN PSBL S-S WX SPD DR
================================================================================
1 90 81 86 2 0 21 T 0.0 0 11.3 21 140 M M 5 3 27 140
2 93 77 85 1 0 20 0.00 0.0 0 8.4 21 350 M M 4 3 26 10
3 90 77 84 0 0 19 0.00 0.0 0 8.7 16 110 M M 5 21 110
4 90 81 86 2 0 21 0.00 M M 11.4 17 90 M M 4 3 24 130
5 90 78 84 0 0 19 0.10 0.0 0 11.9 28 100 M M 5 18 34 100
6 91 77 84 0 0 19 0.07 0.0 0 15.1 23 110 M M 5 1 32 100
7 89 82 86 2 0 21 0.20 0.0 0 13.3 25 90 M M 5 138 30 90
8 90 80 85 1 0 20 T 0.0 0 12.9 20 110 M M 6 3 24 100
9 91 83 87 3 0 22 0.00 0.0 0 14.8 22 120 M M 7 3 27 130
10 91 83 87 3 0 22 0.00 0.0 0 12.9 22 90 M M 4 27 110
11 90 83 87 3 0 22 0.00 M M 10.9 16 110 M M 5 21 110
12 89 77 83 -1 0 18 0.09 M M 9.6 24 140 M M 6 35 140
13 89 78 84 0 0 19 0.03 0.0 0 4.1 14 290 M M 6 38 19 280
14 90 75 83 -1 0 18 0.40 0.0 0 4.0 17 120 M M 6 13 22 270
15 90 77 84 0 0 19 0.15 0.0 M 4.5 16 140 M M 4 3 22 140
16 92 76 84 0 0 19 0.50 0.0 M 5.6 30 260 M M 4 123 36 250
17 94 79 87 3 0 22 0.00 0.0 0 6.0 16 140 M M 4 3 19 140
18 93 80 87 3 0 22 0.00 0.0 0 7.1 18 160 M M 5 3 23 160
19 93 81 87 3 0 22 0.00 0.0 0 7.2 17 120 M M 3 23 130
20 93 81 87 3 0 22 T 0.0 0 12.7 23 90 M M 5 8 29 100
21 91 84 88 4 0 23 0.00 0.0 0 12.0 18 90 M M 4 28 130
22 91 84 88 4 0 23 0.00 0.0 0 10.2 17 100 M M 5 22 100
23 92 83 88 4 0 23 T 0.0 0 8.2 15 120 M M 5 3 20 110
24 92 83 88 4 0 23 0.00 0.0 0 8.3 20 100 M M 5 22 90
25 92 84 88 4 0 23 0.00 0.0 0 9.0 20 130 M M 5 28 130
26 92 82 87 3 0 22 0.00 0.0 0 7.1 15 120 M M 4 3 19 150
27 92 80 86 2 0 21 0.00 0.0 0 4.7 14 140 M M 6 3 19 100
28 91 80 86 2 0 21 0.00 0.0 0 7.8 21 130 M M 6 38 25 140
29 90 77 84 1 0 19 T 0.0 0 9.8 29 140 M M 7 1 34 150
30 91 83 87 4 0 22 0.00 0.0 0 9.7 18 130 M M 5 24 130
31 92 80 86 3 0 21 0.00 0.0 0 6.5 18 240 M M 4 3 24 260
================================================================================
SM 2824 2486 0 648 1.54 0.0 285.7 M 154
================================================================================
AV 91.1 80.2 9.2 FASTST M M 5 MAX(MPH)
MISC ----> 30 260 36 250
================================================================================
NOTES:
# LAST OF SEVERAL OCCURRENCES
COLUMN 17 PEAK WIND IN M.P.H.
PRELIMINARY LOCAL CLIMATOLOGICAL DATA (WS FORM: F-6) , PAGE 2
STATION: FORT LAUDERDALE
MONTH: AUGUST
YEAR: 2022
LATITUDE: 26 4 N
LONGITUDE: 80 9 W
[TEMPERATURE DATA] [PRECIPITATION DATA] SYMBOLS USED IN COLUMN 16
AVERAGE MONTHLY: 85.6 TOTAL FOR MONTH: 1.54 1 = FOG OR MIST
DPTR FM NORMAL: 1.6 DPTR FM NORMAL: -6.35 2 = FOG REDUCING VISIBILITY
HIGHEST: 94 ON 17 GRTST 24HR 0.50 ON 16-16 TO 1/4 MILE OR LESS
LOWEST: 75 ON 14 3 = THUNDER
SNOW, ICE PELLETS, HAIL 4 = ICE PELLETS
TOTAL MONTH: 0.0 INCH 5 = HAIL
GRTST 24HR 0.0 6 = FREEZING RAIN OR DRIZZLE
GRTST DEPTH: 0 7 = DUSTSTORM OR SANDSTORM:
VSBY 1/2 MILE OR LESS
8 = SMOKE OR HAZE
[NO. OF DAYS WITH] [WEATHER - DAYS WITH] 9 = BLOWING SNOW
X = TORNADO
MAX 32 OR BELOW: 0 0.01 INCH OR MORE: 8
MAX 90 OR ABOVE: 28 0.10 INCH OR MORE: 5
MIN 32 OR BELOW: 0 0.50 INCH OR MORE: 1
MIN 0 OR BELOW: 0 1.00 INCH OR MORE: 0
[HDD (BASE 65) ]
TOTAL THIS MO. 0 CLEAR (SCALE 0-3) 1
DPTR FM NORMAL 0 PTCLDY (SCALE 4-7) 30
TOTAL FM JUL 1 0 CLOUDY (SCALE 8-10) 0
DPTR FM NORMAL 0
[CDD (BASE 65) ]
TOTAL THIS MO. 648
DPTR FM NORMAL 61 [PRESSURE DATA]
TOTAL FM JAN 1 3407 HIGHEST SLP 30.19 ON 10
DPTR FM NORMAL 339 LOWEST SLP 29.87 ON 27
[REMARKS]
#FINAL-08-22#