000
CXUS54 KLZK 011330
CF6FLP
PRELIMINARY LOCAL CLIMATOLOGICAL DATA (WS FORM: F-6)
STATION: FLIPPIN
MONTH: FEBRUARY
YEAR: 2023
LATITUDE: 36 17 N
LONGITUDE: 92 28 W
TEMPERATURE IN F: :PCPN: SNOW: WIND :SUNSHINE: SKY :PK WND
================================================================================
1 2 3 4 5 6A 6B 7 8 9 10 11 12 13 14 15 16 17 18
12Z AVG MX 2MIN
DY MAX MIN AVG DEP HDD CDD WTR SNW DPTH SPD SPD DIR MIN PSBL S-S WX SPD DR
================================================================================
1 34 21 28 M 37 0 0.35 M M 1.8 7 360 M M 3 M M
2 43 27 35 M 30 0 0.00 M M 1.0 5 280 M M 4 M M
3 42 25 34 M 31 0 0.00 M M 4.7 8 10 M M 0 M M
4 52 25 39 M 26 0 0.00 M M 4.7 10 180 M M 0 21 180
5 64 34 49 M 16 0 0.00 M M 3.3 9 290 M M 0 M M
6 66 29 48 M 17 0 0.00 M M 5.1 15 170 M M 4 25 170
7 60 44 52 M 13 0 0.11 M M 5.3 13 310 M M 9 1 16 300
8 55 42 49 M 16 0 2.25 M M 5.0 13 100 M M 10 13 32 220
9 56 37 47 M 18 0 0.00 M M 10.0 22 250 M M 7 36 270
10 42 32 37 M 28 0 0.00 M M 5.9 9 340 M M 9 M M
11 53 24 39 M 26 0 0.00 M M 3.1 7 10 M M 0 M M
12 63 21 42 M 23 0 0.00 M M 2.0 6 99 M M 0 M M
13 66 31 49 M 16 0 0.00 M M 2.7 9 310 M M 0 M M
14 60 49 55 M 10 0 0.20 M M 8.2 26 250 M M 4 1 39 250
15 76 40 58 M 7 0 T M M 3.7 10 160 M M 3 17 160
16 60 29 45 M 20 0 0.25 M M 10.8 18 300 M M 10 13 29 300
17 45 25 35 M 30 0 0.00 M M 7.3 12 350 M M 3 18 310
18 57 19 38 M 27 0 0.00 M M 3.8 7 99 M M 1 20 180
19 66 30 48 M 17 0 0.00 M M 5.0 15 230 M M 0 23 230
20 71 44 58 M 7 0 0.00 M M 3.6 12 30 M M 1 16 30
21 62 36 49 M 16 0 0.00 M M 3.9 9 140 M M 0 16 140
22 73 49 61 M 4 0 0.18 M M 8.0 23 270 M M 4 1 37 280
23 54 36 45 M 20 0 T M M 6.8 13 300 M M 4 30 320
24 47 28 38 M 27 0 0.00 M M 6.5 12 40 M M 5 17 60
25 59 42 51 M 14 0 0.00 M M 1.6 6 140 M M 9 8 M M
26 64 48 56 M 9 0 0.27 M M 3.3 12 170 M M 10 13 23 170
27 74 49 62 M 3 0 0.06 M M 13.1 24 250 M M 3 8 47 240
28 80 38 59 M 6 0 M M M 4.9 16 220 M M 0 26 220
================================================================================
SM 1644 954 514 0 3.67 M 144.9 M 103
================================================================================
AV 58.7 34.1 5.2 FASTST M M 4 MAX(MPH)
MISC ----> 26 250 47 240
================================================================================
NOTES:
# LAST OF SEVERAL OCCURRENCES
COLUMN 17 PEAK WIND IN M.P.H.
PRELIMINARY LOCAL CLIMATOLOGICAL DATA (WS FORM: F-6) , PAGE 2
STATION: FLIPPIN
MONTH: FEBRUARY
YEAR: 2023
LATITUDE: 36 17 N
LONGITUDE: 92 28 W
[TEMPERATURE DATA] [PRECIPITATION DATA] SYMBOLS USED IN COLUMN 16
AVERAGE MONTHLY: 46.4 TOTAL FOR MONTH: 3.67 1 = FOG OR MIST
DPTR FM NORMAL: 0.0 DPTR FM NORMAL: 3.67 2 = FOG REDUCING VISIBILITY
HIGHEST: 80 ON 28 GRTST 24HR 2.27 ON 7- 8 TO 1/4 MILE OR LESS
LOWEST: 19 ON 18 3 = THUNDER
SNOW, ICE PELLETS, HAIL 4 = ICE PELLETS
TOTAL MONTH: M 5 = HAIL
GRTST 24HR M ON M 6 = FREEZING RAIN OR DRIZZLE
GRTST DEPTH: M ON M 7 = DUSTSTORM OR SANDSTORM:
VSBY 1/2 MILE OR LESS
8 = SMOKE OR HAZE
[NO. OF DAYS WITH] [WEATHER - DAYS WITH] 9 = BLOWING SNOW
X = TORNADO
MAX 32 OR BELOW: 0 0.01 INCH OR MORE: 8
MAX 90 OR ABOVE: 0 0.10 INCH OR MORE: 7
MIN 32 OR BELOW: 14 0.50 INCH OR MORE: 1
MIN 0 OR BELOW: 0 1.00 INCH OR MORE: 1
[HDD (BASE 65) ]
TOTAL THIS MO. 514 CLEAR (SCALE 0-3) 15
DPTR FM NORMAL M PTCLDY (SCALE 4-7) 7
TOTAL FM JUL 1 2516 CLOUDY (SCALE 8-10) 6
DPTR FM NORMAL M
[CDD (BASE 65) ]
TOTAL THIS MO. 0
DPTR FM NORMAL M [PRESSURE DATA]
TOTAL FM JAN 1 0 HIGHEST SLP 30.65 ON 3
DPTR FM NORMAL M LOWEST SLP 29.38 ON 27
[REMARKS]
#FINAL-02-23#