000
CXUS52 KTBW 041653
CF6FMY
PRELIMINARY LOCAL CLIMATOLOGICAL DATA (WS FORM: F-6)
STATION: FORT MYERS
MONTH: JULY
YEAR: 2022
LATITUDE: 26 34 N
LONGITUDE: 81 52 W
TEMPERATURE IN F: :PCPN: SNOW: WIND :SUNSHINE: SKY :PK WND
================================================================================
1 2 3 4 5 6A 6B 7 8 9 10 11 12 13 14 15 16 17 18
12Z AVG MX 2MIN
DY MAX MIN AVG DEP HDD CDD WTR SNW DPTH SPD SPD DIR MIN PSBL S-S WX SPD DR
================================================================================
1 93 73 83 0 0 18 3.94 0.0 0 5.4 23 360 M M 4 123 31 340
2 92 76 84 1 0 19 0.50 0.0 0 4.0 20 90 M M 2 13 27 80
3 95 74 85 2 0 20 1.08 0.0 0 5.7 31 110 M M 3 13 44 120
4 95 77 86 3 0 21 0.00 0.0 0 5.0 21 110 M M 1 28 90
5 96 78 87 4 0 22 0.04 0.0 0 4.6 16 140 M M 2 3 24 130
6 93 79 86 3 0 21 0.04 0.0 0 5.7 17 120 M M 2 3 22 130
7 93 77 85 2 0 20 0.52 0.0 0 4.5 28 150 M M 3 138 46 170
8 94 77 86 3 0 21 0.00 0.0 0 3.7 14 160 M M 2 3 19 90
9 93 78 86 3 0 21 T 0.0 0 6.0 17 250 M M 2 24 240
10 92 78 85 2 0 20 0.21 0.0 0 6.8 23 210 M M 3 3 31 220
11 92 81 87 4 0 22 0.23 0.0 0 7.7 24 210 M M 2 8 36 220
12 94 80 87 4 0 22 0.00 0.0 0 6.0 14 270 M M 1 3 18 240
13 96 76 86 3 0 21 0.36 0.0 0 4.7 26 130 M M 2 3 42 130
14 95 76 86 3 0 21 0.14 0.0 0 3.9 20 150 M M 1 3 31 200
15 93 74 84 1 0 19 0.39 0.0 0 5.8 24 70 M M 2 3 31 70
16 90 75 83 0 0 18 T 0.0 0 6.5 24 160 M M 2 38 36 140
17 88 75 82 -1 0 17 0.06 0.0 0 5.3 15 250 M M 1 38 21 240
18 93 78 86 3 0 21 0.01 0.0 0 6.1 16 240 M M 1 3 22 240
19 94 79 87 4 0 22 0.00 0.0 0 4.6 13 240 M M 1 21 230
20 97 80 89 6 0 24 0.05 0.0 0 4.0 14 210 M M 3 3 22 310
21 93 76 85 2 0 20 0.93 0.0 0 4.0 21 100 M M 2 38 32 310
22 94 77 86 3 0 21 0.06 0.0 0 6.1 22 110 M M 1 13 28 110
23 94 76 85 2 0 20 0.03 0.0 0 5.1 22 150 M M 2 3 37 100
24 95 76 86 3 0 21 0.41 0.0 0 5.8 31 110 M M 2 3 54 140
25 92 78 85 2 0 20 0.16 0.0 0 6.3 20 160 M M 1 3 27 150
26 91 78 85 2 0 20 T 0.0 0 7.5 21 110 M M 1 3 30 110
27 91 76 84 1 0 19 0.05 0.0 0 5.5 17 110 M M 2 3 24 130
28 96 77 87 4 0 22 0.00 0.0 0 5.0 10 130 M M 2 17 130
29 97 77 87 3 0 22 0.29 0.0 0 7.1 21 250 M M 1 13 27 210
30 95 77 86 2 0 21 0.02 0.0 0 6.9 25 120 M M 2 36 120
31 95 78 87 3 0 22 T 0.0 0 7.7 16 110 M M 2 23 120
================================================================================
SM 2901 2387 0 638 9.52 0.0 173.0 M 58
================================================================================
AV 93.6 77.0 5.6 FASTST M M 2 MAX(MPH)
MISC ----> # 31 110 54 140
================================================================================
NOTES:
# LAST OF SEVERAL OCCURRENCES
COLUMN 17 PEAK WIND IN M.P.H.
PRELIMINARY LOCAL CLIMATOLOGICAL DATA (WS FORM: F-6) , PAGE 2
STATION: FORT MYERS
MONTH: JULY
YEAR: 2022
LATITUDE: 26 34 N
LONGITUDE: 81 52 W
[TEMPERATURE DATA] [PRECIPITATION DATA] SYMBOLS USED IN COLUMN 16
AVERAGE MONTHLY: 85.3 TOTAL FOR MONTH: 9.52 1 = FOG OR MIST
DPTR FM NORMAL: 2.1 DPTR FM NORMAL: 0.14 2 = FOG REDUCING VISIBILITY
HIGHEST: 97 ON 29,20 GRTST 24HR 4.40 ON 30- 1 TO 1/4 MILE OR LESS
LOWEST: 73 ON 1 3 = THUNDER
SNOW, ICE PELLETS, HAIL 4 = ICE PELLETS
TOTAL MONTH: 0.0 INCH 5 = HAIL
GRTST 24HR 0.0 6 = FREEZING RAIN OR DRIZZLE
GRTST DEPTH: 0 7 = DUSTSTORM OR SANDSTORM:
VSBY 1/2 MILE OR LESS
8 = SMOKE OR HAZE
[NO. OF DAYS WITH] [WEATHER - DAYS WITH] 9 = BLOWING SNOW
X = TORNADO
MAX 32 OR BELOW: 0 0.01 INCH OR MORE: 22
MAX 90 OR ABOVE: 30 0.10 INCH OR MORE: 13
MIN 32 OR BELOW: 0 0.50 INCH OR MORE: 5
MIN 0 OR BELOW: 0 1.00 INCH OR MORE: 2
[HDD (BASE 65) ]
TOTAL THIS MO. 0 CLEAR (SCALE 0-3) 28
DPTR FM NORMAL 0 PTCLDY (SCALE 4-7) 3
TOTAL FM JUL 1 0 CLOUDY (SCALE 8-10) 0
DPTR FM NORMAL 0
[CDD (BASE 65) ]
TOTAL THIS MO. 638
DPTR FM NORMAL 75 [PRESSURE DATA]
TOTAL FM JAN 1 2697 HIGHEST SLP 30.19 ON 31
DPTR FM NORMAL 486 LOWEST SLP 29.92 ON 11
[REMARKS]
#FINAL-07-22#