000
CXUS52 KTBW 020049
CF6FMY
PRELIMINARY LOCAL CLIMATOLOGICAL DATA (WS FORM: F-6)
STATION: FORT MYERS
MONTH: MARCH
YEAR: 2022
LATITUDE: 26 34 N
LONGITUDE: 81 52 W
TEMPERATURE IN F: :PCPN: SNOW: WIND :SUNSHINE: SKY :PK WND
================================================================================
1 2 3 4 5 6A 6B 7 8 9 10 11 12 13 14 15 16 17 18
12Z AVG MX 2MIN
DY MAX MIN AVG DEP HDD CDD WTR SNW DPTH SPD SPD DIR MIN PSBL S-S WX SPD DR
================================================================================
1 79 64 72 3 0 7 0.00 0.0 0 7.6 15 320 M M 4 8 21 40
2 85 58 72 3 0 7 0.00 0.0 0 7.1 17 20 M M 4 22 50
3 87 61 74 5 0 9 0.00 0.0 0 4.6 14 320 M M 3 17 320
4 88 63 76 7 0 11 0.00 0.0 0 7.9 20 120 M M 2 27 120
5 90 64 77 8 0 12 0.00 0.0 0 10.4 21 110 M M 2 29 110
6 90 66 78 9 0 13 0.00 0.0 0 10.5 20 110 M M 1 29 140
7 88 69 79 10 0 14 0.30 0.0 0 7.0 20 170 M M 4 29 160
8 87 70 79 9 0 14 0.00 0.0 0 7.2 18 200 M M 3 1 27 200
9 87 72 80 10 0 15 0.00 0.0 0 9.0 20 200 M M 1 30 220
10 88 71 80 10 0 15 0.00 0.0 0 5.7 16 200 M M 2 1 27 160
11 88 72 80 10 0 15 0.00 0.0 0 8.5 20 190 M M 3 1 30 190
12 83 54 69 -1 0 4 0.10 0.0 0 14.9 31 310 M M 5 18 46 330
13 77 45 61 -9 4 0 0.00 0.0 0 13.0 22 40 M M 1 29 10
14 86 55 71 1 0 6 0.00 0.0 0 10.0 17 60 M M 1 25 80
15 88 67 78 8 0 13 0.00 0.0 0 9.0 17 120 M M 5 25 130
16 86 69 78 8 0 13 0.03 0.0 0 8.2 20 320 M M 7 26 230
17 88 70 79 9 0 14 0.00 0.0 0 4.6 14 290 M M 3 23 280
18 89 67 78 8 0 13 0.00 0.0 0 5.8 15 220 M M 1 22 200
19 90 69 80 9 0 15 0.00 0.0 0 6.3 17 260 M M 2 1 27 160
20 90 70 80 9 0 15 0.00 0.0 0 6.8 17 90 M M 4 12 26 100
21 87 64 76 5 0 11 0.00 0.0 0 11.4 20 90 M M 1 31 80
22 90 64 77 6 0 12 0.00 0.0 0 10.6 21 120 M M 2 27 110
23 89 71 80 9 0 15 0.00 0.0 0 9.6 21 210 M M 2 30 220
24 87 69 78 7 0 13 T 0.0 0 10.7 21 210 M M 4 37 230
25 81 63 72 1 0 7 0.00 0.0 0 9.7 21 300 M M 4 28 290
26 81 62 72 0 0 7 0.00 0.0 0 10.4 17 310 M M 1 26 290
27 85 62 74 2 0 9 0.00 0.0 0 9.1 18 300 M M 0 27 10
28 86 61 74 2 0 9 0.00 0.0 0 6.6 15 270 M M 0 22 240
29 91 60 76 4 0 11 0.00 0.0 0 5.1 13 120 M M 1 12 22 130
30 90 63 77 5 0 12 0.00 0.0 0 10.2 22 150 M M 1 32 130
31 89 72 81 9 0 16 0.00 0.0 0 11.5 21 190 M M 3 35 180
================================================================================
SM 2690 2007 4 347 0.43 0.0 269.0 M 77
================================================================================
AV 86.8 64.7 8.7 FASTST M M 2 MAX(MPH)
MISC ----> 31 310 46 330
================================================================================
NOTES:
# LAST OF SEVERAL OCCURRENCES
COLUMN 17 PEAK WIND IN M.P.H.
PRELIMINARY LOCAL CLIMATOLOGICAL DATA (WS FORM: F-6) , PAGE 2
STATION: FORT MYERS
MONTH: MARCH
YEAR: 2022
LATITUDE: 26 34 N
LONGITUDE: 81 52 W
[TEMPERATURE DATA] [PRECIPITATION DATA] SYMBOLS USED IN COLUMN 16
AVERAGE MONTHLY: 75.8 TOTAL FOR MONTH: 0.43 1 = FOG OR MIST
DPTR FM NORMAL: 5.5 DPTR FM NORMAL: -1.64 2 = FOG REDUCING VISIBILITY
HIGHEST: 91 ON 29 GRTST 24HR 0.30 ON 7- 7 TO 1/4 MILE OR LESS
LOWEST: 45 ON 13 3 = THUNDER
SNOW, ICE PELLETS, HAIL 4 = ICE PELLETS
TOTAL MONTH: 0.0 INCH 5 = HAIL
GRTST 24HR 0.0 6 = FREEZING RAIN OR DRIZZLE
GRTST DEPTH: 0 7 = DUSTSTORM OR SANDSTORM:
VSBY 1/2 MILE OR LESS
8 = SMOKE OR HAZE
[NO. OF DAYS WITH] [WEATHER - DAYS WITH] 9 = BLOWING SNOW
X = TORNADO
MAX 32 OR BELOW: 0 0.01 INCH OR MORE: 3
MAX 90 OR ABOVE: 7 0.10 INCH OR MORE: 2
MIN 32 OR BELOW: 0 0.50 INCH OR MORE: 0
MIN 0 OR BELOW: 0 1.00 INCH OR MORE: 0
[HDD (BASE 65) ]
TOTAL THIS MO. 4 CLEAR (SCALE 0-3) 22
DPTR FM NORMAL -18 PTCLDY (SCALE 4-7) 9
TOTAL FM JUL 1 105 CLOUDY (SCALE 8-10) 0
DPTR FM NORMAL -144
[CDD (BASE 65) ]
TOTAL THIS MO. 347
DPTR FM NORMAL 160 [PRESSURE DATA]
TOTAL FM JAN 1 646 HIGHEST SLP 30.34 ON 13
DPTR FM NORMAL 256 LOWEST SLP 29.84 ON 12
[REMARKS]
#FINAL-03-22#