000
CXUS55 KBOU 010900
CF6FNL
PRELIMINARY LOCAL CLIMATOLOGICAL DATA (WS FORM: F-6)
STATION: FT COLLINS/LOVELAND CO
MONTH: AUGUST
YEAR: 2022
LATITUDE: 40 27 N
LONGITUDE: 105 1 W
TEMPERATURE IN F: :PCPN: SNOW: WIND :SUNSHINE: SKY :PK WND
================================================================================
1 2 3 4 5 6A 6B 7 8 9 10 11 12 13 14 15 16 17 18
12Z AVG MX 2MIN
DY MAX MIN AVG DEP HDD CDD WTR SNW DPTH SPD SPD DIR MIN PSBL S-S WX SPD DR
================================================================================
1 96 60 78 M 0 13 M M M 5.1 22 280 M M 1 41 220
2 96 64 80 M 0 15 M M M 6.7 21 10 M M 2 8 30 260
3 91 63 77 M 0 12 M M M 4.4 15 200 M M 3 3 23 200
4 98 58 78 M 0 13 M M M 5.9 10 130 M M 0 M M
5 101 61 81 M 0 16 M M M 6.8 16 360 M M 2 M M
6 92 68 80 M 0 15 M M M 8.4 17 210 M M 0 18 140
7 88 65 77 M 0 12 M M M 7.7 18 50 M M 3 3 37 60
8 89 62 76 M 0 11 M M M 5.6 12 130 M M 1 8 M M
9 96 62 79 M 0 14 0.00 M M 6.4 13 120 M M 1 8 M M
10 96 61 79 M 0 14 0.00 M M 6.9 13 140 M M 0 8 18 140
11 98 62 80 M 0 15 0.00 M M 7.6 16 350 M M 0 8 M M
12 97 68 83 M 0 18 0.00 M M 7.8 14 40 M M 0 18 50
13 91 65 78 M 0 13 0.03 M M 9.9 26 360 M M 2 38 10
14 94 63 79 M 0 14 T M M 5.7 18 280 M M 2 M M
15 85 64 75 M 0 10 0.14 M M 6.4 18 300 M M 6 3 25 300
16 76 64 70 M 0 5 0.00 M M 4.5 9 190 M M 3 M M
17 86 60 73 M 0 8 0.00 M M 6.2 9 130 M M 2 18 M M
18 91 55 73 M 0 8 0.00 M M 7.8 16 120 M M 1 21 30
19 86 55 71 M 0 6 0.00 M M 7.0 15 20 M M 2 18 40
20 83 58 71 M 0 6 T M M 7.2 22 200 M M 3 27 200
21 85 57 71 M 0 6 0.00 M M 6.3 14 190 M M 0 M M
22 89 54 72 M 0 7 0.00 M M 6.4 10 130 M M 0 8 17 130
23 89 54 72 M 0 7 0.00 M M 6.0 13 270 M M 1 18 150
24 91 56 74 M 0 9 0.00 M M 7.6 13 140 M M 0 20 20
25 85 57 71 M 0 6 T M M 6.6 17 300 M M 2 8 M M
26 85 60 73 M 0 8 T M M 7.2 21 360 M M 1 31 10
27 91 52 72 M 0 7 0.00 M M 6.3 20 340 M M 0 33 310
28 93 61 77 M 0 12 0.00 M M 6.5 24 260 M M 0 8 38 220
29 89 55 72 M 0 7 0.00 M M 4.7 13 50 M M 0 8 M M
30 94 54 74 M 0 9 0.00 M M 5.6 10 150 M M 0 M M
31 92 59 76 M 0 11 T M M 7.5 16 90 M M 1 38 25 90
================================================================================
SM 2813 1857 0 327 0.17 M 204.5 M 39
================================================================================
AV 90.7 59.9 6.6 FASTST M M 1 MAX(MPH)
MISC ----> 26 360 41 220
================================================================================
NOTES:
# LAST OF SEVERAL OCCURRENCES
COLUMN 17 PEAK WIND IN M.P.H.
PRELIMINARY LOCAL CLIMATOLOGICAL DATA (WS FORM: F-6) , PAGE 2
STATION: FT COLLINS/LOVELAND CO
MONTH: AUGUST
YEAR: 2022
LATITUDE: 40 27 N
LONGITUDE: 105 1 W
[TEMPERATURE DATA] [PRECIPITATION DATA] SYMBOLS USED IN COLUMN 16
AVERAGE MONTHLY: 75.3 TOTAL FOR MONTH: 0.17 1 = FOG OR MIST
DPTR FM NORMAL: 0.0 DPTR FM NORMAL: M 2 = FOG REDUCING VISIBILITY
HIGHEST: 101 ON 5 GRTST 24HR 1.21 ON 7- 7 TO 1/4 MILE OR LESS
LOWEST: 52 ON 27 3 = THUNDER
SNOW, ICE PELLETS, HAIL 4 = ICE PELLETS
TOTAL MONTH: M 5 = HAIL
GRTST 24HR M ON M 6 = FREEZING RAIN OR DRIZZLE
GRTST DEPTH: M ON M 7 = DUSTSTORM OR SANDSTORM:
VSBY 1/2 MILE OR LESS
8 = SMOKE OR HAZE
[NO. OF DAYS WITH] [WEATHER - DAYS WITH] 9 = BLOWING SNOW
X = TORNADO
MAX 32 OR BELOW: 0 0.01 INCH OR MORE: 2
MAX 90 OR ABOVE: 18 0.10 INCH OR MORE: 1
MIN 32 OR BELOW: 0 0.50 INCH OR MORE: 0
MIN 0 OR BELOW: 0 1.00 INCH OR MORE: 0
[HDD (BASE 65) ]
TOTAL THIS MO. 0 CLEAR (SCALE 0-3) 30
DPTR FM NORMAL M PTCLDY (SCALE 4-7) 1
TOTAL FM JUL 1 0 CLOUDY (SCALE 8-10) 0
DPTR FM NORMAL M
[CDD (BASE 65) ]
TOTAL THIS MO. 327
DPTR FM NORMAL M [PRESSURE DATA]
TOTAL FM JAN 1 909 HIGHEST SLP 30.17 ON 30
DPTR FM NORMAL M LOWEST SLP 29.63 ON 28
[REMARKS]
#FINAL-08-22#