000
CXUS53 KDTX 041657
CF6FNT
PRELIMINARY LOCAL CLIMATOLOGICAL DATA (WS FORM: F-6)
STATION: FLINT MI
MONTH: DECEMBER
YEAR: 2023
LATITUDE: 42 58 N
LONGITUDE: 83 44 W
TEMPERATURE IN F: :PCPN: SNOW: WIND :SUNSHINE: SKY :PK WND
================================================================================
1 2 3 4 5 6A 6B 7 8 9 10 11 12 13 14 15 16 17 18
12Z AVG MX 2MIN
DY MAX MIN AVG DEP HDD CDD WTR SNW DPTH SPD SPD DIR MIN PSBL S-S WX SPD DR
================================================================================
1 45 37 41 8 24 0 0.50 0.0 0 6.4 14 80 M M 10 1 18 70
2 40 35 38 5 27 0 0.09 T 0 7.7 12 30 M M 10 1 14 30
3 40 37 39 7 26 0 0.25 T 0 6.6 13 280 M M 10 1 17 260
4 38 33 36 4 29 0 T T 0 8.1 15 280 M M 10 1 20 280
5 38 29 34 2 31 0 0.00 0.0 0 3.5 9 360 M M 9 12 10
6 38 26 32 1 33 0 T 0.1 0 5.2 16 210 M M 9 1 23 210
7 48 34 41 10 24 0 0.00 T 0 7.3 16 230 M M 5 26 210
8 52 35 44 13 21 0 0.00 0.0 0 9.4 16 200 M M 6 24 180
9 63 40 52 22 13 0 0.02 0.0 0 11.9 25 260 M M 7 38 210
10 42 32 37 7 28 0 T T 0 10.3 20 250 M M 10 1 29 250
11 34 28 31 1 34 0 0.00 0.0 0 10.6 17 220 M M 10 25 230
12 41 27 34 4 31 0 0.00 0.0 0 12.2 24 280 M M 1 34 270
13 37 22 30 1 35 0 0.00 0.0 0 6.6 15 280 M M 4 19 310
14 49 27 38 9 27 0 0.00 0.0 0 8.0 17 250 M M 0 27 230
15 56 32 44 15 21 0 0.00 0.0 0 6.2 15 250 M M 0 19 230
16 52 37 45 17 20 0 0.00 0.0 0 8.9 20 130 M M 2 27 150
17 48 39 44 16 21 0 0.14 0.0 0 7.3 12 260 M M 10 1 18 160
18 41 29 35 7 30 0 0.16 1.6 0 15.7 28 330 M M 10 1 37 310
19 34 26 30 2 35 0 0.00 0.0 1 11.6 23 310 M M 7 31 320
20 42 29 36 8 29 0 0.00 0.0 1 5.3 10 70 M M 6 17 220
21 42 28 35 8 30 0 0.00 0.0 1 7.7 14 120 M M 5 1 18 100
22 40 34 37 10 28 0 0.16 0.0 T 6.9 13 140 M M 10 1 17 130
23 45 40 43 16 22 0 0.23 0.0 0 3.4 8 160 M M 10 1 13 180
24 48 43 46 19 19 0 0.00 0.0 0 6.1 13 140 M M 10 1 16 150
25 55 46 51 25 14 0 T 0.0 0 9.2 14 100 M M 7 1 19 140
26 55 49 52 26 13 0 0.01 0.0 0 7.1 15 130 M M 10 1 22 130
27 51 42 47 21 18 0 0.03 0.0 0 9.4 16 340 M M 10 1 24 330
28 46 41 44 18 21 0 0.25 0.0 0 6.4 13 360 M M 10 1 18 360
29 43 33 38 12 27 0 0.10 0.0 0 6.1 15 10 M M 10 12 20 10
30 36 29 33 8 32 0 0.00 0.0 0 5.8 15 250 M M 8 1 20 250
31 37 33 35 10 30 0 0.07 0.1 0 5.9 18 30 M M 10 1 26 30
================================================================================
SM 1376 1052 793 0 2.01 1.8 242.8 M 236
================================================================================
AV 44.4 33.9 7.8 FASTST M M 8 MAX(MPH)
MISC ----> 28 330 38 210
================================================================================
NOTES:
# LAST OF SEVERAL OCCURRENCES
COLUMN 17 PEAK WIND IN M.P.H.
PRELIMINARY LOCAL CLIMATOLOGICAL DATA (WS FORM: F-6) , PAGE 2
STATION: FLINT MI
MONTH: DECEMBER
YEAR: 2023
LATITUDE: 42 58 N
LONGITUDE: 83 44 W
[TEMPERATURE DATA] [PRECIPITATION DATA] SYMBOLS USED IN COLUMN 16
AVERAGE MONTHLY: 39.2 TOTAL FOR MONTH: 2.01 1 = FOG OR MIST
DPTR FM NORMAL: 10.5 DPTR FM NORMAL: 0.12 2 = FOG REDUCING VISIBILITY
HIGHEST: 63 ON 9 GRTST 24HR 0.59 ON 1- 2 TO 1/4 MILE OR LESS
LOWEST: 22 ON 13 3 = THUNDER
SNOW, ICE PELLETS, HAIL 4 = ICE PELLETS
TOTAL MONTH: 1.8 INCHES 5 = HAIL
GRTST 24HR 1.6 ON 18-18 6 = FREEZING RAIN OR DRIZZLE
GRTST DEPTH: 1 ON 21,20 7 = DUSTSTORM OR SANDSTORM:
VSBY 1/2 MILE OR LESS
8 = SMOKE OR HAZE
[NO. OF DAYS WITH] [WEATHER - DAYS WITH] 9 = BLOWING SNOW
X = TORNADO
MAX 32 OR BELOW: 0 0.01 INCH OR MORE: 13
MAX 90 OR ABOVE: 0 0.10 INCH OR MORE: 8
MIN 32 OR BELOW: 13 0.50 INCH OR MORE: 1
MIN 0 OR BELOW: 0 1.00 INCH OR MORE: 0
[HDD (BASE 65) ]
TOTAL THIS MO. 793 CLEAR (SCALE 0-3) 4
DPTR FM NORMAL -332 PTCLDY (SCALE 4-7) 8
TOTAL FM JUL 1 2064 CLOUDY (SCALE 8-10) 19
DPTR FM NORMAL -502
[CDD (BASE 65) ]
TOTAL THIS MO. 0
DPTR FM NORMAL 0 [PRESSURE DATA]
TOTAL FM JAN 1 537 HIGHEST SLP 30.67 ON 13
DPTR FM NORMAL -28 LOWEST SLP 29.50 ON 18
[REMARKS]
#FINAL-12-23#
CORRECTED SNOW DEPTH ON 12/7, 12/21, AND 12/22.