000
CXUS54 KTSA 011111
CF6FSM
PRELIMINARY LOCAL CLIMATOLOGICAL DATA (WS FORM: F-6)
STATION: FORT SMITH ARKANSAS
MONTH: MARCH
YEAR: 2022
LATITUDE: 35 19 N
LONGITUDE: 94 22 W
TEMPERATURE IN F: :PCPN: SNOW: WIND :SUNSHINE: SKY :PK WND
================================================================================
1 2 3 4 5 6A 6B 7 8 9 10 11 12 13 14 15 16 17 18
12Z AVG MX 2MIN
DY MAX MIN AVG DEP HDD CDD WTR SNW DPTH SPD SPD DIR MIN PSBL S-S WX SPD DR
================================================================================
1 73 32 53 4 12 0 0.00 0.0 0 2.7 13 280 M M 0 17 270
2 79 33 56 7 9 0 0.00 0.0 0 2.6 14 240 M M 0 21 220
3 80 38 59 9 6 0 0.00 0.0 0 2.2 9 140 M M 1 8 15 150
4 77 44 61 11 4 0 0.00 0.0 0 6.4 20 160 M M 1 8 26 140
5 70 55 63 13 2 0 0.01 0.0 0 8.0 18 210 M M 6 12 27 190
6 69 43 56 6 9 0 0.08 0.0 0 7.6 28 260 M M 8 123 37 250
7 46 34 40 -11 25 0 0.05 0.0 0 12.0 22 360 M M 6 1 30 360
8 44 29 37 -14 28 0 0.00 0.0 0 5.8 20 70 M M 4 24 80
9 57 30 44 -7 21 0 0.00 0.0 0 3.7 9 260 M M 0 11 90
10 63 35 49 -3 16 0 0.00 0.0 0 6.9 17 280 M M 0 23 280
11 42 27 35 -17 30 0 0.18 1.5 0 8.9 20 360 M M 6 12 24 330
12 47 20 34 -18 31 0 0.00 0.0 1 4.8 10 220 M M 0 15 210
13 66 30 48 -5 17 0 0.00 0.0 0 6.7 21 220 M M 0 28 170
14 65 39 52 -1 13 0 0.00 0.0 0 8.9 16 70 M M 7 23 170
15 72 51 62 9 3 0 0.16 0.0 0 5.1 18 70 M M 7 1 22 60
16 77 43 60 6 5 0 0.00 0.0 0 3.3 13 210 M M 3 12 17 200
17 79 49 64 10 1 0 0.13 0.0 0 8.2 21 170 M M 2 3 32 110
18 61 41 51 -3 14 0 0.01 0.0 0 16.8 33 270 M M 8 40 270
19 71 35 53 -1 12 0 0.00 0.0 0 8.1 22 260 M M 0 27 270
20 79 38 59 4 6 0 0.00 0.0 0 4.9 15 160 M M 0 8 22 180
21 69 49 59 4 6 0 1.04 0.0 0 11.0 25 100 M M 7 138 36 110
22 65 44 55 0 10 0 0.09 0.0 0 12.8 26 270 M M 6 1 33 270
23 54 40 47 -9 18 0 T 0.0 0 15.2 29 270 M M 9 36 270
24 60 39 50 -6 15 0 0.00 0.0 0 10.2 21 270 M M 5 31 280
25 69 36 53 -3 12 0 0.00 0.0 0 6.7 17 360 M M 0 23 350
26 74 37 56 -1 9 0 0.00 0.0 0 3.4 15 40 M M 0 19 50
27 68 47 58 1 7 0 0.00 0.0 0 12.2 22 60 M M 0 29 50
28 73 44 59 2 6 0 0.00 0.0 0 12.9 21 70 M M 0 26 70
29 79 52 66 8 0 1 0.00 0.0 0 10.4 21 180 M M 3 31 180
30 75 42 59 1 6 0 1.16 0.0 0 13.4 29 280 M M 10 138 38 270
31 48 35 42 -16 23 0 0.00 0.0 0 9.6 25 290 M M 4 32 250
================================================================================
SM 2051 1211 376 1 2.91 1.5 251.4 M 103
================================================================================
AV 66.2 39.1 8.1 FASTST M M 3 MAX(MPH)
MISC ----> 33 270 40 270
================================================================================
NOTES:
# LAST OF SEVERAL OCCURRENCES
COLUMN 17 PEAK WIND IN M.P.H.
PRELIMINARY LOCAL CLIMATOLOGICAL DATA (WS FORM: F-6) , PAGE 2
STATION: FORT SMITH ARKANSAS
MONTH: MARCH
YEAR: 2022
LATITUDE: 35 19 N
LONGITUDE: 94 22 W
[TEMPERATURE DATA] [PRECIPITATION DATA] SYMBOLS USED IN COLUMN 16
AVERAGE MONTHLY: 52.6 TOTAL FOR MONTH: 2.91 1 = FOG OR MIST
DPTR FM NORMAL: -0.9 DPTR FM NORMAL: -0.99 2 = FOG REDUCING VISIBILITY
HIGHEST: 80 ON 3 GRTST 24HR 1.16 ON 30-30 TO 1/4 MILE OR LESS
LOWEST: 20 ON 12 3 = THUNDER
SNOW, ICE PELLETS, HAIL 4 = ICE PELLETS
TOTAL MONTH: 1.5 INCHES 5 = HAIL
GRTST 24HR 1.5 ON 11-11 6 = FREEZING RAIN OR DRIZZLE
GRTST DEPTH: 1 ON 12 7 = DUSTSTORM OR SANDSTORM:
VSBY 1/2 MILE OR LESS
8 = SMOKE OR HAZE
[NO. OF DAYS WITH] [WEATHER - DAYS WITH] 9 = BLOWING SNOW
X = TORNADO
MAX 32 OR BELOW: 0 0.01 INCH OR MORE: 10
MAX 90 OR ABOVE: 0 0.10 INCH OR MORE: 5
MIN 32 OR BELOW: 6 0.50 INCH OR MORE: 2
MIN 0 OR BELOW: 0 1.00 INCH OR MORE: 2
[HDD (BASE 65) ]
TOTAL THIS MO. 376 CLEAR (SCALE 0-3) 17
DPTR FM NORMAL 7 PTCLDY (SCALE 4-7) 10
TOTAL FM JUL 1 2616 CLOUDY (SCALE 8-10) 4
DPTR FM NORMAL -311
[CDD (BASE 65) ]
TOTAL THIS MO. 1
DPTR FM NORMAL -13 [PRESSURE DATA]
TOTAL FM JAN 1 1 HIGHEST SLP 30.50 ON 12
DPTR FM NORMAL -14 LOWEST SLP 29.38 ON 30
[REMARKS]
#FINAL-03-22#