000
CXUS54 KMAF 040137
CF6FST
PRELIMINARY LOCAL CLIMATOLOGICAL DATA (WS FORM: F-6)
STATION: FORT STOCKTON
MONTH: JULY
YEAR: 2021
LATITUDE: 30 55 N
LONGITUDE: 102 55 W
TEMPERATURE IN F: :PCPN: SNOW: WIND :SUNSHINE: SKY :PK WND
================================================================================
1 2 3 4 5 6A 6B 7 8 9 10 11 12 13 14 15 16 17 18
12Z AVG MX 2MIN
DY MAX MIN AVG DEP HDD CDD WTR SNW DPTH SPD SPD DIR MIN PSBL S-S WX SPD DR
================================================================================
1 90 69 80 -2 0 15 T M M 11.2 20 130 M M 2 27 130
2 94 70 82 0 0 17 0.00 M M 6.4 16 120 M M 0 21 110
3 91 73 82 0 0 17 0.10 M M 4.7 18 90 M M 3 38 23 150
4 96 71 84 2 0 19 0.00 M M 7.3 18 120 M M 1 22 120
5 88 73 81 -1 0 16 T M M 8.7 18 120 M M 1 23 140
6 88 67 78 -4 0 13 0.00 M M 9.1 20 80 M M 3 24 90
7 89 70 80 -2 0 15 0.00 M M 8.4 17 60 M M 3 23 50
8 91 68 80 -2 0 15 0.00 M M 7.5 15 80 M M 1 21 40
9 92 68 80 -2 0 15 0.00 M M 7.9 16 80 M M 1 22 80
10 89 69 79 -3 0 14 0.00 M M 11.6 20 140 M M 2 26 130
11 89 72 81 -1 0 16 0.00 M M 11.6 21 110 M M 3 25 120
12 88 69 79 -3 0 14 0.12 M M 10.4 24 140 M M 2 13 36 140
13 89 68 79 -3 0 14 0.00 0.0 0 13.8 24 150 M M 0 31 160
14 91 68 80 -2 0 15 0.00 M M 16.0 24 150 M M 0 32 150
15 97 69 83 1 0 18 0.00 M M 13.3 23 160 M M 0 29 140
16 97 70 84 2 0 19 0.00 M M 12.2 21 160 M M 0 27 160
17 96 73 85 2 0 20 0.00 M M 12.7 22 150 M M 1 28 140
18 92 72 82 -1 0 17 0.25 M M 10.2 22 60 M M 2 3 27 330
19 94 69 82 -1 0 17 0.00 M M 9.0 25 50 M M 1 31 40
20 90 70 80 -3 0 15 0.00 M M 7.9 17 60 M M 3 23 20
21 89 65 77 -6 0 12 0.00 M M 6.7 14 140 M M 1 18 110
22 91 68 80 -3 0 15 0.00 M M 13.1 23 140 M M 0 8 32 130
23 96 71 84 1 0 19 0.05 M M 11.6 39 130 M M 2 3 54 130
24 97 71 84 1 0 19 T M M 8.6 23 120 M M 0 3 29 130
25 94 73 84 1 0 19 0.00 M M 7.3 17 150 M M 1 3 22 150
26 98 69 84 1 0 19 0.00 M M 10.7 20 120 M M 0 24 120
27 97 67 82 -1 0 17 0.00 M M 7.6 17 150 M M 0 22 170
28 85 68 77 -6 0 12 0.06 M M 9.0 29 70 M M 2 37 70
29 93 65 79 -4 0 14 0.00 M M 8.1 20 120 M M 0 8 28 110
30 94 70 82 -1 0 17 0.00 M M 9.9 20 120 M M 0 23 120
31 97 72 85 2 0 20 0.00 M M 6.9 15 130 M M 0 19 140
================================================================================
SM 2862 2157 0 504 0.58 0.0 299.4 M 35
================================================================================
AV 92.3 69.6 9.7 FASTST M M 1 MAX(MPH)
MISC ----> 39 130 54 130
================================================================================
NOTES:
# LAST OF SEVERAL OCCURRENCES
COLUMN 17 PEAK WIND IN M.P.H.
PRELIMINARY LOCAL CLIMATOLOGICAL DATA (WS FORM: F-6) , PAGE 2
STATION: FORT STOCKTON
MONTH: JULY
YEAR: 2021
LATITUDE: 30 55 N
LONGITUDE: 102 55 W
[TEMPERATURE DATA] [PRECIPITATION DATA] SYMBOLS USED IN COLUMN 16
AVERAGE MONTHLY: 81.0 TOTAL FOR MONTH: 0.58 1 = FOG OR MIST
DPTR FM NORMAL: -1.6 DPTR FM NORMAL: -1.11 2 = FOG REDUCING VISIBILITY
HIGHEST: 98 ON 26 GRTST 24HR 0.25 ON 18-18 TO 1/4 MILE OR LESS
LOWEST: 65 ON 29,21 3 = THUNDER
SNOW, ICE PELLETS, HAIL 4 = ICE PELLETS
TOTAL MONTH: 0.0 INCH 5 = HAIL
GRTST 24HR 0.0 6 = FREEZING RAIN OR DRIZZLE
GRTST DEPTH: 0 7 = DUSTSTORM OR SANDSTORM:
VSBY 1/2 MILE OR LESS
8 = SMOKE OR HAZE
[NO. OF DAYS WITH] [WEATHER - DAYS WITH] 9 = BLOWING SNOW
X = TORNADO
MAX 32 OR BELOW: 0 0.01 INCH OR MORE: 5
MAX 90 OR ABOVE: 22 0.10 INCH OR MORE: 3
MIN 32 OR BELOW: 0 0.50 INCH OR MORE: 0
MIN 0 OR BELOW: 0 1.00 INCH OR MORE: 0
[HDD (BASE 65) ]
TOTAL THIS MO. 0 CLEAR (SCALE 0-3) 29
DPTR FM NORMAL 0 PTCLDY (SCALE 4-7) 2
TOTAL FM JUL 1 0 CLOUDY (SCALE 8-10) 0
DPTR FM NORMAL 0
[CDD (BASE 65) ]
TOTAL THIS MO. 504
DPTR FM NORMAL -42 [PRESSURE DATA]
TOTAL FM JAN 1 1497 HIGHEST SLP 30.10 ON 28
DPTR FM NORMAL -88 LOWEST SLP 29.75 ON 4
[REMARKS]
#FINAL-07-21#