000
CXUS52 KFFC 011010
CF6FTY
PRELIMINARY LOCAL CLIMATOLOGICAL DATA (WS FORM: F-6)
STATION: FULTON COUNTY AIRPORT
MONTH: AUGUST
YEAR: 2021
LATITUDE: 33 46 N
LONGITUDE: 84 31 W
TEMPERATURE IN F: :PCPN: SNOW: WIND :SUNSHINE: SKY :PK WND
================================================================================
1 2 3 4 5 6A 6B 7 8 9 10 11 12 13 14 15 16 17 18
12Z AVG MX 2MIN
DY MAX MIN AVG DEP HDD CDD WTR SNW DPTH SPD SPD DIR MIN PSBL S-S WX SPD DR
================================================================================
1 88 73 81 1 0 16 0.12 M M 6.9 17 290 M M 3 13 24 280
2 87 70 79 -1 0 14 0.06 M M 3.0 12 320 M M 1 1 15 330
3 85 70 78 -2 0 13 0.05 M M 4.3 14 40 M M 5 13 19 50
4 85 68 77 -3 0 12 0.00 M M 3.4 10 80 M M 5 15 60
5 86 67 77 -3 0 12 0.00 M M 3.6 12 80 M M 3 14 80
6 87 66 77 -3 0 12 0.00 M M 3.0 10 70 M M 2 15 50
7 87 68 78 -2 0 13 0.02 M M 2.3 18 330 M M 3 38 25 340
8 90 66 78 -2 0 13 0.00 M M 1.6 10 170 M M 3 1 13 170
9 88 69 79 -1 0 14 0.01 M M 1.6 10 230 M M 1 13 17 220
10 92 71 82 2 0 17 0.20 M M 2.3 23 310 M M 2 13 30 320
11 90 71 81 1 0 16 0.01 M M 2.3 14 280 M M 2 13 20 280
12 91 69 80 0 0 15 0.08 M M 2.3 15 230 M M 2 13 24 240
13 92 69 81 1 0 16 0.00 M M 2.5 10 190 M M 0 16 210
14 94 72 83 3 0 18 0.00 M M 3.9 24 140 M M 2 13 38 160
15 88 71 80 0 0 15 T M M 4.9 15 140 M M 5 22 160
16 86 72 79 -1 0 14 0.17 M M 5.6 18 80 M M 5 1 24 80
17 80 70 75 -4 0 10 2.14 M M 8.8 20 270 M M 8 1 28 280
18 91 67 79 0 0 14 0.00 M M 1.6 9 160 M M 2 1 12 170
19 90 72 81 2 0 16 0.01 M M 2.8 25 310 M M 3 13 37 340
20 88 72 80 1 0 15 T M M 3.9 9 360 M M 5 3 14 320
21 83 74 79 0 0 14 T M M 3.5 9 280 M M 5 1 13 270
22 87 75 81 2 0 16 T M M 4.6 15 280 M M 6 1 22 350
23 92 71 82 3 0 17 0.00 M M 1.7 10 310 M M 2 1 13 300
24 93 71 82 4 0 17 0.00 M M 1.5 8 160 M M 1 1 11 160
25 93 72 83 5 0 18 0.63 M M 3.2 26 70 M M 2 138 40 70
26 89 71 80 2 0 15 0.00 M M 2.7 12 140 M M 4 1 15 180
27 90 71 81 3 0 16 0.06 M M 3.0 16 170 M M 3 13 27 180
28 88 73 81 3 0 16 T M M 4.5 12 80 M M 3 17 90
29 90 76 83 5 0 18 0.00 M M 5.2 13 150 M M 3 19 130
30 87 71 79 2 0 14 0.21 M M 4.3 17 150 M M 2 27 140
31 79 72 76 -1 0 11 0.67 M M 10.5 25 160 M M 9 1 41 150
================================================================================
SM 2736 2190 0 457 4.44 M 115.3 M 102
================================================================================
AV 88.3 70.6 3.7 FASTST M M 3 MAX(MPH)
MISC ----> 26 70 41 150
================================================================================
NOTES:
# LAST OF SEVERAL OCCURRENCES
COLUMN 17 PEAK WIND IN M.P.H.
PRELIMINARY LOCAL CLIMATOLOGICAL DATA (WS FORM: F-6) , PAGE 2
STATION: FULTON COUNTY AIRPORT
MONTH: AUGUST
YEAR: 2021
LATITUDE: 33 46 N
LONGITUDE: 84 31 W
[TEMPERATURE DATA] [PRECIPITATION DATA] SYMBOLS USED IN COLUMN 16
AVERAGE MONTHLY: 79.5 TOTAL FOR MONTH: 4.44 1 = FOG OR MIST
DPTR FM NORMAL: 0.2 DPTR FM NORMAL: 0.46 2 = FOG REDUCING VISIBILITY
HIGHEST: 94 ON 14 GRTST 24HR 2.24 ON 16-17 TO 1/4 MILE OR LESS
LOWEST: 66 ON 8, 6 3 = THUNDER
SNOW, ICE PELLETS, HAIL 4 = ICE PELLETS
TOTAL MONTH: M 5 = HAIL
GRTST 24HR M ON M 6 = FREEZING RAIN OR DRIZZLE
GRTST DEPTH: M ON M 7 = DUSTSTORM OR SANDSTORM:
VSBY 1/2 MILE OR LESS
8 = SMOKE OR HAZE
[NO. OF DAYS WITH] [WEATHER - DAYS WITH] 9 = BLOWING SNOW
X = TORNADO
MAX 32 OR BELOW: 0 0.01 INCH OR MORE: 15
MAX 90 OR ABOVE: 13 0.10 INCH OR MORE: 7
MIN 32 OR BELOW: 0 0.50 INCH OR MORE: 3
MIN 0 OR BELOW: 0 1.00 INCH OR MORE: 1
[HDD (BASE 65) ]
TOTAL THIS MO. 0 CLEAR (SCALE 0-3) 17
DPTR FM NORMAL 0 PTCLDY (SCALE 4-7) 13
TOTAL FM JUL 1 0 CLOUDY (SCALE 8-10) 1
DPTR FM NORMAL 0
[CDD (BASE 65) ]
TOTAL THIS MO. 457
DPTR FM NORMAL 15 [PRESSURE DATA]
TOTAL FM JAN 1 1432 HIGHEST SLP 30.21 ON 10
DPTR FM NORMAL -64 LOWEST SLP 29.61 ON 31
[REMARKS]
#FINAL-08-21#