000
CXUS51 KCAR 010700
CF6FVE
PRELIMINARY LOCAL CLIMATOLOGICAL DATA (WS FORM: F-6)
STATION: FRENCHVILLE ME
MONTH: JANUARY
YEAR: 2024
LATITUDE: 47 16 N
LONGITUDE: 68 19 W
TEMPERATURE IN F: :PCPN: SNOW: WIND :SUNSHINE: SKY :PK WND
================================================================================
1 2 3 4 5 6A 6B 7 8 9 10 11 12 13 14 15 16 17 18
12Z AVG MX 2MIN
DY MAX MIN AVG DEP HDD CDD WTR SNW DPTH SPD SPD DIR MIN PSBL S-S WX SPD DR
================================================================================
1 18 13 16 2 49 0 T M M 7.4 16 330 M M 10 23 340
2 25 15 20 6 45 0 0.00 M M 8.8 18 260 M M 6 26 250
3 32 23 28 14 37 0 0.00 M M 5.6 10 170 M M 9 15 220
4 30 10 20 7 45 0 0.06 M M 11.5 28 320 M M 10 12 44 310
5 12 6 9 -4 56 0 T M M 4.2 25 320 M M 6 8 35 310
6 12 1 7 -6 58 0 T M M 8.1 17 320 M M 1 25 320
7 16 0 8 -4 57 0 0.00 M M 4.5 9 330 M M 5 13 60
8 22 11 17 5 48 0 T M M 10.6 17 320 M M 6 26 310
9 16 5 11 -1 54 0 0.00 M M 7.7 15 110 M M 2 25 320
10 37 14 26 14 39 0 0.11 M M 17.2 32 110 M M 10 168 50 110
11 36 16 26 14 39 0 T M M 11.4 20 250 M M 10 35 250
12 20 3 12 1 53 0 T M M 9.0 18 280 M M 3 27 250
13 32 4 18 7 47 0 0.28 M M 13.5 26 90 M M 7 168 45 100
14 29 17 23 12 42 0 T M M 10.2 25 220 M M 9 1 44 220
15 20 6 13 2 52 0 T M M 8.0 25 260 M M 5 37 230
16 18 5 12 1 53 0 0.14 M M 6.9 18 310 M M 5 1 24 320
17 19 10 15 4 50 0 T M M 14.8 25 300 M M 8 40 280
18 15 2 9 -1 56 0 T M M 13.8 26 290 M M 3 35 280
19 12 -4 4 -6 61 0 0.00 M M 14.3 22 280 M M 3 33 310
20 16 7 12 2 53 0 T M M 13.7 20 330 M M 9 28 310
21 15 4 10 0 55 0 T M M 12.6 24 320 M M 8 34 320
22 26 1 14 4 51 0 T M M 11.6 22 240 M M 7 34 220
23 26 -2 12 2 53 0 T M M 15.0 35 320 M M 2 8 50 320
24 20 -8 6 -4 59 0 0.00 M M 6.2 13 160 M M 6 19 190
25 32 17 25 15 40 0 0.00 M M 6.5 21 340 M M 7 28 350
26 23 14 19 9 46 0 0.05 M M 5.6 9 130 M M 8 1 13 130
27 29 22 26 16 39 0 0.00 M M 4.6 10 270 M M 9 18 15 280
28 31 27 29 19 36 0 0.00 M M 6.3 14 350 M M 10 20 300
29 29 0 15 5 50 0 T M M 10.5 18 360 M M 8 1 28 10
30 15 -6 5 -5 60 0 0.00 M M 4.9 10 350 M M 0 13 340
31 28 -1 14 4 51 0 0.00 M M 5.7 9 240 M M 7 13 170
================================================================================
SM 711 232 1534 0 0.64 M 290.7 M 199
================================================================================
AV 22.9 7.5 9.4 FASTST M M 6 MAX(MPH)
MISC ----> 35 320 # 50 110
================================================================================
NOTES:
# LAST OF SEVERAL OCCURRENCES
COLUMN 17 PEAK WIND IN M.P.H.
PRELIMINARY LOCAL CLIMATOLOGICAL DATA (WS FORM: F-6) , PAGE 2
STATION: FRENCHVILLE ME
MONTH: JANUARY
YEAR: 2024
LATITUDE: 47 16 N
LONGITUDE: 68 19 W
[TEMPERATURE DATA] [PRECIPITATION DATA] SYMBOLS USED IN COLUMN 16
AVERAGE MONTHLY: 15.2 TOTAL FOR MONTH: 0.64 1 = FOG OR MIST
DPTR FM NORMAL: 3.9 DPTR FM NORMAL: -0.87 2 = FOG REDUCING VISIBILITY
HIGHEST: 37 ON 10 GRTST 24HR 0.69 ON 9-10 TO 1/4 MILE OR LESS
LOWEST: -8 ON 24 3 = THUNDER
SNOW, ICE PELLETS, HAIL 4 = ICE PELLETS
TOTAL MONTH: M 5 = HAIL
GRTST 24HR M ON M 6 = FREEZING RAIN OR DRIZZLE
GRTST DEPTH: M ON M 7 = DUSTSTORM OR SANDSTORM:
VSBY 1/2 MILE OR LESS
8 = SMOKE OR HAZE
[NO. OF DAYS WITH] [WEATHER - DAYS WITH] 9 = BLOWING SNOW
X = TORNADO
MAX 32 OR BELOW: 29 0.01 INCH OR MORE: 5
MAX 90 OR ABOVE: 0 0.10 INCH OR MORE: 3
MIN 32 OR BELOW: 31 0.50 INCH OR MORE: 0
MIN 0 OR BELOW: 7 1.00 INCH OR MORE: 0
[HDD (BASE 65) ]
TOTAL THIS MO. 1534 CLEAR (SCALE 0-3) 6
DPTR FM NORMAL -130 PTCLDY (SCALE 4-7) 15
TOTAL FM JUL 1 4564 CLOUDY (SCALE 8-10) 10
DPTR FM NORMAL -585
[CDD (BASE 65) ]
TOTAL THIS MO. 0
DPTR FM NORMAL 0 [PRESSURE DATA]
TOTAL FM JAN 1 0 HIGHEST SLP 30.67 ON 24
DPTR FM NORMAL 0 LOWEST SLP 28.94 ON 10
[REMARKS]
#FINAL-01-24#