000
CXUS51 KCAR 010600
CF6FVE
PRELIMINARY LOCAL CLIMATOLOGICAL DATA (WS FORM: F-6)
STATION: FRENCHVILLE ME
MONTH: SEPTEMBER
YEAR: 2021
LATITUDE: 47 16 N
LONGITUDE: 68 19 W
TEMPERATURE IN F: :PCPN: SNOW: WIND :SUNSHINE: SKY :PK WND
================================================================================
1 2 3 4 5 6A 6B 7 8 9 10 11 12 13 14 15 16 17 18
12Z AVG MX 2MIN
DY MAX MIN AVG DEP HDD CDD WTR SNW DPTH SPD SPD DIR MIN PSBL S-S WX SPD DR
================================================================================
1 67 51 59 -3 6 0 T M M 7.4 18 280 M M 9 22 270
2 62 49 56 -5 9 0 0.30 M M 6.5 16 20 M M 5 1 23 20
3 55 47 51 -10 14 0 0.06 M M 15.0 29 350 M M 10 1 36 350
4 61 45 53 -7 12 0 0.00 M M 9.7 21 340 M M 6 29 340
5 62 42 52 -8 13 0 0.28 M M 9.0 20 160 M M 4 12 26 170
6 73 55 64 4 1 0 1.01 M M 7.6 33 280 M M 9 123 43 280
7 70 54 62 2 3 0 0.01 M M 9.4 18 270 M M 6 12 22 280
8 77 50 64 5 1 0 0.00 M M 11.4 22 160 M M 4 32 150
9 64 58 61 2 4 0 0.11 M M 6.3 13 160 M M 10 12 16 160
10 64 49 57 -1 8 0 0.46 M M 9.6 18 290 M M 8 12 25 320
11 68 48 58 0 7 0 0.00 M M 10.3 22 290 M M 3 29 290
12 71 47 59 1 6 0 0.20 M M 9.7 26 260 M M 5 1 39 240
13 66 46 56 -1 9 0 0.00 M M 10.9 22 290 M M 4 28 290
14 60 43 52 -5 13 0 T M M 7.3 16 320 M M 3 20 320
15 62 48 55 -1 10 0 1.19 M M 13.0 24 140 M M 10 13 31 130
16 70 49 60 4 5 0 0.00 M M 6.2 14 290 M M 1 17 350
17 73 47 60 4 5 0 0.00 M M 7.5 17 180 M M 3 12 23 210
18 71 47 59 4 6 0 0.17 M M 10.0 25 320 M M 4 1 38 320
19 63 41 52 -3 13 0 0.00 M M 8.5 17 350 M M 0 23 350
20 68 38 53 -1 12 0 0.00 M M 5.2 12 180 M M 0 1 16 180
21 73 48 61 7 4 0 0.00 M M 9.1 18 170 M M 0 25 160
22 72 54 63 9 2 0 0.00 M M 9.2 18 180 M M 6 1 23 200
23 79 60 70 17 0 5 0.00 M M 9.2 17 210 M M 7 23 210
24 72 56 64 11 1 0 0.99 M M 13.2 26 150 M M 9 12 40 160
25 69 53 61 9 4 0 0.13 M M 3.9 9 210 M M 6 12 12 190
26 60 49 55 3 10 0 2.66 M M 6.2 21 290 M M 9 12 25 290
27 64 46 55 4 10 0 0.14 M M 9.9 21 210 M M 6 1 26 210
28 58 40 49 -2 16 0 T M M 6.1 12 320 M M 3 15 240
29 55 33 44 -6 21 0 T M M 4.3 9 20 M M 5 12 13 10
30 50 45 48 -2 17 0 0.08 M M 10.0 17 330 M M 10 1 23 330
================================================================================
SM 1979 1438 242 5 7.79 M 261.6 M 165
================================================================================
AV 66.0 47.9 8.7 FASTST M M 6 MAX(MPH)
MISC ----> 33 280 43 280
================================================================================
NOTES:
# LAST OF SEVERAL OCCURRENCES
COLUMN 17 PEAK WIND IN M.P.H.
PRELIMINARY LOCAL CLIMATOLOGICAL DATA (WS FORM: F-6) , PAGE 2
STATION: FRENCHVILLE ME
MONTH: SEPTEMBER
YEAR: 2021
LATITUDE: 47 16 N
LONGITUDE: 68 19 W
[TEMPERATURE DATA] [PRECIPITATION DATA] SYMBOLS USED IN COLUMN 16
AVERAGE MONTHLY: 57.0 TOTAL FOR MONTH: 7.79 1 = FOG OR MIST
DPTR FM NORMAL: 0.9 DPTR FM NORMAL: 4.33 2 = FOG REDUCING VISIBILITY
HIGHEST: 79 ON 23 GRTST 24HR 2.66 ON 26-26 TO 1/4 MILE OR LESS
LOWEST: 33 ON 29 3 = THUNDER
SNOW, ICE PELLETS, HAIL 4 = ICE PELLETS
TOTAL MONTH: M 5 = HAIL
GRTST 24HR M ON M 6 = FREEZING RAIN OR DRIZZLE
GRTST DEPTH: M ON M 7 = DUSTSTORM OR SANDSTORM:
VSBY 1/2 MILE OR LESS
8 = SMOKE OR HAZE
[NO. OF DAYS WITH] [WEATHER - DAYS WITH] 9 = BLOWING SNOW
X = TORNADO
MAX 32 OR BELOW: 0 0.01 INCH OR MORE: 15
MAX 90 OR ABOVE: 0 0.10 INCH OR MORE: 12
MIN 32 OR BELOW: 0 0.50 INCH OR MORE: 4
MIN 0 OR BELOW: 0 1.00 INCH OR MORE: 3
[HDD (BASE 65) ]
TOTAL THIS MO. 242 CLEAR (SCALE 0-3) 6
DPTR FM NORMAL -42 PTCLDY (SCALE 4-7) 16
TOTAL FM JUL 1 387 CLOUDY (SCALE 8-10) 8
DPTR FM NORMAL -24
[CDD (BASE 65) ]
TOTAL THIS MO. 5
DPTR FM NORMAL -12 [PRESSURE DATA]
TOTAL FM JAN 1 294 HIGHEST SLP M ON M
DPTR FM NORMAL 86 LOWEST SLP 29.55 ON 26
[REMARKS]
#FINAL-09-21#