000
CXUS53 KIWX 181407 CCA
CF6FWA
PRELIMINARY LOCAL CLIMATOLOGICAL DATA (WS FORM: F-6)
STATION: FORT WAYNE
MONTH: DECEMBER
YEAR: 2022
LATITUDE: 41 0 N
LONGITUDE: 85 12 W
TEMPERATURE IN F: :PCPN: SNOW: WIND :SUNSHINE: SKY :PK WND
================================================================================
1 2 3 4 5 6A 6B 7 8 9 10 11 12 13 14 15 16 17 18
12Z AVG MX 2MIN
DY MAX MIN AVG DEP HDD CDD WTR SNW DPTH SPD SPD DIR MIN PSBL S-S WX SPD DR
================================================================================
1 33 20 27 -8 38 0 0.00 0.0 0 9.3 20 280 M M 6 26 260
2 53 28 41 6 24 0 T 0.0 0 16.0 33 200 M M 10 47 190
3 53 21 37 3 28 0 T 0.0 0 16.4 38 260 M M 6 55 260
4 38 14 26 -8 39 0 0.00 0.0 0 9.5 16 220 M M 2 24 220
5 46 20 33 -1 32 0 0.00 0.0 0 6.6 17 190 M M 8 21 190
6 47 39 43 9 22 0 0.01 0.0 0 4.4 16 140 M M 10 18 21 140
7 46 37 42 9 23 0 T 0.0 0 4.2 9 290 M M 10 12 14 290
8 43 31 37 4 28 0 0.00 0.0 0 7.5 13 60 M M 9 18 17 50
9 42 31 37 4 28 0 0.13 0.0 0 13.7 22 70 M M 9 1 32 70
10 37 34 36 4 29 0 T 0.0 0 7.6 15 80 M M 10 1 21 80
11 41 36 39 7 26 0 0.02 0.0 0 3.7 13 320 M M 10 128 16 290
12 39 34 37 5 28 0 0.00 0.0 0 7.3 16 100 M M 10 21 110
13 36 31 34 3 31 0 0.00 0.0 0 13.0 20 90 M M 10 26 90
14 40 32 36 5 29 0 0.28 0.0 0 16.8 26 90 M M 10 1 35 90
15 47 34 41 10 24 0 0.23 T 0 11.7 28 230 M M 9 1 39 240
16 35 28 32 1 33 0 0.01 0.3 0 14.1 24 240 M M 10 1 34 230
17 29 23 26 -4 39 0 T T T 16.2 23 260 M M 10 35 270
18 24 17 21 -9 44 0 T T T 14.1 22 270 M M 9 30 260
19 26 13 20 -10 45 0 0.00 0.0 T 5.0 10 260 M M 8 14 250
20 37 18 28 -2 37 0 0.00 0.0 0 3.1 9 110 M M 6 18 12 130
21 34 22 28 -1 37 0 0.00 0.0 0 4.6 13 90 M M 10 18 21 100
22 39 9 24 -5 41 0 0.27 1.2 0 7.6 26 270 M M 10 1289 39 290
23 9 -8 1 -28 64 0 0.01 1.2 2 28.2 40 260 M M 10 89 57 270
24 12 -2 5 -24 60 0 T T 2 23.0 32 250 M M 8 9 43 260
25 13 5 9 -19 56 0 T T 1 15.8 30 250 M M 8 39 270
26 21 10 16 -12 49 0 T 0.1 1 5.8 12 240 M M 10 168 18 240
27 29 16 23 -5 42 0 T T 1 11.3 25 210 M M 10 18 32 210
28 44 27 36 8 29 0 0.00 0.0 T 14.7 25 190 M M 8 33 200
29 54 42 48 20 17 0 T 0.0 T 14.7 22 210 M M 8 1 30 210
30 55 44 50 22 15 0 1.33 0.0 0 10.3 20 210 M M 10 1 27 200
31 44 34 39 12 26 0 0.28 0.0 0 5.3 10 270 M M 10 1 15 330
================================================================================
SM 1146 740 1063 0 2.57 2.8 341.5 M 274
================================================================================
AV 37.0 23.9 11.0 FASTST M M 9 MAX(MPH)
MISC ----> 40 260 57 270
================================================================================
NOTES:
# LAST OF SEVERAL OCCURRENCES
COLUMN 17 PEAK WIND IN M.P.H.
PRELIMINARY LOCAL CLIMATOLOGICAL DATA (WS FORM: F-6) , PAGE 2
STATION: FORT WAYNE
MONTH: DECEMBER
YEAR: 2022
LATITUDE: 41 0 N
LONGITUDE: 85 12 W
[TEMPERATURE DATA] [PRECIPITATION DATA] SYMBOLS USED IN COLUMN 16
AVERAGE MONTHLY: 30.4 TOTAL FOR MONTH: 2.57 1 = FOG OR MIST
DPTR FM NORMAL: -0.5 DPTR FM NORMAL: 0.10 2 = FOG REDUCING VISIBILITY
HIGHEST: 55 ON 30 GRTST 24HR 1.33 ON 30-30 TO 1/4 MILE OR LESS
LOWEST: -8 ON 23 3 = THUNDER
SNOW, ICE PELLETS, HAIL 4 = ICE PELLETS
TOTAL MONTH: 2.8 INCHES 5 = HAIL
GRTST 24HR 1.2 ON 22-22 6 = FREEZING RAIN OR DRIZZLE
GRTST DEPTH: 2 ON 24,23 7 = DUSTSTORM OR SANDSTORM:
VSBY 1/2 MILE OR LESS
8 = SMOKE OR HAZE
[NO. OF DAYS WITH] [WEATHER - DAYS WITH] 9 = BLOWING SNOW
X = TORNADO
MAX 32 OR BELOW: 8 0.01 INCH OR MORE: 10
MAX 90 OR ABOVE: 0 0.10 INCH OR MORE: 6
MIN 32 OR BELOW: 22 0.50 INCH OR MORE: 1
MIN 0 OR BELOW: 2 1.00 INCH OR MORE: 1
[HDD (BASE 65) ]
TOTAL THIS MO. 1063 CLEAR (SCALE 0-3) 1
DPTR FM NORMAL 4 PTCLDY (SCALE 4-7) 6
TOTAL FM JUL 1 2200 CLOUDY (SCALE 8-10) 24
DPTR FM NORMAL -57
[CDD (BASE 65) ]
TOTAL THIS MO. 0
DPTR FM NORMAL 0 [PRESSURE DATA]
TOTAL FM JAN 1 925 HIGHEST SLP 30.57 ON 1
DPTR FM NORMAL 76 LOWEST SLP 29.46 ON 15
[REMARKS]
#FINAL-12-22#