000
CXUS54 KTSA 011318
CF6FYV
PRELIMINARY LOCAL CLIMATOLOGICAL DATA (WS FORM: F-6)
STATION: FAYETTEVILLE ARKANSAS
MONTH: JANUARY
YEAR: 2023
LATITUDE: 36 0 N
LONGITUDE: 94 10 W
TEMPERATURE IN F: :PCPN: SNOW: WIND :SUNSHINE: SKY :PK WND
================================================================================
1 2 3 4 5 6A 6B 7 8 9 10 11 12 13 14 15 16 17 18
12Z AVG MX 2MIN
DY MAX MIN AVG DEP HDD CDD WTR SNW DPTH SPD SPD DIR MIN PSBL S-S WX SPD DR
================================================================================
1 71 37 54 18 11 0 0.00 0.0 0 3.6 20 200 M M 2 12 26 190
2 76 42 59 23 6 0 0.66 0.0 0 6.8 23 180 M M 5 1238 33 180
3 67 39 53 17 12 0 0.00 0.0 0 8.1 18 230 M M 3 12 26 240
4 49 29 39 3 26 0 0.00 0.0 0 6.9 14 250 M M 0 26 260
5 50 26 38 2 27 0 0.00 0.0 0 8.2 18 280 M M 0 30 270
6 57 24 41 5 24 0 0.00 0.0 0 4.5 17 160 M M 1 26 170
7 61 34 48 12 17 0 0.00 0.0 0 4.7 16 330 M M 7 19 330
8 52 25 39 3 26 0 0.00 0.0 0 2.1 8 310 M M 1 18 11 300
9 61 24 43 7 22 0 0.00 0.0 0 5.2 20 190 M M 0 1 26 200
10 72 34 53 17 12 0 0.00 0.0 0 4.7 17 170 M M 0 23 150
11 73 40 57 21 8 0 0.20 0.0 0 6.9 31 260 M M 1 13 43 270
12 49 32 41 5 24 0 0.04 0.0 0 12.0 26 330 M M 8 18 38 340
13 42 21 32 -4 33 0 0.00 0.0 0 5.5 14 330 M M 4 1 19 340
14 52 19 36 0 29 0 0.00 0.0 0 5.3 17 170 M M 0 18 25 170
15 60 39 50 14 15 0 0.00 0.0 0 15.6 28 190 M M 0 40 190
16 70 38 54 18 11 0 T 0.0 0 13.5 28 210 M M 3 38 220
17 71 32 52 16 13 0 0.00 0.0 0 1.1 13 170 M M 1 16 170
18 60 41 51 15 14 0 1.26 0.0 0 5.5 28 230 M M 6 13 45 220
19 50 29 40 4 25 0 0.00 0.0 0 10.5 24 260 M M 1 35 270
20 54 23 39 3 26 0 0.00 0.0 0 1.6 8 330 M M 0 11 340
21 50 26 38 2 27 0 0.12 0.0 0 3.1 16 160 M M 8 1 26 100
22 41 33 37 1 28 0 T 0.0 0 6.0 15 320 M M 9 1 20 320
23 48 23 36 -1 29 0 0.00 0.0 0 1.1 8 320 M M 1 12 12 270
24 39 24 32 -5 33 0 0.74 7.8 0 3.5 10 340 M M 6 12 18 60
25 36 31 34 -3 31 0 0.06 0.4 8 9.2 20 300 M M 10 18 26 300
26 38 22 30 -7 35 0 0.00 0.0 0 4.9 18 330 M M 5 24 320
27 54 29 42 5 23 0 0.00 0.0 0 10.2 25 210 M M 0 39 220
28 54 40 47 10 18 0 0.00 0.0 0 11.8 26 180 M M 6 1 36 180
29 52 27 40 3 25 0 T 0.0 0 6.3 15 320 M M 10 1 20 340
30 27 22 25 -12 40 0 0.21 0.6 1 6.6 16 300 M M 10 18 22 300
31 24 21 23 -15 42 0 0.11 0.2 1 5.2 10 340 M M 10 138 15 20
================================================================================
SM 1660 926 712 0 3.40 9.0 200.2 M 118
================================================================================
AV 53.5 29.9 6.5 FASTST M M 4 MAX(MPH)
MISC ----> 31 260 45 220
================================================================================
NOTES:
# LAST OF SEVERAL OCCURRENCES
COLUMN 17 PEAK WIND IN M.P.H.
PRELIMINARY LOCAL CLIMATOLOGICAL DATA (WS FORM: F-6) , PAGE 2
STATION: FAYETTEVILLE ARKANSAS
MONTH: JANUARY
YEAR: 2023
LATITUDE: 36 0 N
LONGITUDE: 94 10 W
[TEMPERATURE DATA] [PRECIPITATION DATA] SYMBOLS USED IN COLUMN 16
AVERAGE MONTHLY: 41.7 TOTAL FOR MONTH: 3.40 1 = FOG OR MIST
DPTR FM NORMAL: 5.3 DPTR FM NORMAL: 0.65 2 = FOG REDUCING VISIBILITY
HIGHEST: 76 ON 2 GRTST 24HR 1.26 ON 18-18 TO 1/4 MILE OR LESS
LOWEST: 19 ON 14 3 = THUNDER
SNOW, ICE PELLETS, HAIL 4 = ICE PELLETS
TOTAL MONTH: 9.0 INCHES 5 = HAIL
GRTST 24HR 7.8 ON 24-24 6 = FREEZING RAIN OR DRIZZLE
GRTST DEPTH: 8 ON 25 7 = DUSTSTORM OR SANDSTORM:
VSBY 1/2 MILE OR LESS
8 = SMOKE OR HAZE
[NO. OF DAYS WITH] [WEATHER - DAYS WITH] 9 = BLOWING SNOW
X = TORNADO
MAX 32 OR BELOW: 2 0.01 INCH OR MORE: 9
MAX 90 OR ABOVE: 0 0.10 INCH OR MORE: 7
MIN 32 OR BELOW: 20 0.50 INCH OR MORE: 3
MIN 0 OR BELOW: 0 1.00 INCH OR MORE: 1
[HDD (BASE 65) ]
TOTAL THIS MO. 712 CLEAR (SCALE 0-3) 17
DPTR FM NORMAL -175 PTCLDY (SCALE 4-7) 8
TOTAL FM JUL 1 2183 CLOUDY (SCALE 8-10) 6
DPTR FM NORMAL -336
[CDD (BASE 65) ]
TOTAL THIS MO. 0
DPTR FM NORMAL 0 [PRESSURE DATA]
TOTAL FM JAN 1 0 HIGHEST SLP 30.43 ON 31
DPTR FM NORMAL 0 LOWEST SLP 29.57 ON 16
[REMARKS]
#FINAL-01-23#