418
CXUS54 KTSA 011153
CF6FYV
PRELIMINARY LOCAL CLIMATOLOGICAL DATA (WS FORM: F-6)
STATION: FAYETTEVILLE ARKANSAS
MONTH: MARCH
YEAR: 2021
LATITUDE: 36 0 N
LONGITUDE: 94 10 W
TEMPERATURE IN F: :PCPN: SNOW: WIND :SUNSHINE: SKY :PK WND
================================================================================
1 2 3 4 5 6A 6B 7 8 9 10 11 12 13 14 15 16 17 18
12Z AVG MX 2MIN
DY MAX MIN AVG DEP HDD CDD WTR SNW DPTH SPD SPD DIR MIN PSBL S-S WX SPD DR
================================================================================
1 56 28 42 -2 23 0 0.00 0.0 0 3.5 13 350 M M 0 20 60
2 58 25 42 -2 23 0 0.00 0.0 0 5.1 17 180 M M 0 23 190
3 68 28 48 4 17 0 0.00 0.0 0 4.6 15 210 M M 0 20 230
4 71 28 50 5 15 0 0.00 0.0 0 3.3 16 180 M M 0 22 180
5 57 31 44 -1 21 0 0.08 0.0 0 5.7 15 90 M M 7 1 23 50
6 62 25 44 -1 21 0 0.00 0.0 0 1.0 9 320 M M 2 12 13 320
7 65 27 46 0 19 0 0.00 0.0 0 4.7 17 180 M M 0 26 170
8 67 27 47 1 18 0 0.00 0.0 0 5.8 20 180 M M 0 8 26 170
9 71 51 61 15 4 0 0.00 0.0 0 14.2 25 200 M M 4 38 170
10 70 60 65 19 0 0 0.00 0.0 0 18.5 32 200 M M 5 46 210
11 74 57 66 19 0 1 0.04 0.0 0 11.4 29 190 M M 9 1 37 190
12 72 52 62 15 3 0 0.42 0.0 0 3.9 18 190 M M 9 13 27 190
13 68 50 59 12 6 0 0.30 0.0 0 5.6 15 130 M M 7 1 23 150
14 69 42 56 8 9 0 0.64 0.0 0 8.3 25 160 M M 9 123 40 170
15 69 36 53 5 12 0 0.00 0.0 0 8.5 26 200 M M 3 12 39 220
16 74 35 55 7 10 0 0.00 0.0 0 4.1 16 170 M M 0 23 160
17 75 41 58 10 7 0 0.08 0.0 0 11.4 24 300 M M 6 13 34 220
18 43 35 39 -10 26 0 0.08 0.0 0 12.5 23 330 M M 10 1 32 300
19 63 35 49 0 16 0 0.00 0.0 0 6.9 15 340 M M 3 28 30
20 65 27 46 -3 19 0 0.00 0.0 0 2.6 14 160 M M 1 8 20 160
21 68 38 53 3 12 0 0.00 0.0 0 10.3 23 170 M M 0 8 32 190
22 63 46 55 5 10 0 0.19 0.0 0 9.7 29 170 M M 4 1 37 170
23 61 47 54 4 11 0 0.15 0.0 0 12.1 26 220 M M 7 1 36 210
24 67 36 52 2 13 0 0.08 0.0 0 6.3 14 80 M M 1 19 260
25 60 39 50 -1 15 0 1.16 0.0 0 6.2 24 80 M M 7 1 37 80
26 72 34 53 2 12 0 0.00 0.0 0 6.1 16 180 M M 4 12 22 150
27 80 47 64 13 1 0 0.13 0.0 0 8.1 24 320 M M 4 3 33 320
28 62 37 50 -2 15 0 0.00 0.0 0 6.9 23 330 M M 0 29 330
29 71 32 52 0 13 0 0.00 0.0 0 10.9 21 190 M M 0 38 170
30 71 52 62 10 3 0 0.00 0.0 0 12.9 22 190 M M 7 30 200
31 60 33 47 -5 18 0 0.00 0.0 0 8.5 23 320 M M 4 32 360
================================================================================
SM 2052 1181 392 1 3.35 0.0 239.6 M 113
================================================================================
AV 66.2 38.1 7.7 FASTST M M 4 MAX(MPH)
MISC ----> 32 200 46 210
================================================================================
NOTES:
# LAST OF SEVERAL OCCURRENCES
COLUMN 17 PEAK WIND IN M.P.H.
PRELIMINARY LOCAL CLIMATOLOGICAL DATA (WS FORM: F-6) , PAGE 2
STATION: FAYETTEVILLE ARKANSAS
MONTH: MARCH
YEAR: 2021
LATITUDE: 36 0 N
LONGITUDE: 94 10 W
[TEMPERATURE DATA] [PRECIPITATION DATA] SYMBOLS USED IN COLUMN 16
AVERAGE MONTHLY: 52.1 TOTAL FOR MONTH: 3.35 1 = FOG OR MIST
DPTR FM NORMAL: 4.0 DPTR FM NORMAL: -0.60 2 = FOG REDUCING VISIBILITY
HIGHEST: 80 ON 27 GRTST 24HR 1.24 ON 24-25 TO 1/4 MILE OR LESS
LOWEST: 25 ON 6, 2 3 = THUNDER
SNOW, ICE PELLETS, HAIL 4 = ICE PELLETS
TOTAL MONTH: 0.0 INCH 5 = HAIL
GRTST 24HR 0.0 6 = FREEZING RAIN OR DRIZZLE
GRTST DEPTH: 0 7 = DUSTSTORM OR SANDSTORM:
VSBY 1/2 MILE OR LESS
8 = SMOKE OR HAZE
[NO. OF DAYS WITH] [WEATHER - DAYS WITH] 9 = BLOWING SNOW
X = TORNADO
MAX 32 OR BELOW: 0 0.01 INCH OR MORE: 12
MAX 90 OR ABOVE: 0 0.10 INCH OR MORE: 7
MIN 32 OR BELOW: 10 0.50 INCH OR MORE: 2
MIN 0 OR BELOW: 0 1.00 INCH OR MORE: 1
[HDD (BASE 65) ]
TOTAL THIS MO. 392 CLEAR (SCALE 0-3) 15
DPTR FM NORMAL -134 PTCLDY (SCALE 4-7) 12
TOTAL FM JUL 1 3638 CLOUDY (SCALE 8-10) 4
DPTR FM NORMAL -191
[CDD (BASE 65) ]
TOTAL THIS MO. 1
DPTR FM NORMAL -3 [PRESSURE DATA]
TOTAL FM JAN 1 1 HIGHEST SLP 30.49 ON 31
DPTR FM NORMAL -3 LOWEST SLP 29.43 ON 17
[REMARKS]
#FINAL-03-21#