000
CXUS54 KOUN 010810
CF6GAG
PRELIMINARY LOCAL CLIMATOLOGICAL DATA (WS FORM: F-6)
STATION: GAGE
MONTH: APRIL
YEAR: 2022
LATITUDE: 36 17 N
LONGITUDE: 99 46 W
TEMPERATURE IN F: :PCPN: SNOW: WIND :SUNSHINE: SKY :PK WND
================================================================================
1 2 3 4 5 6A 6B 7 8 9 10 11 12 13 14 15 16 17 18
12Z AVG MX 2MIN
DY MAX MIN AVG DEP HDD CDD WTR SNW DPTH SPD SPD DIR MIN PSBL S-S WX SPD DR
================================================================================
1 73 39 56 1 9 0 0.33 M M 14.9 38 310 M M 4 13 47 300
2 71 35 53 -2 12 0 0.00 M M 7.8 17 180 M M 0 12 22 170
3 80 51 66 11 0 1 0.00 M M 16.1 32 190 M M 0 38 210
4 69 44 57 1 8 0 0.00 0.0 0 9.3 20 140 M M 5 24 90
5 91 43 67 11 0 2 0.00 M M 19.0 36 20 M M 4 1 45 20
6 65 38 52 -4 13 0 0.00 M M 19.1 38 320 M M 3 8 50 320
7 62 40 51 -5 14 0 0.00 M M 20.7 40 320 M M 5 8 51 330
8 64 32 48 -8 17 0 0.00 M M 14.8 29 330 M M 0 39 320
9 91 28 60 3 5 0 0.00 M M 15.7 33 190 M M 0 39 200
10 78 56 67 10 0 2 0.00 0.0 M 14.9 29 190 M M 0 36 190
11 75 42 59 2 6 0 0.00 0.0 M 12.4 24 150 M M 1 30 150
12 94 56 75 18 0 10 0.00 0.0 M 24.3 36 230 M M 2 50 230
13 67 35 51 -7 14 0 0.00 0.0 M 12.7 39 220 M M 2 49 240
14 70 27 49 -9 16 0 0.00 M M 15.3 35 160 M M 0 45 170
15 87 49 68 10 0 3 0.00 M M 16.4 29 170 M M 0 38 170
16 57 42 50 -8 15 0 0.00 M M 16.4 28 40 M M 9 34 20
17 74 36 55 -3 10 0 0.00 M M 7.2 17 360 M M 3 21 360
18 64 34 49 -10 16 0 0.00 M M 8.9 20 60 M M 0 1 28 70
19 66 42 54 -5 11 0 0.00 M M 24.4 39 180 M M 5 53 180
20 86 61 74 15 0 9 0.00 M M 16.2 41 180 M M 1 50 180
21 93 60 77 17 0 12 0.00 M M 20.2 33 160 M M 3 18 44 160
22 85 69 77 17 0 12 0.00 M M 33.5 46 170 M M 2 58 170
23 85 55 70 10 0 5 M M M 21.8 45 170 M M 1 18 57 180
24 72 41 57 -3 8 0 0.00 M M 11.9 24 20 M M 0 34 40
25 67 37 52 -9 13 0 0.00 M M 9.8 20 10 M M 1 27 360
26 74 32 53 -8 12 0 0.00 M M 12.6 24 180 M M 0 31 170
27 81 52 67 6 0 2 0.01 M M 22.8 33 180 M M 0 3 41 170
28 85 60 73 11 0 8 0.31 0.0 0 19.8 31 170 M M 6 13 39 170
29 93 57 75 13 0 10 0.00 0.0 0 21.8 38 340 M M 0 47 340
30 77 45 61 -1 4 0 0.00 0.0 0 12.8 32 330 M M 0 8 40 340
================================================================================
SM 2296 1338 203 76 0.65 0.0 493.5 M 57
================================================================================
AV 76.5 44.6 16.4 FASTST M M 2 MAX(MPH)
MISC ----> 46 170 58 170
================================================================================
NOTES:
# LAST OF SEVERAL OCCURRENCES
COLUMN 17 PEAK WIND IN M.P.H.
PRELIMINARY LOCAL CLIMATOLOGICAL DATA (WS FORM: F-6) , PAGE 2
STATION: GAGE
MONTH: APRIL
YEAR: 2022
LATITUDE: 36 17 N
LONGITUDE: 99 46 W
[TEMPERATURE DATA] [PRECIPITATION DATA] SYMBOLS USED IN COLUMN 16
AVERAGE MONTHLY: 60.6 TOTAL FOR MONTH: 0.65 1 = FOG OR MIST
DPTR FM NORMAL: 2.3 DPTR FM NORMAL: -1.37 2 = FOG REDUCING VISIBILITY
HIGHEST: 94 ON 12 GRTST 24HR 0.33 ON 1- 1 TO 1/4 MILE OR LESS
LOWEST: 27 ON 14 3 = THUNDER
SNOW, ICE PELLETS, HAIL 4 = ICE PELLETS
TOTAL MONTH: 0.0 INCH 5 = HAIL
GRTST 24HR 0.0 6 = FREEZING RAIN OR DRIZZLE
GRTST DEPTH: 0 7 = DUSTSTORM OR SANDSTORM:
VSBY 1/2 MILE OR LESS
8 = SMOKE OR HAZE
[NO. OF DAYS WITH] [WEATHER - DAYS WITH] 9 = BLOWING SNOW
X = TORNADO
MAX 32 OR BELOW: 0 0.01 INCH OR MORE: 3
MAX 90 OR ABOVE: 5 0.10 INCH OR MORE: 2
MIN 32 OR BELOW: 4 0.50 INCH OR MORE: 0
MIN 0 OR BELOW: 0 1.00 INCH OR MORE: 0
[HDD (BASE 65) ]
TOTAL THIS MO. 203 CLEAR (SCALE 0-3) 20
DPTR FM NORMAL -40 PTCLDY (SCALE 4-7) 9
TOTAL FM JUL 1 3639 CLOUDY (SCALE 8-10) 1
DPTR FM NORMAL -312
[CDD (BASE 65) ]
TOTAL THIS MO. 76
DPTR FM NORMAL 34 [PRESSURE DATA]
TOTAL FM JAN 1 85 HIGHEST SLP M ON M
DPTR FM NORMAL 31 LOWEST SLP 29.23 ON 13
[REMARKS]
#FINAL-04-22#