000
CXUS54 KOUN 010910
CF6GAG
PRELIMINARY LOCAL CLIMATOLOGICAL DATA (WS FORM: F-6)
STATION: GAGE
MONTH: DECEMBER
YEAR: 2020
LATITUDE: 36 17 N
LONGITUDE: 99 46 W
TEMPERATURE IN F: :PCPN: SNOW: WIND :SUNSHINE: SKY :PK WND
================================================================================
1 2 3 4 5 6A 6B 7 8 9 10 11 12 13 14 15 16 17 18
12Z AVG MX 2MIN
DY MAX MIN AVG DEP HDD CDD WTR SNW DPTH SPD SPD DIR MIN PSBL S-S WX SPD DR
================================================================================
1 57 20 39 1 26 0 0.00 M M 6.8 16 20 M M 0 19 20
2 38 32 35 -3 30 0 0.06 M M 19.9 26 360 M M 9 128 35 10
3 34 20 27 -11 38 0 T M M 13.8 28 350 M M 6 1 35 350
4 44 17 31 -6 34 0 0.00 M M 7.4 12 250 M M 0 13 260
5 47 24 36 -1 29 0 0.00 M M 5.5 14 340 M M 0 17 340
6 50 26 38 1 27 0 0.00 M M 5.7 13 260 M M 0 14 250
7 58 25 42 6 23 0 0.00 0.0 M 7.9 14 330 M M 0 15 340
8 69 26 48 12 17 0 0.00 0.0 M 7.4 13 250 M M 0 16 270
9 69 24 47 11 18 0 0.00 0.0 M 5.0 13 250 M M 0 14 260
10 62 23 43 7 22 0 0.00 M M 5.9 13 10 M M 1 16 20
11 44 30 37 2 28 0 0.00 M M 11.4 17 330 M M 6 23 340
12 43 26 35 0 30 0 0.00 M M 9.7 17 320 M M 3 22 320
13 34 16 25 -10 40 0 0.07 M M 11.4 21 340 M M 6 1 27 10
14 35 8 22 -13 43 0 0.00 M M 9.2 24 150 M M 0 1 28 150
15 30 26 28 -7 37 0 M M M 7.7 13 110 M M 8 12 17 120
16 39 2 21 -13 44 0 0.00 M M 7.1 17 300 M M 2 19 310
17 47 16 32 -2 33 0 0.00 0.0 M 10.0 23 180 M M 0 29 170
18 54 35 45 11 20 0 0.00 M M 15.5 28 180 M M 0 34 170
19 53 25 39 5 26 0 0.00 M M 5.3 12 350 M M 0 15 340
20 58 27 43 9 22 0 0.00 M M 9.3 15 210 M M 0 18 210
21 65 28 47 13 18 0 0.00 M M 5.8 12 250 M M 0 13 250
22 67 25 46 12 19 0 0.00 M M 15.9 32 190 M M 0 40 190
23 55 17 36 2 29 0 0.00 M M 18.0 39 340 M M 3 50 330
24 52 16 34 0 31 0 0.00 M M 14.0 31 330 M M 2 42 320
25 67 23 45 11 20 0 0.00 M M 9.6 17 250 M M 0 23 240
26 67 23 45 11 20 0 0.00 0.0 M 10.6 22 180 M M 0 28 180
27 59 28 44 10 21 0 0.00 M M 11.9 30 340 M M 0 36 340
28 41 29 35 1 30 0 T M M 7.4 18 80 M M 3 25 80
29 45 32 39 5 26 0 0.14 M M 5.7 23 360 M M 10 126 30 360
30 44 19 32 -2 33 0 0.00 M M 8.6 15 20 M M 2 20 10
31 43 13 28 -6 37 0 0.00 M M 7.7 21 360 M M 1 26 10
================================================================================
SM 1570 701 871 0 0.27 0.0 297.1 M 62
================================================================================
AV 50.6 22.6 9.6 FASTST M M 2 MAX(MPH)
MISC ----> 39 340 50 330
================================================================================
NOTES:
# LAST OF SEVERAL OCCURRENCES
COLUMN 17 PEAK WIND IN M.P.H.
PRELIMINARY LOCAL CLIMATOLOGICAL DATA (WS FORM: F-6) , PAGE 2
STATION: GAGE
MONTH: DECEMBER
YEAR: 2020
LATITUDE: 36 17 N
LONGITUDE: 99 46 W
[TEMPERATURE DATA] [PRECIPITATION DATA] SYMBOLS USED IN COLUMN 16
AVERAGE MONTHLY: 36.6 TOTAL FOR MONTH: 0.27 1 = FOG OR MIST
DPTR FM NORMAL: 1.5 DPTR FM NORMAL: -0.62 2 = FOG REDUCING VISIBILITY
HIGHEST: 69 ON 9, 8 GRTST 24HR 0.23 ON 15-15 TO 1/4 MILE OR LESS
LOWEST: 2 ON 16 3 = THUNDER
SNOW, ICE PELLETS, HAIL 4 = ICE PELLETS
TOTAL MONTH: 0.0 INCH 5 = HAIL
GRTST 24HR 0.0 6 = FREEZING RAIN OR DRIZZLE
GRTST DEPTH: M ON M 7 = DUSTSTORM OR SANDSTORM:
VSBY 1/2 MILE OR LESS
8 = SMOKE OR HAZE
[NO. OF DAYS WITH] [WEATHER - DAYS WITH] 9 = BLOWING SNOW
X = TORNADO
MAX 32 OR BELOW: 1 0.01 INCH OR MORE: 3
MAX 90 OR ABOVE: 0 0.10 INCH OR MORE: 1
MIN 32 OR BELOW: 30 0.50 INCH OR MORE: 0
MIN 0 OR BELOW: 0 1.00 INCH OR MORE: 0
[HDD (BASE 65) ]
TOTAL THIS MO. 871 CLEAR (SCALE 0-3) 23
DPTR FM NORMAL -56 PTCLDY (SCALE 4-7) 6
TOTAL FM JUL 1 1612 CLOUDY (SCALE 8-10) 2
DPTR FM NORMAL -185
[CDD (BASE 65) ]
TOTAL THIS MO. 0
DPTR FM NORMAL 0 [PRESSURE DATA]
TOTAL FM JAN 1 1951 HIGHEST SLP 30.40 ON 14
DPTR FM NORMAL 319 LOWEST SLP 29.54 ON 23
[REMARKS]
#FINAL-12-20#