000
CXUS56 KFGZ 010910
CF6GCN
PRELIMINARY LOCAL CLIMATOLOGICAL DATA (WS FORM: F-6)
STATION: GRAND CANYON AZ AIRPORT
MONTH: JANUARY
YEAR: 2024
LATITUDE: 35 57 N
LONGITUDE: 112 9 W
TEMPERATURE IN F: :PCPN: SNOW: WIND :SUNSHINE: SKY :PK WND
================================================================================
1 2 3 4 5 6A 6B 7 8 9 10 11 12 13 14 15 16 17 18
12Z AVG MX 2MIN
DY MAX MIN AVG DEP HDD CDD WTR SNW DPTH SPD SPD DIR MIN PSBL S-S WX SPD DR
================================================================================
1 43 14 29 0 36 0 0.00 M M 5.4 15 50 M M 1 20 60
2 48 12 30 1 35 0 0.00 M M 2.0 12 220 M M 0 17 210
3 42 13 28 -1 37 0 0.08 M M 5.8 24 220 M M 6 18 32 230
4 34 17 26 -3 39 0 T M M 3.8 14 320 M M 8 1 24 330
5 37 6 22 -7 43 0 0.00 M M 4.3 17 330 M M 2 29 330
6 35 5 20 -9 45 0 0.00 M M 7.0 20 210 M M 4 33 210
7 29 0 15 -14 50 0 0.09 M M 11.0 30 210 M M 9 12 42 210
8 31 -12 10 -19 55 0 0.00 M M 3.9 12 280 M M 0 19 270
9 39 -5 17 -12 48 0 0.00 M M 2.3 12 240 M M 0 8 19 240
10 36 1 19 -11 46 0 0.00 M M 8.4 21 210 M M 1 8 28 210
11 27 -6 11 -19 54 0 0.09 M M 9.3 25 210 M M 5 12 40 210
12 37 -11 13 -17 52 0 0.00 M M 6.4 18 250 M M 0 25 260
13 42 2 22 -8 43 0 0.00 M M 6.7 18 230 M M 2 25 210
14 46 16 31 1 34 0 0.00 M M 5.3 14 270 M M 1 23 270
15 44 11 28 -2 37 0 0.00 M M 2.8 13 280 M M 0 25 270
16 49 9 29 -1 36 0 0.00 M M 2.5 15 210 M M 0 8 18 210
17 43 16 30 0 35 0 0.00 M M 6.6 20 230 M M 6 28 220
18 52 19 36 6 29 0 0.00 M M 2.9 10 220 M M 0 18 17 260
19 53 23 38 8 27 0 0.00 M M 2.5 9 120 M M 0 13 130
20 48 25 37 7 28 0 T M M 4.2 17 210 M M 6 25 220
21 38 33 36 6 29 0 0.43 M M 7.7 15 210 M M 10 1 23 220
22 39 33 36 6 29 0 0.05 M M 3.6 9 220 M M 10 12 13 170
23 39 32 36 6 29 0 0.11 M M 2.3 8 60 M M 10 1 10 60
24 43 27 35 5 30 0 0.00 M M 2.5 10 220 M M 7 12 16 210
25 37 30 34 4 31 0 0.38 M M 6.4 18 230 M M 10 12 35 280
26 44 17 31 1 34 0 0.00 M M 2.7 13 60 M M 0 16 60
27 48 19 34 4 31 0 0.00 M M 6.2 16 60 M M 0 22 40
28 49 25 37 7 28 0 0.00 M M 7.9 20 50 M M 0 28 60
29 55 30 43 13 22 0 0.00 M M 9.3 20 40 M M 0 27 50
30 56 26 41 10 24 0 0.00 M M 5.8 16 40 M M 0 20 40
31 58 23 41 10 24 0 0.00 M M 4.9 21 220 M M 1 27 240
================================================================================
SM 1321 450 1120 0 1.23 M 162.4 M 99
================================================================================
AV 42.6 14.5 5.2 FASTST M M 3 MAX(MPH)
MISC ----> 30 210 42 210
================================================================================
NOTES:
# LAST OF SEVERAL OCCURRENCES
COLUMN 17 PEAK WIND IN M.P.H.
PRELIMINARY LOCAL CLIMATOLOGICAL DATA (WS FORM: F-6) , PAGE 2
STATION: GRAND CANYON AZ AIRPORT
MONTH: JANUARY
YEAR: 2024
LATITUDE: 35 57 N
LONGITUDE: 112 9 W
[TEMPERATURE DATA] [PRECIPITATION DATA] SYMBOLS USED IN COLUMN 16
AVERAGE MONTHLY: 28.6 TOTAL FOR MONTH: 1.23 1 = FOG OR MIST
DPTR FM NORMAL: -1.3 DPTR FM NORMAL: 0.00 2 = FOG REDUCING VISIBILITY
HIGHEST: 58 ON 31 GRTST 24HR 0.43 ON 21-21 TO 1/4 MILE OR LESS
LOWEST: -12 ON 8 3 = THUNDER
SNOW, ICE PELLETS, HAIL 4 = ICE PELLETS
TOTAL MONTH: M 5 = HAIL
GRTST 24HR M ON M 6 = FREEZING RAIN OR DRIZZLE
GRTST DEPTH: M ON M 7 = DUSTSTORM OR SANDSTORM:
VSBY 1/2 MILE OR LESS
8 = SMOKE OR HAZE
[NO. OF DAYS WITH] [WEATHER - DAYS WITH] 9 = BLOWING SNOW
X = TORNADO
MAX 32 OR BELOW: 3 0.01 INCH OR MORE: 7
MAX 90 OR ABOVE: 0 0.10 INCH OR MORE: 3
MIN 32 OR BELOW: 29 0.50 INCH OR MORE: 0
MIN 0 OR BELOW: 5 1.00 INCH OR MORE: 0
[HDD (BASE 65) ]
TOTAL THIS MO. 1120 CLEAR (SCALE 0-3) 19
DPTR FM NORMAL 30 PTCLDY (SCALE 4-7) 6
TOTAL FM JUL 1 3441 CLOUDY (SCALE 8-10) 6
DPTR FM NORMAL -369
[CDD (BASE 65) ]
TOTAL THIS MO. 0
DPTR FM NORMAL 0 [PRESSURE DATA]
TOTAL FM JAN 1 0 HIGHEST SLP M ON M
DPTR FM NORMAL 0 LOWEST SLP 29.51 ON 7
[REMARKS]
#FINAL-01-24#