725
CXUS54 KMAF 011510
CF6GDP
PRELIMINARY LOCAL CLIMATOLOGICAL DATA (WS FORM: F-6)
STATION: GUADALUPE PASS
MONTH: AUGUST
YEAR: 2020
LATITUDE: 31 49 N
LONGITUDE: 104 48 W
TEMPERATURE IN F: :PCPN: SNOW: WIND :SUNSHINE: SKY :PK WND
================================================================================
1 2 3 4 5 6A 6B 7 8 9 10 11 12 13 14 15 16 17 18
12Z AVG MX 2MIN
DY MAX MIN AVG DEP HDD CDD WTR SNW DPTH SPD SPD DIR MIN PSBL S-S WX SPD DR
================================================================================
1 90 68 79 3 0 14 T M M 8.7 25 260 M M 1 32 260
2 96 62 79 3 0 14 0.05 M M 13.7 48 40 M M 1 1 53 40
3 91 62 77 1 0 12 T M M 14.5 33 40 M M 2 1 37 30
4 98 70 84 8 0 19 0.00 M M 11.0 28 10 M M 1 31 10
5 93 70 82 6 0 17 T M M 14.1 32 50 M M 1 38 50
6 99 72 86 10 0 21 T M M 10.8 32 80 M M 3 38 80
7 94 74 84 8 0 19 T M M 10.5 32 110 M M 1 41 110
8 96 69 83 7 0 18 0.00 M M 13.6 31 40 M M 0 35 50
9 98 71 85 9 0 20 0.25 M M 14.1 32 330 M M 1 45 320
10 98 73 86 10 0 21 0.00 M M 12.2 24 200 M M 0 31 200
11 97 71 84 8 0 19 0.00 M M 13.1 30 100 M M 1 38 100
12 101 75 88 13 0 23 0.00 M M 10.5 37 10 M M 0 42 10
13 103 76 90 15 0 25 0.00 M M 10.7 22 200 M M 0 29 60
14 101 77 89 14 0 24 0.00 M M 10.4 29 80 M M 0 35 90
15 99 74 87 12 0 22 T M M 15.6 44 40 M M 1 8 49 40
16 86 66 76 1 0 11 0.01 M M 24.1 41 40 M M 3 8 46 40
17 88 63 76 1 0 11 0.22 M M 19.2 37 50 M M 2 8 41 40
18 85 66 76 1 0 11 0.00 M M 14.1 26 50 M M 1 28 50
19 92 70 81 6 0 16 0.00 M M 10.2 20 100 M M 0 25 110
20 98 72 85 10 0 20 0.00 M M 16.1 28 240 M M 0 31 260
21 91 67 79 4 0 14 0.00 M M 18.7 43 40 M M 0 47 40
22 92 72 82 7 0 17 0.00 M M 14.9 35 10 M M 0 45 360
23 90 73 82 7 0 17 0.00 M M 13.7 28 70 M M 0 8 31 80
24 86 69 78 4 0 13 0.00 M M 15.6 30 80 M M 0 35 80
25 85 67 76 2 0 11 0.00 M M 13.8 24 80 M M 0 8 30 80
26 88 70 79 5 0 14 0.00 M M 10.8 22 100 M M 0 28 60
27 93 72 83 9 0 18 0.00 M M 11.0 21 50 M M 1 26 80
28 100 75 88 14 0 23 0.00 M M 11.5 24 240 M M 1 28 260
29 93 73 83 9 0 18 0.00 M M 16.2 26 50 M M 0 32 40
30 95 75 85 11 0 20 0.00 M M 11.9 25 260 M M 2 31 270
31 92 72 82 9 0 17 T M M 21.9 40 230 M M 5 8 47 230
================================================================================
SM 2908 2186 0 539 0.53 M 427.2 M 28
================================================================================
AV 93.8 70.5 13.8 FASTST M M 1 MAX(MPH)
MISC ----> 48 40 53 40
================================================================================
NOTES:
# LAST OF SEVERAL OCCURRENCES
COLUMN 17 PEAK WIND IN M.P.H.
PRELIMINARY LOCAL CLIMATOLOGICAL DATA (WS FORM: F-6) , PAGE 2
STATION: GUADALUPE PASS
MONTH: AUGUST
YEAR: 2020
LATITUDE: 31 49 N
LONGITUDE: 104 48 W
[TEMPERATURE DATA] [PRECIPITATION DATA] SYMBOLS USED IN COLUMN 16
AVERAGE MONTHLY: 82.2 TOTAL FOR MONTH: 0.53 1 = FOG OR MIST
DPTR FM NORMAL: 7.3 DPTR FM NORMAL: -1.70 2 = FOG REDUCING VISIBILITY
HIGHEST: 103 ON 13 GRTST 24HR 0.25 ON 9- 9 TO 1/4 MILE OR LESS
LOWEST: 62 ON 3, 2 3 = THUNDER
SNOW, ICE PELLETS, HAIL 4 = ICE PELLETS
TOTAL MONTH: 0.0 INCH 5 = HAIL
GRTST 24HR M ON M 6 = FREEZING RAIN OR DRIZZLE
GRTST DEPTH: 0 7 = DUSTSTORM OR SANDSTORM:
VSBY 1/2 MILE OR LESS
8 = SMOKE OR HAZE
[NO. OF DAYS WITH] [WEATHER - DAYS WITH] 9 = BLOWING SNOW
X = TORNADO
MAX 32 OR BELOW: 0 0.01 INCH OR MORE: 4
MAX 90 OR ABOVE: 25 0.10 INCH OR MORE: 2
MIN 32 OR BELOW: 0 0.50 INCH OR MORE: 0
MIN 0 OR BELOW: 0 1.00 INCH OR MORE: 0
[HDD (BASE 65) ]
TOTAL THIS MO. 0 CLEAR (SCALE 0-3) 30
DPTR FM NORMAL -1 PTCLDY (SCALE 4-7) 1
TOTAL FM JUL 1 0 CLOUDY (SCALE 8-10) 0
DPTR FM NORMAL -2
[CDD (BASE 65) ]
TOTAL THIS MO. 539
DPTR FM NORMAL 230 [PRESSURE DATA]
TOTAL FM JAN 1 1496 HIGHEST SLP 30.19 ON 17
DPTR FM NORMAL 267 LOWEST SLP 29.64 ON 31
[REMARKS]
#FINAL-08-20#