000
CXUS51 KPHI 012032
CLMGED
CLIMATE REPORT
NATIONAL WEATHER SERVICE MOUNT HOLLY NJ
432 PM EDT MON MAY 01 2023
...................................
...THE GEORGETOWN DE CLIMATE SUMMARY FOR THE MONTH OF APRIL 2023...
CLIMATE NORMAL PERIOD: 1991 TO 2020
CLIMATE RECORD PERIOD: 1948 TO 2023
WEATHER OBSERVED NORMAL DEPART LAST YEAR`S
VALUE DATE(S) VALUE FROM VALUE
NORMAL
..............................................................
TEMPERATURE (F)
RECORD
HIGH 94 04/26/2009
04/17/2002
05/23/1911
LOW 20 04/01/1969
04/04/1965
HIGHEST 90 MM MM 84
LOWEST 33 MM MM 31
AVG. MAXIMUM 72.4 66.3 6.1 65.6
AVG. MINIMUM 48.9 45.3 3.6 44.0
MEAN 60.7 55.8 4.9 54.8
DAYS MAX >= 90 1 0.0 1.0 0
DAYS MAX <= 32 0 0.0 0.0 0
DAYS MIN <= 32 0 2.1 -2.1 1
DAYS MIN <= 0 0 0.0 0.0 0
PRECIPITATION (INCHES)
RECORD
MAXIMUM 6.48 1989
MINIMUM 0.34 1985
TOTALS 6.31 3.29 3.02 2.96
DAILY AVG. 0.21 0.11 0.10 0.10
DAYS >= .01 8 11.1 -3.1 8
DAYS >= .10 7 6.5 0.5 5
DAYS >= .50 4 2.1 1.9 2
DAYS >= 1.00 2 0.8 1.2 2
GREATEST
24 HR. TOTAL 2.40 04/30 TO 04/30 1.29
DEGREE DAYS
HEATING TOTAL 183 301 -118 311
SINCE 7/1 3288 3954 -666 MM
COOLING TOTAL 60 25 35 12
SINCE 1/1 60 28 32 MM
..............................................................
WIND (MPH)
AVERAGE WIND SPEED 7.9
HIGHEST WIND SPEED/DIRECTION 31/220 DATE 04/01
HIGHEST GUST SPEED/DIRECTION 41/230 DATE 04/01
SKY COVER
POSSIBLE SUNSHINE (PERCENT) MM
AVERAGE SKY COVER 0.29
NUMBER OF DAYS FAIR 18
NUMBER OF DAYS PC 7
NUMBER OF DAYS CLOUDY 5
AVERAGE RH (PERCENT) 62
WEATHER CONDITIONS. NUMBER OF DAYS WITH
THUNDERSTORM 6 MIXED PRECIP 0
HEAVY RAIN 5 RAIN 7
LIGHT RAIN 12 FREEZING RAIN 0
LT FREEZING RAIN 0 HEAVY SNOW 0
SNOW 0 LIGHT SNOW 0
SLEET 0 FOG 9
FOG W/VIS <= 1/4 MILE 2 HAZE 0
- INDICATES NEGATIVE NUMBERS.
R INDICATES RECORD WAS SET OR TIED.
MM INDICATES DATA IS MISSING.
T INDICATES TRACE AMOUNT.
$$