000
CXUS53 KIND 010600
CF6GEZ
PRELIMINARY LOCAL CLIMATOLOGICAL DATA (WS FORM: F-6)
STATION: SHELBYVILLE IN
MONTH: OCTOBER
YEAR: 2022
LATITUDE: 39 35 N
LONGITUDE: 85 48 W
TEMPERATURE IN F: :PCPN: SNOW: WIND :SUNSHINE: SKY :PK WND
================================================================================
1 2 3 4 5 6A 6B 7 8 9 10 11 12 13 14 15 16 17 18
12Z AVG MX 2MIN
DY MAX MIN AVG DEP HDD CDD WTR SNW DPTH SPD SPD DIR MIN PSBL S-S WX SPD DR
================================================================================
1 77 45 61 -1 4 0 0.00 M M 9.7 20 20 M M 0 28 10
2 74 51 63 1 2 0 0.00 M M 10.3 20 350 M M 0 27 360
3 74 42 58 -3 7 0 0.00 M M 6.9 15 40 M M 0 22 50
4 76 38 57 -4 8 0 0.00 M M 3.8 9 50 M M 0 1 14 40
5 79 40 60 -1 5 0 0.00 M M 1.5 9 300 M M 0 13 270
6 77 48 63 3 2 0 T M M 3.7 14 210 M M 3 19 210
7 61 42 52 -8 13 0 0.00 M M 10.5 18 340 M M 2 25 340
8 59 33 46 -13 19 0 0.00 M M 4.8 14 260 M M 1 1 21 270
9 67 33 50 -9 15 0 0.00 M M 6.4 17 230 M M 0 26 260
10 77 39 58 -1 7 0 0.00 M M 6.5 15 230 M M 1 8 22 240
11 78 50 64 6 1 0 0.00 M M 9.0 23 180 M M 4 29 200
12 74 51 63 5 2 0 T M M 11.5 23 200 M M 7 34 200
13 64 43 54 -3 11 0 T M M 11.4 25 230 M M 5 35 220
14 68 34 51 -6 14 0 T M M 11.5 28 200 M M 3 37 220
15 62 40 51 -5 14 0 0.00 M M 8.0 17 290 M M M 25 290
16 73 40 57 1 8 0 0.00 M M 9.0 22 250 M M M 28 250
17 51 37 44 -12 21 0 0.02 M M 13.5 25 300 M M M 36 290
18 47 36 42 -13 23 0 0.03 M M 11.5 21 300 M M M 30 290
19 54 33 44 -11 21 0 0.00 M M 11.7 21 250 M M M 8 35 260
20 61 30 46 -8 19 0 0.00 M M 10.7 21 230 M M 2 28 220
21 76 43 60 6 5 0 0.00 M M 11.8 24 210 M M 0 33 190
22 79 51 65 11 0 0 0.00 M M 11.7 22 190 M M 0 30 190
23 80 61 71 18 0 6 0.00 M M 11.4 22 190 M M 1 31 150
24 78 56 67 14 0 2 0.00 M M 9.7 18 200 M M 0 26 150
25 74 60 67 15 0 2 M M M 11.5 24 170 M M 5 18 32 190
26 61 38 50 -2 15 0 T M M 10.6 23 220 M M 7 1 30 240
27 59 31 45 -7 20 0 0.00 M M 7.3 15 60 M M 0 1 21 60
28 68 39 54 3 11 0 0.00 M M 6.7 13 70 M M 0 18 60
29 71 39 55 4 10 0 0.00 M M 5.6 10 120 M M 0 14 40
30 65 45 55 5 10 0 M M M 7.3 12 150 M M 5 1 15 130
31 65 58 62 12 3 0 M M M 9.0 17 210 M M 10 1 23 200
================================================================================
SM 2129 1326 290 10 0.05 M 274.5 M 56
================================================================================
AV 68.7 42.8 8.9 FASTST M M 2 MAX(MPH)
MISC ----> 28 200 37 220
================================================================================
NOTES:
# LAST OF SEVERAL OCCURRENCES
COLUMN 17 PEAK WIND IN M.P.H.
PRELIMINARY LOCAL CLIMATOLOGICAL DATA (WS FORM: F-6) , PAGE 2
STATION: SHELBYVILLE IN
MONTH: OCTOBER
YEAR: 2022
LATITUDE: 39 35 N
LONGITUDE: 85 48 W
[TEMPERATURE DATA] [PRECIPITATION DATA] SYMBOLS USED IN COLUMN 16
AVERAGE MONTHLY: 55.7 TOTAL FOR MONTH: 0.05 1 = FOG OR MIST
DPTR FM NORMAL: -0.4 DPTR FM NORMAL: -3.15 2 = FOG REDUCING VISIBILITY
HIGHEST: 80 ON 23 GRTST 24HR 0.03 ON 18-18 TO 1/4 MILE OR LESS
LOWEST: 30 ON 20 3 = THUNDER
SNOW, ICE PELLETS, HAIL 4 = ICE PELLETS
TOTAL MONTH: M 5 = HAIL
GRTST 24HR M ON M 6 = FREEZING RAIN OR DRIZZLE
GRTST DEPTH: M ON M 7 = DUSTSTORM OR SANDSTORM:
VSBY 1/2 MILE OR LESS
8 = SMOKE OR HAZE
[NO. OF DAYS WITH] [WEATHER - DAYS WITH] 9 = BLOWING SNOW
X = TORNADO
MAX 32 OR BELOW: 0 0.01 INCH OR MORE: 2
MAX 90 OR ABOVE: 0 0.10 INCH OR MORE: 0
MIN 32 OR BELOW: 2 0.50 INCH OR MORE: 0
MIN 0 OR BELOW: 0 1.00 INCH OR MORE: 0
[HDD (BASE 65) ]
TOTAL THIS MO. 290 CLEAR (SCALE 0-3) 18
DPTR FM NORMAL -14 PTCLDY (SCALE 4-7) 7
TOTAL FM JUL 1 341 CLOUDY (SCALE 8-10) 6
DPTR FM NORMAL -23
[CDD (BASE 65) ]
TOTAL THIS MO. 10
DPTR FM NORMAL -16 [PRESSURE DATA]
TOTAL FM JAN 1 1436 HIGHEST SLP M ON M
DPTR FM NORMAL 288 LOWEST SLP 29.59 ON 25
[REMARKS]
#FINAL-10-22#