000
CXUS53 KIND 010600
CF6GEZ
PRELIMINARY LOCAL CLIMATOLOGICAL DATA (WS FORM: F-6)
STATION: SHELBYVILLE IN
MONTH: SEPTEMBER
YEAR: 2021
LATITUDE: 39 35 N
LONGITUDE: 85 48 W
TEMPERATURE IN F: :PCPN: SNOW: WIND :SUNSHINE: SKY :PK WND
================================================================================
1 2 3 4 5 6A 6B 7 8 9 10 11 12 13 14 15 16 17 18
12Z AVG MX 2MIN
DY MAX MIN AVG DEP HDD CDD WTR SNW DPTH SPD SPD DIR MIN PSBL S-S WX SPD DR
================================================================================
1 82 61 72 0 0 7 0.00 M M 7.5 16 40 M M 1 24 10
2 82 57 70 -1 0 5 0.00 M M 5.2 10 60 M M 0 8 16 70
3 81 57 69 -2 0 4 T M M 5.4 10 120 M M 0 15 110
4 75 65 70 -1 0 5 0.32 M M 6.3 14 210 M M 10 1 21 180
5 82 60 71 0 0 6 T M M 5.2 13 350 M M 5 1 19 10
6 86 55 71 1 0 6 0.00 M M 6.5 17 240 M M 2 24 250
7 87 63 75 5 0 10 0.14 M M 10.0 21 210 M M 2 3 31 210
8 84 64 74 4 0 9 0.00 M M 7.7 16 200 M M 3 23 280
9 81 55 68 -2 0 3 0.00 M M 4.0 14 330 M M 3 20 330
10 81 52 67 -2 0 2 0.00 M M 3.3 10 150 M M 1 1 14 160
11 85 60 73 4 0 8 0.00 M M 11.5 20 210 M M 2 30 200
12 89 66 78 9 0 13 0.00 M M 10.8 23 210 M M 0 32 210
13 89 65 77 8 0 12 0.00 M M 8.4 18 210 M M 0 1 26 200
14 91 68 80 12 0 15 0.58 M M 10.1 22 310 M M 2 13 37 330
15 80 60 70 2 0 5 0.37 M M 4.9 12 20 M M 6 13 18 20
16 84 58 71 3 0 6 0.00 M M 5.0 10 100 M M 3 1 14 100
17 90 62 76 9 0 11 0.00 M M 2.6 7 290 M M 2 18 12 120
18 93 65 79 12 0 14 0.00 M M 2.1 8 50 M M 0 1 13 50
19 91 65 78 11 0 13 0.00 M M 5.7 14 170 M M 0 1 19 150
20 75 69 72 6 0 7 1.00 M M 10.4 20 150 M M 8 1 28 170
21 79 62 71 5 0 6 0.19 M M 8.0 23 330 M M 9 1 35 340
22 62 55 59 -7 6 0 2.30 M M 11.3 20 340 M M 10 1 35 360
23 69 46 58 -7 7 0 0.01 M M 8.5 16 280 M M 5 28 270
24 76 45 61 -4 4 0 0.00 M M 7.3 15 190 M M 0 22 190
25 72 51 62 -2 3 0 0.13 M M 8.9 17 300 M M 2 1 23 300
26 77 46 62 -2 3 0 0.00 M M 8.0 16 210 M M 0 24 220
27 87 59 73 9 0 8 0.01 M M 11.5 22 210 M M 0 3 35 200
28 87 63 75 12 0 10 T M M 5.2 10 250 M M 0 38 16 240
29 87 58 73 10 0 8 0.00 M M 4.6 9 70 M M 0 15 280
30 84 56 70 7 0 5 0.00 M M 4.8 9 110 M M 0 12 100
================================================================================
SM 2468 1768 23 198 5.05 M 210.7 M 76
================================================================================
AV 82.3 58.9 7.0 FASTST M M 3 MAX(MPH)
MISC ----> # 23 210 37 330
================================================================================
NOTES:
# LAST OF SEVERAL OCCURRENCES
COLUMN 17 PEAK WIND IN M.P.H.
PRELIMINARY LOCAL CLIMATOLOGICAL DATA (WS FORM: F-6) , PAGE 2
STATION: SHELBYVILLE IN
MONTH: SEPTEMBER
YEAR: 2021
LATITUDE: 39 35 N
LONGITUDE: 85 48 W
[TEMPERATURE DATA] [PRECIPITATION DATA] SYMBOLS USED IN COLUMN 16
AVERAGE MONTHLY: 70.6 TOTAL FOR MONTH: 5.05 1 = FOG OR MIST
DPTR FM NORMAL: 3.1 DPTR FM NORMAL: 1.91 2 = FOG REDUCING VISIBILITY
HIGHEST: 93 ON 18 GRTST 24HR 2.45 ON 21-22 TO 1/4 MILE OR LESS
LOWEST: 45 ON 24 3 = THUNDER
SNOW, ICE PELLETS, HAIL 4 = ICE PELLETS
TOTAL MONTH: M 5 = HAIL
GRTST 24HR M ON M 6 = FREEZING RAIN OR DRIZZLE
GRTST DEPTH: M ON M 7 = DUSTSTORM OR SANDSTORM:
VSBY 1/2 MILE OR LESS
8 = SMOKE OR HAZE
[NO. OF DAYS WITH] [WEATHER - DAYS WITH] 9 = BLOWING SNOW
X = TORNADO
MAX 32 OR BELOW: 0 0.01 INCH OR MORE: 10
MAX 90 OR ABOVE: 4 0.10 INCH OR MORE: 8
MIN 32 OR BELOW: 0 0.50 INCH OR MORE: 3
MIN 0 OR BELOW: 0 1.00 INCH OR MORE: 2
[HDD (BASE 65) ]
TOTAL THIS MO. 23 CLEAR (SCALE 0-3) 22
DPTR FM NORMAL -34 PTCLDY (SCALE 4-7) 5
TOTAL FM JUL 1 23 CLOUDY (SCALE 8-10) 3
DPTR FM NORMAL -36
[CDD (BASE 65) ]
TOTAL THIS MO. 198
DPTR FM NORMAL 65 [PRESSURE DATA]
TOTAL FM JAN 1 1392 HIGHEST SLP M ON M
DPTR FM NORMAL 270 LOWEST SLP 29.70 ON 1
[REMARKS]
#FINAL-09-21#