000
CXUS53 KFGF 010815
CF6GFK
PRELIMINARY LOCAL CLIMATOLOGICAL DATA (WS FORM: F-6)
STATION: GRAND FORKS INTL AP ND
MONTH: MAY
YEAR: 2022
LATITUDE: 47 57 N
LONGITUDE: 97 11 W
TEMPERATURE IN F: :PCPN: SNOW: WIND :SUNSHINE: SKY :PK WND
================================================================================
1 2 3 4 5 6A 6B 7 8 9 10 11 12 13 14 15 16 17 18
12Z AVG MX 2MIN
DY MAX MIN AVG DEP HDD CDD WTR SNW DPTH SPD SPD DIR MIN PSBL S-S WX SPD DR
================================================================================
1 43 36 40 -8 25 0 T 0.0 0 23.0 30 340 M M 10 1 41 340
2 41 33 37 -11 28 0 T T 0 12.3 22 360 M M 10 1 29 360
3 53 33 43 -6 22 0 0.00 0.0 0 5.7 14 50 M M 6 1 19 60
4 62 32 47 -2 18 0 0.00 0.0 0 7.0 18 190 M M 5 12 24 210
5 66 37 52 2 13 0 0.00 0.0 0 8.1 18 200 M M 2 24 200
6 69 42 56 6 9 0 0.00 0.0 0 12.1 22 180 M M 4 35 180
7 73 50 62 12 3 0 0.33 0.0 0 21.1 56 160 M M 7 1 72 160
8 67 55 61 10 4 0 0.21 0.0 0 12.7 32 160 M M 7 1 40 150
9 61 51 56 5 9 0 0.82 0.0 0 13.3 36 40 M M 9 123 44 50
10 72 45 59 7 6 0 0.00 0.0 0 11.5 25 240 M M 2 35 250
11 74 43 59 7 6 0 0.35 0.0 0 10.6 29 60 M M 7 13 35 50
12 69 51 60 8 5 0 1.73 0.0 0 15.6 33 70 M M 9 13 47 70
13 67 52 60 7 5 0 0.00 0.0 0 26.5 39 210 M M 5 64 240
14 64 46 55 2 10 0 T 0.0 0 14.4 30 270 M M 6 39 260
15 71 42 57 3 8 0 0.00 0.0 0 13.8 30 280 M M 2 40 270
16 64 38 51 -3 14 0 0.00 0.0 0 7.1 14 10 M M 4 20 360
17 69 42 56 1 9 0 0.00 0.0 0 9.3 16 190 M M 6 25 180
18 70 49 60 5 5 0 0.09 0.0 0 18.3 36 270 M M 7 1358 50 280
19 59 47 53 -3 12 0 0.34 0.0 0 7.2 18 270 M M 9 1 26 280
20 48 36 42 -14 23 0 T 0.0 0 17.7 32 340 M M 8 18 43 340
21 50 32 41 -15 24 0 0.01 0.0 0 8.5 21 10 M M 9 18 27 340
22 62 36 49 -8 16 0 T 0.0 0 5.2 12 230 M M 8 17 230
23 68 38 53 -4 12 0 0.16 0.0 0 10.6 26 240 M M 7 13 37 230
24 72 46 59 1 6 0 0.00 0.0 0 9.7 23 190 M M 4 32 210
25 71 47 59 1 6 0 0.00 0.0 0 6.9 18 90 M M 5 25 180
26 74 39 57 -1 8 0 0.00 0.0 0 6.8 13 190 M M 3 20 180
27 84 48 66 7 0 1 T 0.0 0 7.4 16 120 M M 4 23 160
28 84 57 71 12 0 6 T 0.0 M 9.0 18 180 M M 6 8 29 180
29 81 57 69 9 0 4 0.35 0.0 0 7.8 18 90 M M 7 138 24 90
30 68 56 62 2 3 0 0.50 0.0 0 11.5 30 350 M M 8 123 40 340
31 60 45 53 -7 12 0 0.20 0.0 0 16.4 37 300 M M 9 18 50 300
================================================================================
SM 2036 1361 321 11 5.09 T 367.1 M 195
================================================================================
AV 65.7 43.9 11.8 FASTST M M 6 MAX(MPH)
MISC ----> 56 160 72 160
================================================================================
NOTES:
# LAST OF SEVERAL OCCURRENCES
COLUMN 17 PEAK WIND IN M.P.H.
PRELIMINARY LOCAL CLIMATOLOGICAL DATA (WS FORM: F-6) , PAGE 2
STATION: GRAND FORKS INTL AP ND
MONTH: MAY
YEAR: 2022
LATITUDE: 47 57 N
LONGITUDE: 97 11 W
[TEMPERATURE DATA] [PRECIPITATION DATA] SYMBOLS USED IN COLUMN 16
AVERAGE MONTHLY: 54.8 TOTAL FOR MONTH: 5.09 1 = FOG OR MIST
DPTR FM NORMAL: 0.7 DPTR FM NORMAL: 2.29 2 = FOG REDUCING VISIBILITY
HIGHEST: 84 ON 28,27 GRTST 24HR 2.02 ON 11-12 TO 1/4 MILE OR LESS
LOWEST: 32 ON 21, 4 3 = THUNDER
SNOW, ICE PELLETS, HAIL 4 = ICE PELLETS
TOTAL MONTH: T 5 = HAIL
GRTST 24HR T ON 2- 2 6 = FREEZING RAIN OR DRIZZLE
GRTST DEPTH: 0 7 = DUSTSTORM OR SANDSTORM:
VSBY 1/2 MILE OR LESS
8 = SMOKE OR HAZE
[NO. OF DAYS WITH] [WEATHER - DAYS WITH] 9 = BLOWING SNOW
X = TORNADO
MAX 32 OR BELOW: 0 0.01 INCH OR MORE: 12
MAX 90 OR ABOVE: 0 0.10 INCH OR MORE: 10
MIN 32 OR BELOW: 2 0.50 INCH OR MORE: 3
MIN 0 OR BELOW: 0 1.00 INCH OR MORE: 1
[HDD (BASE 65) ]
TOTAL THIS MO. 321 CLEAR (SCALE 0-3) 4
DPTR FM NORMAL -31 PTCLDY (SCALE 4-7) 19
TOTAL FM JUL 1 9726 CLOUDY (SCALE 8-10) 8
DPTR FM NORMAL 283
[CDD (BASE 65) ]
TOTAL THIS MO. 11
DPTR FM NORMAL -4 [PRESSURE DATA]
TOTAL FM JAN 1 11 HIGHEST SLP M ON M
DPTR FM NORMAL -4 LOWEST SLP 29.12 ON 31
[REMARKS]
#FINAL-05-22#