000
CXUS55 KALY 010710
CF6GFL
PRELIMINARY LOCAL CLIMATOLOGICAL DATA (WS FORM: F-6)
STATION: GLENS FALLS NY
MONTH: MAY
YEAR: 2021
LATITUDE: 43 20 N
LONGITUDE: 73 37 W
TEMPERATURE IN F: :PCPN: SNOW: WIND :SUNSHINE: SKY :PK WND
================================================================================
1 2 3 4 5 6A 6B 7 8 9 10 11 12 13 14 15 16 17 18
12Z AVG MX 2MIN
DY MAX MIN AVG DEP HDD CDD WTR SNW DPTH SPD SPD DIR MIN PSBL S-S WX SPD DR
================================================================================
1 58 39 49 -3 16 0 T M M 7.3 17 300 M M 6 8 23 330
2 70 40 55 3 10 0 T M M 6.2 20 300 M M 5 25 300
3 59 47 53 1 12 0 0.02 M M 5.4 13 60 M M 9 15 70
4 57 46 52 -1 13 0 0.19 M M 3.7 9 360 M M 10 1 12 360
5 57 43 50 -3 15 0 1.00 M M 5.2 12 220 M M 10 1 16 330
6 60 38 49 -4 16 0 0.00 M M 9.2 21 330 M M 1 1 29 330
7 63 34 49 -5 16 0 0.00 M M 3.9 12 290 M M 3 15 180
8 57 42 50 -4 15 0 0.01 M M 3.3 13 320 M M 8 17 310
9 62 35 49 -5 16 0 T M M 4.6 16 220 M M 7 1 23 240
10 62 43 53 -2 12 0 0.09 M M 4.5 14 310 M M 9 1 17 290
11 58 38 48 -7 17 0 T M M 9.3 21 310 M M 4 28 240
12 63 41 52 -3 13 0 T M M 6.8 22 340 M M 7 8 30 360
13 69 33 51 -5 14 0 0.00 M M 2.9 14 10 M M 1 1 19 70
14 72 37 55 -1 10 0 T M M 4.0 16 180 M M 3 21 190
15 75 34 55 -1 10 0 0.00 M M 4.0 18 240 M M 0 1 33 150
16 72 38 55 -2 10 0 0.00 M M 4.7 23 360 M M 1 32 320
17 77 40 59 2 6 0 T M M 2.0 22 350 M M 2 1 26 330
18 81 45 63 6 2 0 0.00 M M M 18 300 M M M 22 300
19 83 45 64 6 1 0 0.00 M M 3.6 16 50 M M 1 18 20 50
20 86 53 70 12 0 5 0.00 M M 4.9 15 200 M M 1 8 20 200
21 85 60 73 15 0 8 T M M 4.9 14 210 M M 1 17 200
22 86 58 72 14 0 7 0.00 M M 4.9 17 290 M M 2 1 25 270
23 79 44 62 3 3 0 T M M 6.5 25 50 M M 5 31 60
24 71 38 55 -4 10 0 0.00 M M 5.3 16 200 M M 0 1 22 190
25 80 49 65 6 0 0 0.00 M M 9.5 17 200 M M 4 22 200
26 90 63 77 17 0 12 0.09 M M 9.2 25 210 M M 3 13 34 290
27 70 48 59 -1 6 0 0.00 M M 9.0 18 350 M M 3 22 60
28 50 40 45 -15 20 0 0.29 M M 8.3 17 30 M M 7 25 30
29 56 42 49 -11 16 0 0.03 M M 6.2 16 50 M M 10 21 50
30 53 43 48 -13 17 0 0.24 M M 6.6 14 30 M M 10 1 19 30
31 60 42 51 -10 14 0 T M M 2.6 10 310 M M 7 12 13 320
================================================================================
SM 2121 1338 310 32 1.96 M 168.5 M 140
================================================================================
AV 68.4 43.2 5.6 FASTST M M 5 MAX(MPH)
MISC ----> # 25 50 34 290
================================================================================
NOTES:
# LAST OF SEVERAL OCCURRENCES
COLUMN 17 PEAK WIND IN M.P.H.
PRELIMINARY LOCAL CLIMATOLOGICAL DATA (WS FORM: F-6) , PAGE 2
STATION: GLENS FALLS NY
MONTH: MAY
YEAR: 2021
LATITUDE: 43 20 N
LONGITUDE: 73 37 W
[TEMPERATURE DATA] [PRECIPITATION DATA] SYMBOLS USED IN COLUMN 16
AVERAGE MONTHLY: 55.8 TOTAL FOR MONTH: 1.96 1 = FOG OR MIST
DPTR FM NORMAL: -0.7 DPTR FM NORMAL: -1.39 2 = FOG REDUCING VISIBILITY
HIGHEST: 90 ON 26 GRTST 24HR 1.10 ON 4- 5 TO 1/4 MILE OR LESS
LOWEST: 33 ON 13 3 = THUNDER
SNOW, ICE PELLETS, HAIL 4 = ICE PELLETS
TOTAL MONTH: M 5 = HAIL
GRTST 24HR M ON M 6 = FREEZING RAIN OR DRIZZLE
GRTST DEPTH: M ON M 7 = DUSTSTORM OR SANDSTORM:
VSBY 1/2 MILE OR LESS
8 = SMOKE OR HAZE
[NO. OF DAYS WITH] [WEATHER - DAYS WITH] 9 = BLOWING SNOW
X = TORNADO
MAX 32 OR BELOW: 0 0.01 INCH OR MORE: 9
MAX 90 OR ABOVE: 1 0.10 INCH OR MORE: 4
MIN 32 OR BELOW: 0 0.50 INCH OR MORE: 1
MIN 0 OR BELOW: 0 1.00 INCH OR MORE: 1
[HDD (BASE 65) ]
TOTAL THIS MO. 310 CLEAR (SCALE 0-3) 12
DPTR FM NORMAL 27 PTCLDY (SCALE 4-7) 11
TOTAL FM JUL 1 7013 CLOUDY (SCALE 8-10) 8
DPTR FM NORMAL -320
[CDD (BASE 65) ]
TOTAL THIS MO. 32
DPTR FM NORMAL 14 [PRESSURE DATA]
TOTAL FM JAN 1 32 HIGHEST SLP M ON M
DPTR FM NORMAL 13 LOWEST SLP 29.61 ON 2
[REMARKS]
#FINAL-05-21#