000
CXUS54 KSHV 011500
CF6GGG
PRELIMINARY LOCAL CLIMATOLOGICAL DATA (WS FORM: F-6)
STATION: LONGVIEW
MONTH: APRIL
YEAR: 2020
LATITUDE: 32 22 N
LONGITUDE: 94 43 W
TEMPERATURE IN F: :PCPN: SNOW: WIND :SUNSHINE: SKY :PK WND
================================================================================
1 2 3 4 5 6A 6B 7 8 9 10 11 12 13 14 15 16 17 18
12Z AVG MX 2MIN
DY MAX MIN AVG DEP HDD CDD WTR SNW DPTH SPD SPD DIR MIN PSBL S-S WX SPD DR
================================================================================
1 73 44 59 -2 6 0 0.00 0.0 0 5.3 15 150 M M 0 20 150
2 73 50 62 1 3 0 T 0.0 0 8.1 21 150 M M 3 25 150
3 72 50 61 -1 4 0 0.03 0.0 0 7.0 17 300 M M 9 20 300
4 55 46 51 -11 14 0 0.07 0.0 0 6.6 17 320 M M 10 1 21 320
5 70 51 61 -1 4 0 0.00 0.0 0 3.0 10 320 M M 7 1 12 320
6 76 59 68 6 0 3 T 0.0 0 4.2 13 150 M M 2 18 140
7 86 69 78 16 0 13 0.00 0.0 0 8.1 16 220 M M 6 18 22 210
8 88 69 79 16 0 14 0.00 0.0 0 10.1 17 200 M M 3 23 230
9 80 62 71 8 0 6 T 0.0 0 6.4 18 80 M M 4 1 24 80
10 70 52 61 -2 4 0 0.00 0.0 0 6.6 15 80 M M 1 22 100
11 71 50 61 -3 4 0 0.02 0.0 0 7.5 15 160 M M 5 138 21 160
12 81 50 66 2 0 1 2.41 0.0 0 11.1 39 290 M M 7 13 53 290
13 61 44 53 -11 12 0 0.00 0.0 0 9.0 23 330 M M 5 31 330
14 62 45 54 -10 11 0 T 0.0 0 7.2 15 30 M M 5 24 40
15 65 39 52 -13 13 0 0.00 0.0 0 2.1 10 340 M M 0 12 340
16 73 42 58 -7 7 0 0.00 0.0 0 8.2 16 140 M M 0 21 160
17 74 52 63 -2 2 0 0.05 0.0 0 7.5 17 330 M M 7 13 22 330
18 67 48 58 -7 7 0 0.00 0.0 0 6.9 13 130 M M 8 1 17 140
19 68 60 64 -2 1 0 0.26 0.0 0 4.8 14 160 M M 9 13 17 160
20 75 59 67 1 0 2 0.00 0.0 0 3.5 9 90 M M 6 12 90
21 83 56 70 4 0 5 T 0.0 0 5.9 14 140 M M 3 3 18 160
22 72 65 69 3 0 4 1.22 0.0 0 9.0 18 150 M M 10 13 22 160
23 78 58 68 1 0 3 0.00 0.0 0 8.2 17 320 M M 2 24 270
24 83 54 69 2 0 4 0.03 0.0 0 8.1 23 150 M M 1 3 29 340
25 76 56 66 -1 0 1 0.00 0.0 0 7.6 18 310 M M 0 23 320
26 80 49 65 -3 0 0 0.00 0.0 0 3.2 12 330 M M 0 15 330
27 81 55 68 0 0 3 T 0.0 0 11.3 24 180 M M 0 33 160
28 84 64 74 6 0 9 0.37 0.0 0 10.4 24 210 M M 7 13 33 40
29 77 56 67 -1 0 2 0.90 0.0 0 10.0 30 360 M M 2 13 39 360
30 79 50 65 -4 0 0 0.00 0.0 0 3.7 14 290 M M 0 18 290
================================================================================
SM 2233 1604 92 70 5.36 0.0 210.6 M 122
================================================================================
AV 74.4 53.5 7.0 FASTST M M 4 MAX(MPH)
MISC ----> # 39 290 # 53 290
================================================================================
NOTES:
# LAST OF SEVERAL OCCURRENCES
COLUMN 17 PEAK WIND IN M.P.H.
PRELIMINARY LOCAL CLIMATOLOGICAL DATA (WS FORM: F-6) , PAGE 2
STATION: LONGVIEW
MONTH: APRIL
YEAR: 2020
LATITUDE: 32 22 N
LONGITUDE: 94 43 W
[TEMPERATURE DATA] [PRECIPITATION DATA] SYMBOLS USED IN COLUMN 16
AVERAGE MONTHLY: 64.0 TOTAL FOR MONTH: 5.36 1 = FOG OR MIST
DPTR FM NORMAL: -0.9 DPTR FM NORMAL: 2.14 2 = FOG REDUCING VISIBILITY
HIGHEST: 88 ON 8 GRTST 24HR 2.41 ON 12-12 TO 1/4 MILE OR LESS
LOWEST: 39 ON 15 3 = THUNDER
SNOW, ICE PELLETS, HAIL 4 = ICE PELLETS
TOTAL MONTH: 0.0 INCH 5 = HAIL
GRTST 24HR 0.0 6 = FREEZING RAIN OR DRIZZLE
GRTST DEPTH: 0 7 = DUSTSTORM OR SANDSTORM:
VSBY 1/2 MILE OR LESS
8 = SMOKE OR HAZE
[NO. OF DAYS WITH] [WEATHER - DAYS WITH] 9 = BLOWING SNOW
X = TORNADO
MAX 32 OR BELOW: 0 0.01 INCH OR MORE: 10
MAX 90 OR ABOVE: 0 0.10 INCH OR MORE: 5
MIN 32 OR BELOW: 0 0.50 INCH OR MORE: 3
MIN 0 OR BELOW: 0 1.00 INCH OR MORE: 2
[HDD (BASE 65) ]
TOTAL THIS MO. 92 CLEAR (SCALE 0-3) 14
DPTR FM NORMAL 2 PTCLDY (SCALE 4-7) 12
TOTAL FM JUL 1 2027 CLOUDY (SCALE 8-10) 4
DPTR FM NORMAL -222
[CDD (BASE 65) ]
TOTAL THIS MO. 70
DPTR FM NORMAL -14 [PRESSURE DATA]
TOTAL FM JAN 1 163 HIGHEST SLP 30.27 ON 14
DPTR FM NORMAL 40 LOWEST SLP 29.36 ON 12
[REMARKS]
#FINAL-04-20#