000
CXUS55 KGGW 010910
CF6GGW
PRELIMINARY LOCAL CLIMATOLOGICAL DATA (WS FORM: F-6)
STATION: GLASGOW MT
MONTH: DECEMBER
YEAR: 2021
LATITUDE: 48 13 N
LONGITUDE: 106 37 W
TEMPERATURE IN F: :PCPN: SNOW: WIND :SUNSHINE: SKY :PK WND
================================================================================
1 2 3 4 5 6A 6B 7 8 9 10 11 12 13 14 15 16 17 18
12Z AVG MX 2MIN
DY MAX MIN AVG DEP HDD CDD WTR SNW DPTH SPD SPD DIR MIN PSBL S-S WX SPD DR
================================================================================
1 69 33 51 27 14 0 0.00 0.0 0 10.5 26 280 M M 1 36 280
2 54 27 41 18 24 0 0.00 0.0 0 10.4 30 320 M M 1 41 320
3 35 15 25 2 40 0 0.00 0.0 0 5.4 12 20 M M 4 15 10
4 29 21 25 3 40 0 0.31 4.6 0 12.9 24 120 M M 10 12 32 120
5 28 -2 13 -9 52 0 0.03 0.4 4 16.2 37 340 M M 9 19 46 330
6 11 -14 -1 -23 66 0 0.04 1.0 4 8.9 17 100 M M 6 128 20 100
7 13 -9 2 -19 63 0 T T 3 3.6 12 250 M M 4 128 13 260
8 45 3 24 3 41 0 T T 3 12.5 25 280 M M 4 18 43 270
9 34 11 23 3 42 0 0.00 0.0 2 8.3 25 330 M M 3 32 330
10 27 7 17 -3 48 0 0.00 0.0 1 4.1 12 280 M M 1 13 280
11 44 13 29 9 36 0 0.00 0.0 1 10.3 24 240 M M 1 41 240
12 46 30 38 19 27 0 0.00 0.0 1 7.1 20 230 M M 2 36 240
13 37 23 30 11 35 0 0.00 0.0 T 12.1 18 110 M M 6 24 120
14 41 19 30 11 35 0 0.00 0.0 T 14.1 24 330 M M 1 32 330
15 20 -2 9 -9 56 0 0.16 3.0 1 17.9 31 320 M M 6 18 39 320
16 9 -7 1 -17 64 0 0.00 0.0 1 9.4 21 100 M M 2 26 90
17 9 -14 -2 -20 67 0 0.09 2.2 3 10.4 23 330 M M 7 8 30 330
18 26 -12 7 -10 58 0 0.00 0.0 3 12.2 18 110 M M 6 21 110
19 39 4 22 5 43 0 T 0.0 2 13.8 26 340 M M 7 32 340
20 14 -5 5 -12 60 0 0.08 0.8 2 8.9 21 120 M M 4 18 25 120
21 17 -1 8 -9 57 0 0.00 0.0 3 6.0 21 310 M M 5 27 320
22 33 5 19 3 46 0 0.00 0.0 3 6.7 16 60 M M 3 19 60
23 42 21 32 16 33 0 T 0.0 3 10.7 35 310 M M 3 44 310
24 28 -4 12 -4 53 0 0.00 0.0 2 10.5 35 310 M M 1 43 320
25 4 -13 -4 -20 69 0 0.08 2.5 2 8.4 16 60 M M 8 8 19 50
26 5 -11 -3 -19 68 0 0.06 1.4 4 19.5 31 80 M M 9 8 41 90
27 -11 -22 -16 -31 81 0 0.01 0.2 3 10.2 24 310 M M 5 8 29 310
28 -13 -23 -18 -33 83 0 T T 3 6.8 14 120 M M 6 17 110
29 -10 -21 -15 -30 80 0 0.00 0.0 3 8.6 17 110 M M 2 8 21 120
30 -3 -18 -10 -25 75 0 T 0.1 3 8.4 24 320 M M 7 8 27 320
31 -13 -25 -19 -34 84 0 0.00 0.0 3 5.8 14 330 M M 1 16 330
================================================================================
SM 709 29 1640 0 0.86 16.2 310.6 M 135
================================================================================
AV 22.9 0.9 10.0 FASTST M M 4 MAX(MPH)
MISC ----> 37 340 46 330
================================================================================
NOTES:
# LAST OF SEVERAL OCCURRENCES
COLUMN 17 PEAK WIND IN M.P.H.
PRELIMINARY LOCAL CLIMATOLOGICAL DATA (WS FORM: F-6) , PAGE 2
STATION: GLASGOW MT
MONTH: DECEMBER
YEAR: 2021
LATITUDE: 48 13 N
LONGITUDE: 106 37 W
[TEMPERATURE DATA] [PRECIPITATION DATA] SYMBOLS USED IN COLUMN 16
AVERAGE MONTHLY: 11.9 TOTAL FOR MONTH: 0.86 1 = FOG OR MIST
DPTR FM NORMAL: -6.6 DPTR FM NORMAL: 0.43 2 = FOG REDUCING VISIBILITY
HIGHEST: 69 ON 1 GRTST 24HR 0.32 ON 4- 4 TO 1/4 MILE OR LESS
LOWEST: -25 ON 31 3 = THUNDER
SNOW, ICE PELLETS, HAIL 4 = ICE PELLETS
TOTAL MONTH: 16.2 INCHES 5 = HAIL
GRTST 24HR 4.6 ON 4- 4 6 = FREEZING RAIN OR DRIZZLE
GRTST DEPTH: 4 ON 26, 6 7 = DUSTSTORM OR SANDSTORM:
VSBY 1/2 MILE OR LESS
8 = SMOKE OR HAZE
[NO. OF DAYS WITH] [WEATHER - DAYS WITH] 9 = BLOWING SNOW
X = TORNADO
MAX 32 OR BELOW: 19 0.01 INCH OR MORE: 9
MAX 90 OR ABOVE: 0 0.10 INCH OR MORE: 2
MIN 32 OR BELOW: 30 0.50 INCH OR MORE: 0
MIN 0 OR BELOW: 17 1.00 INCH OR MORE: 0
[HDD (BASE 65) ]
TOTAL THIS MO. 1640 CLEAR (SCALE 0-3) 13
DPTR FM NORMAL 197 PTCLDY (SCALE 4-7) 14
TOTAL FM JUL 1 3074 CLOUDY (SCALE 8-10) 4
DPTR FM NORMAL -275
[CDD (BASE 65) ]
TOTAL THIS MO. 0
DPTR FM NORMAL 0 [PRESSURE DATA]
TOTAL FM JAN 1 1002 HIGHEST SLP M ON M
DPTR FM NORMAL 418 LOWEST SLP 29.03 ON 23
[REMARKS]
#FINAL-12-21#