000
CXUS55 KGJT 010910
CF6GJT
PRELIMINARY LOCAL CLIMATOLOGICAL DATA (WS FORM: F-6)
STATION: GRAND JUNCTION CO
MONTH: MAY
YEAR: 2021
LATITUDE: 39 7 N
LONGITUDE: 108 32 W
TEMPERATURE IN F: :PCPN: SNOW: WIND :SUNSHINE: SKY :PK WND
================================================================================
1 2 3 4 5 6A 6B 7 8 9 10 11 12 13 14 15 16 17 18
12Z AVG MX 2MIN
DY MAX MIN AVG DEP HDD CDD WTR SNW DPTH SPD SPD DIR MIN PSBL S-S WX SPD DR
================================================================================
1 84 52 68 12 0 3 0.00 0.0 0 7.4 17 230 M M 0 23 220
2 76 51 64 7 1 0 0.11 0.0 0 8.6 35 290 M M 3 3 48 290
3 56 42 49 -8 16 0 0.40 0.0 0 5.0 14 130 M M 8 1 18 130
4 70 37 54 -3 11 0 0.00 0.0 0 7.5 20 40 M M 2 27 30
5 75 47 61 3 4 0 0.00 0.0 0 6.6 17 230 M M 1 28 250
6 83 45 64 6 1 0 0.00 0.0 0 8.2 18 110 M M 0 21 300
7 87 53 70 12 0 5 0.00 0.0 0 11.7 28 230 M M 0 37 230
8 76 51 64 5 1 0 0.00 0.0 0 13.9 26 250 M M 0 40 260
9 67 35 51 -8 14 0 0.00 0.0 0 5.5 21 250 M M 1 27 260
10 62 45 54 -6 11 0 0.01 0.0 0 8.5 26 340 M M 5 34 310
11 65 40 53 -7 12 0 0.00 0.0 0 9.0 21 300 M M 1 29 320
12 73 39 56 -4 9 0 0.00 0.0 0 7.9 18 240 M M 0 25 300
13 83 45 64 3 1 0 0.00 0.0 0 8.6 23 290 M M 0 37 260
14 88 51 70 9 0 5 0.00 0.0 0 9.2 24 50 M M 0 34 40
15 84 53 69 7 0 4 0.00 0.0 0 8.5 17 330 M M 0 26 260
16 86 55 71 9 0 6 0.00 0.0 0 7.8 18 220 M M 0 26 220
17 73 51 62 0 3 0 T 0.0 0 11.8 35 50 M M 1 45 50
18 83 46 65 2 0 0 0.00 0.0 0 10.7 32 140 M M 1 3 45 150
19 85 49 67 4 0 2 T 0.0 0 9.1 33 270 M M 1 44 270
20 86 63 75 11 0 10 0.00 0.0 0 20.8 35 180 M M 0 49 200
21 74 60 67 3 0 2 0.00 0.0 0 19.9 36 150 M M 5 44 180
22 84 54 69 5 0 4 0.01 0.0 0 12.2 31 160 M M 5 46 180
23 70 45 58 -7 7 0 0.00 0.0 0 10.0 31 190 M M 1 45 190
24 73 38 56 -9 9 0 0.00 0.0 0 8.8 23 300 M M 0 31 330
25 79 42 61 -4 4 0 0.00 0.0 0 6.4 15 270 M M 0 22 270
26 82 55 69 3 0 4 0.00 0.0 0 10.1 21 200 M M 0 30 190
27 84 47 66 0 0 1 0.00 0.0 0 7.4 20 320 M M 0 26 270
28 88 49 69 3 0 4 0.00 0.0 0 8.7 23 300 M M 0 29 310
29 87 55 71 4 0 6 0.00 0.0 0 8.4 30 40 M M 0 40 40
30 86 61 74 7 0 9 T 0.0 0 11.3 29 50 M M 2 3 37 30
31 85 50 68 0 0 3 0.00 0.0 0 7.4 22 260 M M 0 28 240
================================================================================
SM 2434 1506 104 68 0.53 0.0 296.9 M 37
================================================================================
AV 78.5 48.6 9.6 FASTST M M 1 MAX(MPH)
MISC ----> 36 150 49 200
================================================================================
NOTES:
# LAST OF SEVERAL OCCURRENCES
COLUMN 17 PEAK WIND IN M.P.H.
PRELIMINARY LOCAL CLIMATOLOGICAL DATA (WS FORM: F-6) , PAGE 2
STATION: GRAND JUNCTION CO
MONTH: MAY
YEAR: 2021
LATITUDE: 39 7 N
LONGITUDE: 108 32 W
[TEMPERATURE DATA] [PRECIPITATION DATA] SYMBOLS USED IN COLUMN 16
AVERAGE MONTHLY: 63.5 TOTAL FOR MONTH: 0.53 1 = FOG OR MIST
DPTR FM NORMAL: 1.5 DPTR FM NORMAL: -0.30 2 = FOG REDUCING VISIBILITY
HIGHEST: 88 ON 28,14 GRTST 24HR 0.47 ON 2- 3 TO 1/4 MILE OR LESS
LOWEST: 35 ON 9 3 = THUNDER
SNOW, ICE PELLETS, HAIL 4 = ICE PELLETS
TOTAL MONTH: 0.0 INCH 5 = HAIL
GRTST 24HR 0.0 6 = FREEZING RAIN OR DRIZZLE
GRTST DEPTH: 0 7 = DUSTSTORM OR SANDSTORM:
VSBY 1/2 MILE OR LESS
8 = SMOKE OR HAZE
[NO. OF DAYS WITH] [WEATHER - DAYS WITH] 9 = BLOWING SNOW
X = TORNADO
MAX 32 OR BELOW: 0 0.01 INCH OR MORE: 4
MAX 90 OR ABOVE: 0 0.10 INCH OR MORE: 2
MIN 32 OR BELOW: 0 0.50 INCH OR MORE: 0
MIN 0 OR BELOW: 0 1.00 INCH OR MORE: 0
[HDD (BASE 65) ]
TOTAL THIS MO. 104 CLEAR (SCALE 0-3) 26
DPTR FM NORMAL -46 PTCLDY (SCALE 4-7) 5
TOTAL FM JUL 1 5387 CLOUDY (SCALE 8-10) 0
DPTR FM NORMAL -91
[CDD (BASE 65) ]
TOTAL THIS MO. 68
DPTR FM NORMAL 12 [PRESSURE DATA]
TOTAL FM JAN 1 69 HIGHEST SLP M ON M
DPTR FM NORMAL 10 LOWEST SLP 29.35 ON 20
[REMARKS]
#FINAL-05-21#