000
CXUS55 KGJT 051818
CF6GJT
PRELIMINARY LOCAL CLIMATOLOGICAL DATA (WS FORM: F-6)
STATION: GRAND JUNCTION CO
MONTH: JANUARY
YEAR: 2024
LATITUDE: 39 7 N
LONGITUDE: 108 32 W
TEMPERATURE IN F: :PCPN: SNOW: WIND :SUNSHINE: SKY :PK WND
================================================================================
1 2 3 4 5 6A 6B 7 8 9 10 11 12 13 14 15 16 17 18
12Z AVG MX 2MIN
DY MAX MIN AVG DEP HDD CDD WTR SNW DPTH SPD SPD DIR MIN PSBL S-S WX SPD DR
================================================================================
1 47 21 34 8 31 0 0.00 0.0 0 3.6 8 250 M M 0 11 290
2 47 21 34 8 31 0 0.00 0.0 0 4.9 12 100 M M 0 13 110
3 43 20 32 6 33 0 0.00 0.0 0 3.9 13 20 M M 2 17 90
4 51 29 40 14 25 0 0.00 0.0 0 5.7 17 10 M M 8 24 20
5 44 26 35 9 30 0 0.00 0.0 0 4.5 14 300 M M 8 19 310
6 40 22 31 5 34 0 0.00 0.0 0 6.2 20 110 M M 3 25 120
7 36 29 33 7 32 0 0.03 0.7 0 5.8 18 140 M M 10 1 25 130
8 36 18 27 1 38 0 0.00 0.0 T 9.2 25 350 M M 4 33 350
9 30 14 22 -4 43 0 0.00 0.0 0 5.4 17 150 M M 3 22 150
10 36 18 27 0 38 0 0.01 0.2 T 5.2 21 130 M M 6 1 27 130
11 36 15 26 -1 39 0 0.10 2.2 1 5.2 18 320 M M 8 12 24 320
12 35 4 20 -7 45 0 0.00 0.0 1 4.9 14 50 M M 3 15 90
13 45 15 30 3 35 0 0.00 0.0 1 9.0 23 250 M M 4 31 240
14 47 30 39 12 26 0 0.03 0.4 T 4.7 17 250 M M 9 1 23 240
15 44 18 31 4 34 0 0.00 0.0 0 9.4 29 30 M M 6 36 40
16 40 14 27 0 38 0 0.00 0.0 0 4.8 13 130 M M 0 16 130
17 31 18 25 -3 40 0 0.06 0.7 0 3.7 13 110 M M 8 1 16 110
18 43 22 33 5 32 0 T T T 3.5 12 30 M M 3 18 14 30
19 47 25 36 8 29 0 0.00 0.0 0 3.2 15 110 M M 1 16 110
20 46 28 37 9 28 0 0.00 0.0 0 3.5 14 90 M M 2 17 100
21 43 34 39 11 26 0 0.03 T 0 2.1 9 60 M M 10 1 10 320
22 48 37 43 15 22 0 T 0.0 0 3.1 12 300 M M 10 18 14 300
23 51 35 43 14 22 0 0.00 0.0 0 4.7 13 110 M M 9 17 110
24 52 34 43 14 22 0 0.00 0.0 0 3.8 14 300 M M 7 18 300
25 49 31 40 11 25 0 0.00 0.0 0 5.2 10 270 M M 5 14 300
26 51 29 40 11 25 0 T 0.0 0 5.8 18 10 M M 4 23 360
27 52 25 39 9 26 0 0.00 0.0 0 5.2 13 90 M M 0 16 140
28 56 27 42 12 23 0 0.00 0.0 0 6.5 17 110 M M 0 19 140
29 59 31 45 15 20 0 0.00 0.0 0 7.1 16 120 M M 0 18 130
30 62 30 46 16 19 0 0.00 0.0 0 6.9 16 120 M M 0 17 120
31 60 28 44 13 21 0 0.00 0.0 0 6.7 14 100 M M 1 17 90
================================================================================
SM 1407 748 932 0 0.26 4.2 163.4 M 134
================================================================================
AV 45.4 24.1 5.3 FASTST M M 4 MAX(MPH)
MISC ----> 29 30 36 40
================================================================================
NOTES:
# LAST OF SEVERAL OCCURRENCES
COLUMN 17 PEAK WIND IN M.P.H.
PRELIMINARY LOCAL CLIMATOLOGICAL DATA (WS FORM: F-6) , PAGE 2
STATION: GRAND JUNCTION CO
MONTH: JANUARY
YEAR: 2024
LATITUDE: 39 7 N
LONGITUDE: 108 32 W
[TEMPERATURE DATA] [PRECIPITATION DATA] SYMBOLS USED IN COLUMN 16
AVERAGE MONTHLY: 34.8 TOTAL FOR MONTH: 0.26 1 = FOG OR MIST
DPTR FM NORMAL: 7.1 DPTR FM NORMAL: -0.35 2 = FOG REDUCING VISIBILITY
HIGHEST: 62 ON 30 GRTST 24HR 0.10 ON 11-11 TO 1/4 MILE OR LESS
LOWEST: 4 ON 12 3 = THUNDER
SNOW, ICE PELLETS, HAIL 4 = ICE PELLETS
TOTAL MONTH: 4.2 INCHES 5 = HAIL
GRTST 24HR 2.2 ON 11-11 6 = FREEZING RAIN OR DRIZZLE
GRTST DEPTH: 1 ON 13,12 7 = DUSTSTORM OR SANDSTORM:
VSBY 1/2 MILE OR LESS
8 = SMOKE OR HAZE
[NO. OF DAYS WITH] [WEATHER - DAYS WITH] 9 = BLOWING SNOW
X = TORNADO
MAX 32 OR BELOW: 2 0.01 INCH OR MORE: 6
MAX 90 OR ABOVE: 0 0.10 INCH OR MORE: 1
MIN 32 OR BELOW: 27 0.50 INCH OR MORE: 0
MIN 0 OR BELOW: 0 1.00 INCH OR MORE: 0
[HDD (BASE 65) ]
TOTAL THIS MO. 932 CLEAR (SCALE 0-3) 15
DPTR FM NORMAL -224 PTCLDY (SCALE 4-7) 11
TOTAL FM JUL 1 2882 CLOUDY (SCALE 8-10) 5
DPTR FM NORMAL -601
[CDD (BASE 65) ]
TOTAL THIS MO. 0
DPTR FM NORMAL 0 [PRESSURE DATA]
TOTAL FM JAN 1 0 HIGHEST SLP 30.56 ON 28
DPTR FM NORMAL 0 LOWEST SLP 29.43 ON 10
[REMARKS]
#FINAL-01-24#