000
CXUS54 KFWD 010730
CF6GKY
PRELIMINARY LOCAL CLIMATOLOGICAL DATA (WS FORM: F-6)
STATION: ARLINGTON
MONTH: APRIL
YEAR: 2021
LATITUDE: 32 39 N
LONGITUDE: 97 6 W
TEMPERATURE IN F: :PCPN: SNOW: WIND :SUNSHINE: SKY :PK WND
================================================================================
1 2 3 4 5 6A 6B 7 8 9 10 11 12 13 14 15 16 17 18
12Z AVG MX 2MIN
DY MAX MIN AVG DEP HDD CDD WTR SNW DPTH SPD SPD DIR MIN PSBL S-S WX SPD DR
================================================================================
1 72 37 55 -7 10 0 0.00 M M 3.9 13 30 M M 0 18 20
2 72 37 55 -7 10 0 0.00 M M 9.5 21 110 M M 2 29 150
3 72 58 65 2 0 0 0.00 M M 11.3 18 160 M M 9 28 140
4 76 61 69 6 0 4 0.00 M M 9.2 15 150 M M 9 23 160
5 80 56 68 5 0 3 0.00 M M 11.4 22 140 M M 3 30 150
6 85 67 76 13 0 11 0.00 M M 18.4 30 160 M M 6 45 140
7 81 52 67 3 0 2 0.00 M M 11.0 25 170 M M 4 39 160
8 86 46 66 2 0 1 0.00 M M 5.8 20 140 M M 1 29 150
9 89 65 77 13 0 12 0.00 M M 14.1 36 340 M M 3 38 47 310
10 77 48 63 -1 2 0 0.00 M M 11.0 26 330 M M 0 33 320
11 89 44 67 3 0 2 0.00 M M 8.4 22 150 M M 0 29 130
12 88 64 76 12 0 11 T 0.0 M 9.4 17 140 M M 1 24 130
13 83 58 71 6 0 6 0.23 0.0 M 9.9 17 340 M M 6 38 23 20
14 78 61 70 5 0 5 0.00 M M 11.8 22 330 M M 8 28 350
15 66 59 63 -2 2 0 0.79 M M 9.3 17 50 M M 10 13 24 60
16 64 54 59 -6 6 0 1.00 M M 8.7 24 320 M M 10 138 33 320
17 64 50 57 -9 8 0 0.00 M M 14.3 21 320 M M 4 29 320
18 71 45 58 -8 7 0 0.00 M M 7.1 20 320 M M 0 30 340
19 77 41 59 -7 6 0 0.00 M M 4.0 12 170 M M 0 19 160
20 64 46 55 -11 10 0 0.00 M M 12.5 25 340 M M 0 33 320
21 64 36 50 -17 15 0 0.00 M M 5.5 13 50 M M 5 19 70
22 67 54 61 -6 4 0 T M M 8.4 18 110 M M 10 24 90
23 75 62 69 2 0 4 0.36 M M 11.5 28 120 M M 9 138 36 110
24 77 53 65 -2 0 0 0.00 M M 9.9 20 330 M M 4 1 25 320
25 85 49 67 -1 0 2 0.00 M M 9.4 20 140 M M 0 1 28 140
26 85 64 75 7 0 10 0.00 M M 17.0 28 140 M M 2 38 140
27 78 72 75 7 0 10 T M M 15.0 23 140 M M 9 32 110
28 84 76 80 12 0 15 0.11 M M 10.4 25 150 M M 9 13 40 150
29 77 68 73 4 0 8 1.53 M M 11.4 23 340 M M 10 13 30 350
30 71 64 68 -1 0 3 0.27 M M 9.2 21 60 M M 10 13 30 50
================================================================================
SM 2297 1647 80 109 4.29 0.0 308.7 M 144
================================================================================
AV 76.6 54.9 10.3 FASTST M M 5 MAX(MPH)
MISC ----> 36 340 47 310
================================================================================
NOTES:
# LAST OF SEVERAL OCCURRENCES
COLUMN 17 PEAK WIND IN M.P.H.
PRELIMINARY LOCAL CLIMATOLOGICAL DATA (WS FORM: F-6) , PAGE 2
STATION: ARLINGTON
MONTH: APRIL
YEAR: 2021
LATITUDE: 32 39 N
LONGITUDE: 97 6 W
[TEMPERATURE DATA] [PRECIPITATION DATA] SYMBOLS USED IN COLUMN 16
AVERAGE MONTHLY: 65.7 TOTAL FOR MONTH: 4.29 1 = FOG OR MIST
DPTR FM NORMAL: 0.3 DPTR FM NORMAL: 1.13 2 = FOG REDUCING VISIBILITY
HIGHEST: 89 ON 11, 9 GRTST 24HR 1.70 ON 15-16 TO 1/4 MILE OR LESS
LOWEST: 36 ON 21 3 = THUNDER
SNOW, ICE PELLETS, HAIL 4 = ICE PELLETS
TOTAL MONTH: 0.0 INCH 5 = HAIL
GRTST 24HR 0.0 6 = FREEZING RAIN OR DRIZZLE
GRTST DEPTH: M ON M 7 = DUSTSTORM OR SANDSTORM:
VSBY 1/2 MILE OR LESS
8 = SMOKE OR HAZE
[NO. OF DAYS WITH] [WEATHER - DAYS WITH] 9 = BLOWING SNOW
X = TORNADO
MAX 32 OR BELOW: 0 0.01 INCH OR MORE: 7
MAX 90 OR ABOVE: 0 0.10 INCH OR MORE: 7
MIN 32 OR BELOW: 0 0.50 INCH OR MORE: 3
MIN 0 OR BELOW: 0 1.00 INCH OR MORE: 2
[HDD (BASE 65) ]
TOTAL THIS MO. 80 CLEAR (SCALE 0-3) 12
DPTR FM NORMAL -3 PTCLDY (SCALE 4-7) 8
TOTAL FM JUL 1 1971 CLOUDY (SCALE 8-10) 10
DPTR FM NORMAL -254
[CDD (BASE 65) ]
TOTAL THIS MO. 109
DPTR FM NORMAL 14 [PRESSURE DATA]
TOTAL FM JAN 1 170 HIGHEST SLP M ON M
DPTR FM NORMAL 32 LOWEST SLP 29.49 ON 9
[REMARKS]
#FINAL-04-21#