000
CXUS54 KFWD 010830
CF6GLE
PRELIMINARY LOCAL CLIMATOLOGICAL DATA (WS FORM: F-6)
STATION: GAINESVILLE
MONTH: NOVEMBER
YEAR: 2021
LATITUDE: 33 39 N
LONGITUDE: 97 12 W
TEMPERATURE IN F: :PCPN: SNOW: WIND :SUNSHINE: SKY :PK WND
================================================================================
1 2 3 4 5 6A 6B 7 8 9 10 11 12 13 14 15 16 17 18
12Z AVG MX 2MIN
DY MAX MIN AVG DEP HDD CDD WTR SNW DPTH SPD SPD DIR MIN PSBL S-S WX SPD DR
================================================================================
1 75 48 62 3 3 0 0.00 M M 6.5 14 190 M M 8 20 190
2 54 46 50 -9 15 0 0.53 M M 4.7 12 20 M M 10 21 0
3 47 44 46 -12 19 0 0.76 M M 2.4 12 70 M M 10 1 M M
4 53 38 46 -12 19 0 M M M 0.0 M M M M 7 1 M M
5 58 37 48 -10 17 0 0.00 M M 2.1 9 180 M M 3 M M
6 65 37 51 -6 14 0 0.00 M M 2.9 9 170 M M 0 16 170
7 72 43 58 1 7 0 0.00 M M 7.1 14 180 M M 0 17 180
8 71 46 59 3 6 0 0.00 M M 8.2 16 170 M M 0 1 21 180
9 76 55 66 10 0 1 0.00 M M 5.2 16 200 M M 2 23 200
10 70 56 63 7 2 0 0.99 M M 6.9 15 190 M M 7 35 0
11 65 43 54 -1 11 0 M M M 6.7 16 350 M M 0 21 350
12 64 38 51 -4 14 0 0.00 M M 7.2 21 350 M M 0 25 330
13 63 32 48 -6 17 0 0.00 M M 2.9 9 160 M M 0 8 M M
14 68 41 55 1 10 0 0.00 M M 4.7 15 80 M M 0 8 24 40
15 75 39 57 3 8 0 0.00 M M 3.1 10 190 M M 0 M M
16 79 55 67 14 0 2 0.00 M M 12.7 22 190 M M 2 1 29 200
17 78 50 64 11 1 0 0.00 M M 13.0 20 360 M M 3 27 360
18 58 36 47 -5 18 0 0.00 M M 9.6 16 40 M M 0 23 50
19 58 31 45 -7 20 0 0.00 M M 6.3 15 170 M M 0 21 160
20 72 45 59 7 6 0 0.00 M M 8.1 20 190 M M 0 25 180
21 61 45 53 2 12 0 0.00 M M 7.4 16 360 M M 4 21 360
22 65 36 51 0 14 0 0.00 M M 2.3 7 350 M M 0 M M
23 69 38 54 4 11 0 0.00 M M 6.7 18 160 M M 0 23 170
24 74 53 64 14 1 0 0.00 M M 11.7 22 210 M M 3 31 210
25 63 34 49 -1 16 0 M M M 13.2 22 360 M M 1 30 350
26 59 26 43 -6 22 0 0.00 M M 1.3 9 190 M M 0 M M
27 57 37 47 -2 18 0 0.21 M M 3.3 12 210 M M 7 1 M M
28 64 39 52 4 13 0 0.00 M M 6.5 13 360 M M 0 1 20 10
29 73 35 54 6 11 0 0.00 M M 4.3 15 210 M M 0 20 200
30 74 42 58 10 7 0 0.00 M M 3.0 12 170 M M 0 17 160
================================================================================
SM 1980 1245 332 3 2.49 M 180.0 M 67
================================================================================
AV 66.0 41.5 6.0 FASTST M M 2 MAX(MPH)
MISC ----> # 22 190 35 0
================================================================================
NOTES:
# LAST OF SEVERAL OCCURRENCES
COLUMN 17 PEAK WIND IN M.P.H.
PRELIMINARY LOCAL CLIMATOLOGICAL DATA (WS FORM: F-6) , PAGE 2
STATION: GAINESVILLE
MONTH: NOVEMBER
YEAR: 2021
LATITUDE: 33 39 N
LONGITUDE: 97 12 W
[TEMPERATURE DATA] [PRECIPITATION DATA] SYMBOLS USED IN COLUMN 16
AVERAGE MONTHLY: 53.8 TOTAL FOR MONTH: 2.49 1 = FOG OR MIST
DPTR FM NORMAL: 0.3 DPTR FM NORMAL: -0.49 2 = FOG REDUCING VISIBILITY
HIGHEST: 79 ON 16 GRTST 24HR 0.99 ON 10-10 TO 1/4 MILE OR LESS
LOWEST: 26 ON 26 3 = THUNDER
SNOW, ICE PELLETS, HAIL 4 = ICE PELLETS
TOTAL MONTH: M 5 = HAIL
GRTST 24HR M ON M 6 = FREEZING RAIN OR DRIZZLE
GRTST DEPTH: M ON M 7 = DUSTSTORM OR SANDSTORM:
VSBY 1/2 MILE OR LESS
8 = SMOKE OR HAZE
[NO. OF DAYS WITH] [WEATHER - DAYS WITH] 9 = BLOWING SNOW
X = TORNADO
MAX 32 OR BELOW: 0 0.01 INCH OR MORE: 4
MAX 90 OR ABOVE: 0 0.10 INCH OR MORE: 4
MIN 32 OR BELOW: 3 0.50 INCH OR MORE: 3
MIN 0 OR BELOW: 0 1.00 INCH OR MORE: 0
[HDD (BASE 65) ]
TOTAL THIS MO. 332 CLEAR (SCALE 0-3) 22
DPTR FM NORMAL -30 PTCLDY (SCALE 4-7) 6
TOTAL FM JUL 1 381 CLOUDY (SCALE 8-10) 2
DPTR FM NORMAL -94
[CDD (BASE 65) ]
TOTAL THIS MO. 3
DPTR FM NORMAL -11 [PRESSURE DATA]
TOTAL FM JAN 1 1813 HIGHEST SLP M ON M
DPTR FM NORMAL -401 LOWEST SLP M ON M
[REMARKS]
#FINAL-11-21#