000
CXUS54 KJAN 011845
CF6GLH
PRELIMINARY LOCAL CLIMATOLOGICAL DATA (WS FORM: F-6)
STATION: GREENVILLE
MONTH: JANUARY
YEAR: 2022
LATITUDE: 33 29 N
LONGITUDE: 90 59 W
TEMPERATURE IN F: :PCPN: SNOW: WIND :SUNSHINE: SKY :PK WND
================================================================================
1 2 3 4 5 6A 6B 7 8 9 10 11 12 13 14 15 16 17 18
12Z AVG MX 2MIN
DY MAX MIN AVG DEP HDD CDD WTR SNW DPTH SPD SPD DIR MIN PSBL S-S WX SPD DR
================================================================================
1 82 61 72 28 0 7 0.74 0.0 0 13.5 26 220 M M 8 13 36 210
2 61 31 46 2 19 0 0.11 M M 16.8 25 320 M M 10 16 33 310
3 39 26 33 -11 32 0 0.00 M M 7.0 20 330 M M 1 25 330
4 50 27 39 -5 26 0 0.00 0.0 0 7.2 16 170 M M 1 21 170
5 61 35 48 4 17 0 0.00 0.0 0 7.7 15 40 M M 2 19 40
6 47 31 39 -5 26 0 0.26 0.0 0 16.3 24 350 M M 10 1 32 360
7 36 27 32 -12 33 0 0.00 0.0 0 9.1 17 30 M M 2 24 40
8 66 34 50 6 15 0 0.00 0.0 0 13.5 23 150 M M 7 31 150
9 70 38 54 10 11 0 0.04 0.0 0 16.1 29 10 M M 8 1 40 350
10 50 31 41 -3 24 0 0.00 0.0 0 8.8 20 10 M M 0 28 20
11 58 28 43 -1 22 0 0.00 0.0 0 2.2 9 140 M M 0 8 11 270
12 61 31 46 2 19 0 0.00 0.0 0 8.3 17 220 M M 0 8 22 220
13 69 42 56 12 9 0 0.00 0.0 0 7.1 13 270 M M 0 8 21 250
14 62 36 49 5 16 0 0.00 0.0 0 5.6 13 130 M M 0 18 150
15 54 33 44 0 21 0 0.16 0.0 0 13.4 23 280 M M 8 18 32 270
16 47 34 41 -3 24 0 0.02 M M 14.4 30 350 M M 6 1 39 340
17 54 34 44 0 21 0 0.00 0.0 0 7.9 17 300 M M 0 25 290
18 63 32 48 4 17 0 0.00 0.0 0 11.0 22 190 M M 0 28 180
19 73 38 56 12 9 0 0.63 0.0 0 15.0 29 10 M M 7 138 40 20
20 38 26 32 -12 33 0 0.00 0.0 0 20.1 30 20 M M 4 39 10
21 36 23 30 -14 35 0 0.00 0.0 0 12.5 20 20 M M 1 28 20
22 41 19 30 -14 35 0 0.00 0.0 0 5.2 12 360 M M 0 16 360
23 57 21 39 -5 26 0 0.00 0.0 0 8.5 17 230 M M 0 24 240
24 63 31 47 3 18 0 0.00 0.0 0 9.5 17 220 M M 3 22 230
25 52 30 41 -3 24 0 0.00 0.0 0 14.6 24 10 M M 5 33 10
26 44 26 35 -9 30 0 0.00 0.0 0 12.6 21 30 M M 0 27 10
27 54 24 39 -5 26 0 0.00 0.0 0 5.8 12 360 M M 3 15 360
28 54 32 43 -2 22 0 0.00 0.0 0 12.8 25 310 M M 5 35 330
29 49 20 35 -10 30 0 0.00 0.0 0 6.7 15 200 M M 0 22 210
30 67 34 51 6 14 0 0.00 0.0 0 8.9 20 220 M M 0 26 240
31 71 33 52 7 13 0 0.00 0.0 0 6.7 20 210 M M 0 26 190
================================================================================
SM 1729 968 667 7 1.96 0.0 324.8 M 91
================================================================================
AV 55.8 31.2 10.5 FASTST M M 3 MAX(MPH)
MISC ----> # 30 350 # 40 20
================================================================================
NOTES:
# LAST OF SEVERAL OCCURRENCES
COLUMN 17 PEAK WIND IN M.P.H.
PRELIMINARY LOCAL CLIMATOLOGICAL DATA (WS FORM: F-6) , PAGE 2
STATION: GREENVILLE
MONTH: JANUARY
YEAR: 2022
LATITUDE: 33 29 N
LONGITUDE: 90 59 W
[TEMPERATURE DATA] [PRECIPITATION DATA] SYMBOLS USED IN COLUMN 16
AVERAGE MONTHLY: 43.5 TOTAL FOR MONTH: 1.96 1 = FOG OR MIST
DPTR FM NORMAL: -0.6 DPTR FM NORMAL: -2.53 2 = FOG REDUCING VISIBILITY
HIGHEST: 82 ON 1 GRTST 24HR 1.41 ON 1- 2 TO 1/4 MILE OR LESS
LOWEST: 19 ON 22 3 = THUNDER
SNOW, ICE PELLETS, HAIL 4 = ICE PELLETS
TOTAL MONTH: 0.0 INCH 5 = HAIL
GRTST 24HR 0.0 6 = FREEZING RAIN OR DRIZZLE
GRTST DEPTH: 0 7 = DUSTSTORM OR SANDSTORM:
VSBY 1/2 MILE OR LESS
8 = SMOKE OR HAZE
[NO. OF DAYS WITH] [WEATHER - DAYS WITH] 9 = BLOWING SNOW
X = TORNADO
MAX 32 OR BELOW: 0 0.01 INCH OR MORE: 7
MAX 90 OR ABOVE: 0 0.10 INCH OR MORE: 5
MIN 32 OR BELOW: 19 0.50 INCH OR MORE: 2
MIN 0 OR BELOW: 0 1.00 INCH OR MORE: 0
[HDD (BASE 65) ]
TOTAL THIS MO. 667 CLEAR (SCALE 0-3) 19
DPTR FM NORMAL 16 PTCLDY (SCALE 4-7) 9
TOTAL FM JUL 1 1297 CLOUDY (SCALE 8-10) 3
DPTR FM NORMAL -402
[CDD (BASE 65) ]
TOTAL THIS MO. 7
DPTR FM NORMAL 5 [PRESSURE DATA]
TOTAL FM JAN 1 7 HIGHEST SLP 30.70 ON 10
DPTR FM NORMAL 5 LOWEST SLP 29.58 ON 1
[REMARKS]
#FINAL-01-22#