000
CXUS54 KJAN 012226
CF6GLH
PRELIMINARY LOCAL CLIMATOLOGICAL DATA (WS FORM: F-6)
STATION: GREENVILLE
MONTH: SEPTEMBER
YEAR: 2020
LATITUDE: 33 29 N
LONGITUDE: 90 59 W
TEMPERATURE IN F: :PCPN: SNOW: WIND :SUNSHINE: SKY :PK WND
================================================================================
1 2 3 4 5 6A 6B 7 8 9 10 11 12 13 14 15 16 17 18
12Z AVG MX 2MIN
DY MAX MIN AVG DEP HDD CDD WTR SNW DPTH SPD SPD DIR MIN PSBL S-S WX SPD DR
================================================================================
1 93 75 84 5 0 19 0.15 0.0 0 8.6 20 190 M M 4 13 27 180
2 93 76 85 6 0 20 0.01 0.0 0 10.1 21 220 M M 4 1 27 200
3 93 74 84 5 0 19 0.00 0.0 0 7.0 21 240 M M 2 1 31 240
4 93 72 83 4 0 18 0.00 0.0 0 5.3 15 310 M M 0 1 20 350
5 88 64 76 -2 0 11 0.00 0.0 0 6.0 12 20 M M 0 16 20
6 97 59 78 0 0 13 0.00 0.0 0 2.0 9 340 M M 0 12 15 360
7 93 63 78 0 0 13 0.00 0.0 0 5.6 12 210 M M 0 12 16 170
8 94 66 80 2 0 15 0.00 0.0 0 5.0 10 180 M M 0 14 150
9 96 68 82 5 0 17 0.00 0.0 0 4.6 10 30 M M 1 14 40
10 96 66 81 4 0 16 0.00 0.0 0 4.4 13 20 M M 1 19 60
11 95 68 82 5 0 17 0.00 0.0 0 4.5 13 30 M M 4 18 40
12 95 72 84 8 0 19 0.81 0.0 0 4.5 17 40 M M 2 138 23 290
13 88 74 81 5 0 16 T 0.0 0 6.7 15 350 M M 4 1 21 350
14 92 73 83 7 0 18 0.03 0.0 0 9.7 17 40 M M 2 3 23 40
15 94 71 83 8 0 18 0.28 0.0 0 8.5 22 40 M M 1 1 34 30
16 89 71 80 5 0 15 0.00 0.0 0 9.5 20 40 M M 3 26 30
17 91 66 79 4 0 14 0.00 0.0 0 9.0 20 350 M M 1 8 26 360
18 87 65 76 2 0 11 0.00 0.0 0 10.2 18 30 M M 1 18 27 20
19 83 58 71 -3 0 6 0.00 0.0 0 9.6 18 20 M M 1 26 50
20 88 62 75 2 0 10 0.00 0.0 0 9.9 20 90 M M 1 29 90
21 79 62 71 -2 0 6 0.05 0.0 0 7.5 17 100 M M 8 1 22 100
22 77 62 70 -3 0 5 0.38 0.0 0 8.9 15 90 M M 9 1 20 60
23 68 64 66 -6 0 1 3.20 0.0 0 9.2 16 50 M M 10 1 25 40
24 67 64 66 -6 0 1 0.02 0.0 0 11.2 18 40 M M 10 1 27 40
25 75 65 70 -2 0 5 0.00 0.0 0 3.2 7 340 M M 10 1 10 270
26 78 63 71 0 0 6 0.00 0.0 0 5.0 10 200 M M 8 1 14 200
27 86 63 75 4 0 10 0.00 0.0 0 7.0 15 190 M M 3 12 20 190
28 76 57 67 -4 0 2 0.15 0.0 0 11.6 24 360 M M 5 1 33 360
29 77 52 65 -5 0 0 0.00 0.0 0 7.0 20 310 M M 0 28 310
30 84 50 67 -3 0 2 0.00 0.0 0 8.2 16 220 M M 0 22 200
================================================================================
SM 2605 1965 0 343 5.08 0.0 219.5 M 95
================================================================================
AV 86.8 65.5 7.3 FASTST M M 3 MAX(MPH)
MISC ----> # 24 360 # 34 30
================================================================================
NOTES:
# LAST OF SEVERAL OCCURRENCES
COLUMN 17 PEAK WIND IN M.P.H.
PRELIMINARY LOCAL CLIMATOLOGICAL DATA (WS FORM: F-6) , PAGE 2
STATION: GREENVILLE
MONTH: SEPTEMBER
YEAR: 2020
LATITUDE: 33 29 N
LONGITUDE: 90 59 W
[TEMPERATURE DATA] [PRECIPITATION DATA] SYMBOLS USED IN COLUMN 16
AVERAGE MONTHLY: 76.2 TOTAL FOR MONTH: 5.08 1 = FOG OR MIST
DPTR FM NORMAL: 1.3 DPTR FM NORMAL: 2.00 2 = FOG REDUCING VISIBILITY
HIGHEST: 97 ON 6 GRTST 24HR 3.20 ON 23-23 TO 1/4 MILE OR LESS
LOWEST: 50 ON 30 3 = THUNDER
SNOW, ICE PELLETS, HAIL 4 = ICE PELLETS
TOTAL MONTH: 0.0 INCH 5 = HAIL
GRTST 24HR 0.0 6 = FREEZING RAIN OR DRIZZLE
GRTST DEPTH: 0 7 = DUSTSTORM OR SANDSTORM:
VSBY 1/2 MILE OR LESS
8 = SMOKE OR HAZE
[NO. OF DAYS WITH] [WEATHER - DAYS WITH] 9 = BLOWING SNOW
X = TORNADO
MAX 32 OR BELOW: 0 0.01 INCH OR MORE: 10
MAX 90 OR ABOVE: 14 0.10 INCH OR MORE: 6
MIN 32 OR BELOW: 0 0.50 INCH OR MORE: 2
MIN 0 OR BELOW: 0 1.00 INCH OR MORE: 1
[HDD (BASE 65) ]
TOTAL THIS MO. 0 CLEAR (SCALE 0-3) 19
DPTR FM NORMAL -6 PTCLDY (SCALE 4-7) 7
TOTAL FM JUL 1 0 CLOUDY (SCALE 8-10) 4
DPTR FM NORMAL -6
[CDD (BASE 65) ]
TOTAL THIS MO. 343
DPTR FM NORMAL 42 [PRESSURE DATA]
TOTAL FM JAN 1 2173 HIGHEST SLP M ON M
DPTR FM NORMAL 93 LOWEST SLP 29.62 ON 24
[REMARKS]
#FINAL-09-20#