000
CXUS53 KAPX 010730
CF6GLR
PRELIMINARY LOCAL CLIMATOLOGICAL DATA (WS FORM: F-6)
STATION: GAYLORD
MONTH: OCTOBER
YEAR: 2022
LATITUDE: 45 0 N
LONGITUDE: 84 42 W
TEMPERATURE IN F: :PCPN: SNOW: WIND :SUNSHINE: SKY :PK WND
================================================================================
1 2 3 4 5 6A 6B 7 8 9 10 11 12 13 14 15 16 17 18
12Z AVG MX 2MIN
DY MAX MIN AVG DEP HDD CDD WTR SNW DPTH SPD SPD DIR MIN PSBL S-S WX SPD DR
================================================================================
1 69 34 52 0 13 0 0.00 M M 5.1 13 30 M M 1 24 50
2 62 36 49 -3 16 0 0.00 M M 5.1 13 50 M M 0 19 60
3 67 28 48 -3 17 0 0.00 M M 1.5 7 290 M M 1 12 11 270
4 73 40 57 6 8 0 0.00 M M 3.1 10 250 M M 1 8 15 280
5 72 47 60 10 5 0 0.00 M M 7.0 17 240 M M 0 23 250
6 59 40 50 0 15 0 0.27 M M 8.0 17 310 M M 7 18 27 340
7 45 34 40 -10 25 0 T M M 5.7 12 300 M M 10 22 330
8 53 35 44 -5 21 0 T M M 13.7 30 240 M M 6 43 260
9 58 33 46 -3 19 0 0.00 M M 2.7 15 270 M M 2 23 270
10 55 26 41 -7 24 0 0.00 M M 1.7 12 260 M M 0 15 250
11 75 33 54 6 11 0 T M M 8.8 23 200 M M 2 1 34 200
12 62 45 54 7 11 0 0.39 M M 13.1 27 270 M M 10 1 37 260
13 52 37 45 -2 20 0 0.04 M M 9.0 21 230 M M 7 1 27 230
14 46 36 41 -6 24 0 0.01 M M 10.1 22 200 M M 9 1 29 180
15 44 36 40 -6 25 0 0.05 M M 11.3 24 230 M M 10 1 32 250
16 47 40 44 -2 21 0 0.27 M M 4.7 14 250 M M 10 1 20 240
17 46 35 41 -4 24 0 0.27 M M 7.7 16 340 M M 10 18 33 310
18 40 34 37 -8 28 0 0.53 M M 8.8 15 310 M M 10 12 30 320
19 37 34 36 -8 29 0 0.15 M M 7.4 15 300 M M 10 18 25 340
20 45 33 39 -5 26 0 0.06 M M 7.7 15 240 M M 7 1 21 240
21 67 35 51 7 14 0 0.00 M M 10.3 20 210 M M 0 35 200
22 73 44 59 16 6 0 0.00 M M 9.4 17 170 M M 0 24 180
23 74 51 63 20 2 0 0.00 M M 11.2 24 180 M M 1 34 160
24 73 55 64 22 1 0 0.04 M M 12.2 23 180 M M 4 35 170
25 67 53 60 18 5 0 0.50 M M 8.8 17 180 M M 6 18 27 160
26 53 37 45 3 20 0 0.53 M M 6.5 17 310 M M 9 1 30 320
27 51 29 40 -1 25 0 0.00 M M 1.3 9 230 M M 2 15 210
28 56 34 45 4 20 0 0.00 M M 6.0 17 170 M M 3 23 160
29 64 32 48 7 17 0 0.00 M M 5.5 10 250 M M 0 19 220
30 62 30 46 6 19 0 0.00 M M 1.9 9 190 M M 0 14 160
31 66 36 51 11 14 0 0.00 M M 1.1 7 160 M M 1 M M
================================================================================
SM 1813 1152 525 0 3.11 M 216.4 M 139
================================================================================
AV 58.5 37.2 7.0 FASTST M M 4 MAX(MPH)
MISC ----> 30 240 43 260
================================================================================
NOTES:
# LAST OF SEVERAL OCCURRENCES
COLUMN 17 PEAK WIND IN M.P.H.
PRELIMINARY LOCAL CLIMATOLOGICAL DATA (WS FORM: F-6) , PAGE 2
STATION: GAYLORD
MONTH: OCTOBER
YEAR: 2022
LATITUDE: 45 0 N
LONGITUDE: 84 42 W
[TEMPERATURE DATA] [PRECIPITATION DATA] SYMBOLS USED IN COLUMN 16
AVERAGE MONTHLY: 47.8 TOTAL FOR MONTH: 3.11 1 = FOG OR MIST
DPTR FM NORMAL: 2.0 DPTR FM NORMAL: -0.52 2 = FOG REDUCING VISIBILITY
HIGHEST: 75 ON 11 GRTST 24HR 1.03 ON 25-26 TO 1/4 MILE OR LESS
LOWEST: 26 ON 10 3 = THUNDER
SNOW, ICE PELLETS, HAIL 4 = ICE PELLETS
TOTAL MONTH: M 5 = HAIL
GRTST 24HR M ON M 6 = FREEZING RAIN OR DRIZZLE
GRTST DEPTH: M ON M 7 = DUSTSTORM OR SANDSTORM:
VSBY 1/2 MILE OR LESS
8 = SMOKE OR HAZE
[NO. OF DAYS WITH] [WEATHER - DAYS WITH] 9 = BLOWING SNOW
X = TORNADO
MAX 32 OR BELOW: 0 0.01 INCH OR MORE: 13
MAX 90 OR ABOVE: 0 0.10 INCH OR MORE: 8
MIN 32 OR BELOW: 5 0.50 INCH OR MORE: 3
MIN 0 OR BELOW: 0 1.00 INCH OR MORE: 0
[HDD (BASE 65) ]
TOTAL THIS MO. 525 CLEAR (SCALE 0-3) 16
DPTR FM NORMAL -73 PTCLDY (SCALE 4-7) 6
TOTAL FM JUL 1 738 CLOUDY (SCALE 8-10) 9
DPTR FM NORMAL -240
[CDD (BASE 65) ]
TOTAL THIS MO. 0
DPTR FM NORMAL -3 [PRESSURE DATA]
TOTAL FM JAN 1 453 HIGHEST SLP M ON M
DPTR FM NORMAL 178 LOWEST SLP 29.50 ON 13
[REMARKS]
#FINAL-10-22#