000
CXUS54 KHGX 020701
CLMGLS
CLIMATE REPORT
NATIONAL WEATHER SERVICE HOUSTON/GALVESTON TX
201 AM CDT SUN JUL 02 2023
...................................
...THE GALVESTON CLIMATE SUMMARY FOR THE MONTH OF JUNE 2023...
CLIMATE NORMAL PERIOD: 1991 TO 2020
CLIMATE RECORD PERIOD: 1875 TO 2023
WEATHER OBSERVED NORMAL DEPART LAST YEAR`S
VALUE DATE(S) VALUE FROM VALUE DATE(S)
NORMAL
................................................................
TEMPERATURE (F)
RECORD
HIGH 100 06/25/2012
LOW 57 06/14/1903
06/13/1903
HIGHEST 91 06/26 MM MM 97 06/19
06/27
06/30
06/20
LOWEST 70 06/04 MM MM 77 06/02
06/08
06/10
06/30
AVG. MAXIMUM 88.9 89.5 -0.6 92.7
AVG. MINIMUM 78.1 0.0
MEAN 83.5 83.8 -0.3 87.5
DAYS MAX >= 90 15 9.4 5.6 28
DAYS MAX <= 32 0 0.0 0.0 0
DAYS MIN <= 32 0 0.0 0.0 0
DAYS MIN <= 0 0 0.0 0.0 0
PRECIPITATION (INCHES)
RECORD
MAXIMUM 15.49 1919
TOTALS 1.78 4.23 -2.45 2.26
DAILY AVG. 0.06 0.14 -0.08 0.08
DAYS >= .01 5 8.5 -3.5 4
DAYS >= .10 4 5.8 -1.8 3
DAYS >= .50 2 2.6 -0.6 2
DAYS >= 1.00 0 1.3 -1.3 1
GREATEST
24 HR. TOTAL 0.71 06/08 TO 06/08 1.41 06/30 TO 06/30
SNOWFALL (INCHES)
RECORDS
TOTAL MM MM
TOTALS 0.0
SINCE 7/1 0.0
LIQUID 7/1 0.00
DAYS >= TRACE 0
GREATEST
24 HR TOTAL MM
DEGREE DAYS
HEATING TOTAL 0 0 0
SINCE 7/1 730 888 -158
COOLING TOTAL 562 564 -2
SINCE 1/1 1473 1301 172
................................................................
WIND (MPH)
AVERAGE WIND SPEED 10.3
HIGHEST WIND SPEED/DIRECTION 44/340 DATE 06/08
HIGHEST GUST SPEED/DIRECTION 61/350 DATE 06/08
SKY COVER
AVERAGE SKY COVER 0.23
AVERAGE RH (PERCENT) 79
WEATHER CONDITIONS. NUMBER OF DAYS WITH
THUNDERSTORM 4 MIXED PRECIP 0
HEAVY RAIN 4 RAIN 2
LIGHT RAIN 6 FREEZING RAIN 0
LT FREEZING RAIN 0 HAIL 0
HEAVY SNOW 0 SNOW 0
LIGHT SNOW 0 SLEET 0
FOG 14 FOG W/VIS <= 1/4 MILE 0
HAZE 7
- INDICATES NEGATIVE NUMBERS.
R INDICATES RECORD WAS SET OR TIED.
MM INDICATES DATA IS MISSING.
T INDICATES TRACE AMOUNT.
$$