000
CXUS52 KJAX 011410
CLMGNV
CLIMATE REPORT
NATIONAL WEATHER SERVICE JACKSONVILLE FL
910 AM EST MON JAN 01 2024
...................................
...THE GAINESVILLE CLIMATE SUMMARY FOR THE MONTH OF DECEMBER 2023...
CLIMATE NORMAL PERIOD: 1991 TO 2020
CLIMATE RECORD PERIOD: 1890 TO 2023
WEATHER OBSERVED NORMAL DEPART LAST YEAR`S
VALUE DATE(S) VALUE FROM VALUE DATE(S)
NORMAL
................................................................
TEMPERATURE (F)
RECORD
HIGH 87 12/09/1951
12/08/1951
LOW 13 12/13/1962
HIGHEST 82 12/01 81 1 82 12/07
12/09
12/08
LOWEST 34 12/29 28 6 23 12/25
12/30
12/31
AVG. MAXIMUM 69.9 69.3 0.6 69.8
AVG. MINIMUM 49.0 45.2 3.8 45.6
MEAN 59.5 57.3 2.2 57.7
DAYS MAX >= 90 0 0.0 0.0 0
DAYS MIN <= 32 0 3.7 -3.7 6
PRECIPITATION (INCHES)
RECORD
MAXIMUM 9.60 1997
MINIMUM 0.03 1956
TOTALS 5.90 2.88 3.02 1.64
DAILY AVG. 0.19 0.09 0.10 0.05
DAYS >= .01 9 7.0 2.0 5
DAYS >= .10 4 4.5 -0.5 2
DAYS >= .50 3 1.9 1.1 1
DAYS >= 1.00 2 0.9 1.1 1
GREATEST
24 HR. TOTAL 5.03 12/16 TO 12/17
SNOWFALL (INCHES)
RECORDS
TOTAL T 1989
TOTALS 0.0 0.0 0.0 0.0
DEGREE DAYS
HEATING TOTAL 193 268 -75 244
SINCE 7/1 306 426 -120 MM
COOLING TOTAL 30 28 2 25
SINCE 1/1 3158 2741 417 MM
................................................................
WIND (MPH)
AVERAGE WIND SPEED 6.2
HIGHEST WIND SPEED/DIRECTION 30/360 DATE 12/17
HIGHEST GUST SPEED/DIRECTION 55/010 DATE 12/17
SKY COVER
AVERAGE SKY COVER 0.33
AVERAGE RH (PERCENT) 74
WEATHER CONDITIONS. NUMBER OF DAYS WITH
THUNDERSTORM 0 MIXED PRECIP 0
HEAVY RAIN 3 RAIN 4
LIGHT RAIN 11 FREEZING RAIN 0
LT FREEZING RAIN 0 HAIL 0
HEAVY SNOW 0 SNOW 0
LIGHT SNOW 0 SLEET 0
FOG 14 FOG W/VIS <= 1/4 MILE 6
HAZE 0
- INDICATES NEGATIVE NUMBERS.
R INDICATES RECORD WAS SET OR TIED.
MM INDICATES DATA IS MISSING.
T INDICATES TRACE AMOUNT.
$$