000
CXUS54 KLIX 010810
CF6GPT
PRELIMINARY LOCAL CLIMATOLOGICAL DATA (WS FORM: F-6)
STATION: GULFPORT
MONTH: MAY
YEAR: 2023
LATITUDE: 30 23 N
LONGITUDE: 89 4 W
TEMPERATURE IN F: :PCPN: SNOW: WIND :SUNSHINE: SKY :PK WND
================================================================================
1 2 3 4 5 6A 6B 7 8 9 10 11 12 13 14 15 16 17 18
12Z AVG MX 2MIN
DY MAX MIN AVG DEP HDD CDD WTR SNW DPTH SPD SPD DIR MIN PSBL S-S WX SPD DR
================================================================================
1 85 60 73 2 0 8 0.00 0.0 M 6.0 18 300 M M 0 27 290
2 81 53 67 -4 0 2 0.00 0.0 M 2.8 14 180 M M 0 22 210
3 84 57 71 -1 0 6 0.00 0.0 M 3.5 14 150 M M 0 24 20
4 81 59 70 -2 0 5 0.00 0.0 M 5.9 13 120 M M 0 17 160
5 78 69 74 2 0 9 2.03 0.0 M 8.1 23 350 M M 6 123 33 350
6 76 66 71 -1 0 6 0.86 0.0 M 5.1 16 340 M M 7 13 23 280
7 80 64 72 -1 0 7 0.00 0.0 M 9.4 18 130 M M 6 1 23 130
8 83 71 77 4 0 12 0.00 0.0 M 5.8 18 320 M M 7 3 25 320
9 85 71 78 5 0 13 0.02 0.0 M 4.2 14 150 M M 4 1 18 140
10 84 74 79 6 0 14 0.00 0.0 M 7.5 16 150 M M 3 21 170
11 83 68 76 2 0 11 0.31 0.0 M 13.3 24 300 M M 6 13 36 340
12 84 69 77 3 0 12 0.00 0.0 M 9.2 18 40 M M 2 26 40
13 86 68 77 3 0 12 0.00 0.0 M 9.0 18 110 M M 1 24 150
14 90 71 81 7 0 16 0.00 0.0 M 3.0 12 190 M M 2 12 16 200
15 94 72 83 8 0 18 0.00 0.0 M 4.6 18 310 M M 2 3 28 310
16 92 70 81 6 0 16 0.00 0.0 M 5.3 23 10 M M 1 3 30 340
17 86 71 79 4 0 14 0.10 0.0 M 3.9 18 320 M M 3 13 28 320
18 88 69 79 3 0 14 0.00 0.0 M 3.5 15 160 M M 1 8 21 160
19 88 73 81 5 0 16 0.00 0.0 M 6.0 16 150 M M 3 23 150
20 90 74 82 6 0 17 0.21 0.0 M 4.8 16 100 M M 4 18 23 190
21 84 72 78 2 0 13 0.00 0.0 M 5.5 13 360 M M 3 21 20
22 86 69 78 1 0 13 0.00 0.0 M 3.8 10 200 M M 1 17 40
23 89 69 79 2 0 14 0.00 0.0 M 5.6 13 10 M M 3 1 19 30
24 83 70 77 0 0 12 T 0.0 M 8.3 14 20 M M 5 20 40
25 88 68 78 1 0 13 0.00 0.0 M 6.8 16 40 M M 5 32 20
26 88 62 75 -3 0 10 0.00 0.0 M 5.3 14 60 M M 2 22 70
27 84 69 77 -1 0 12 0.00 0.0 M 5.9 14 70 M M 3 19 80
28 85 65 75 -3 0 10 0.00 0.0 M 4.0 13 160 M M 1 19 150
29 87 67 77 -1 0 12 0.04 0.0 M 4.4 16 290 M M 3 3 21 300
30 86 71 79 1 0 14 0.00 0.0 M 3.1 15 150 M M 5 20 150
31 88 68 78 -1 0 13 0.00 0.0 M 4.7 14 160 M M 1 19 150
================================================================================
SM 2646 2099 0 364 3.57 0.0 178.3 M 90
================================================================================
AV 85.4 67.7 5.8 FASTST M M 3 MAX(MPH)
MISC ----> 24 300 36 340
================================================================================
NOTES:
# LAST OF SEVERAL OCCURRENCES
COLUMN 17 PEAK WIND IN M.P.H.
PRELIMINARY LOCAL CLIMATOLOGICAL DATA (WS FORM: F-6) , PAGE 2
STATION: GULFPORT
MONTH: MAY
YEAR: 2023
LATITUDE: 30 23 N
LONGITUDE: 89 4 W
[TEMPERATURE DATA] [PRECIPITATION DATA] SYMBOLS USED IN COLUMN 16
AVERAGE MONTHLY: 76.5 TOTAL FOR MONTH: 3.57 1 = FOG OR MIST
DPTR FM NORMAL: 1.5 DPTR FM NORMAL: -1.17 2 = FOG REDUCING VISIBILITY
HIGHEST: 94 ON 15 GRTST 24HR 2.03 ON 5- 5 TO 1/4 MILE OR LESS
LOWEST: 53 ON 2 3 = THUNDER
SNOW, ICE PELLETS, HAIL 4 = ICE PELLETS
TOTAL MONTH: 0.0 INCH 5 = HAIL
GRTST 24HR 0.0 6 = FREEZING RAIN OR DRIZZLE
GRTST DEPTH: M ON M 7 = DUSTSTORM OR SANDSTORM:
VSBY 1/2 MILE OR LESS
8 = SMOKE OR HAZE
[NO. OF DAYS WITH] [WEATHER - DAYS WITH] 9 = BLOWING SNOW
X = TORNADO
MAX 32 OR BELOW: 0 0.01 INCH OR MORE: 7
MAX 90 OR ABOVE: 4 0.10 INCH OR MORE: 5
MIN 32 OR BELOW: 0 0.50 INCH OR MORE: 2
MIN 0 OR BELOW: 0 1.00 INCH OR MORE: 1
[HDD (BASE 65) ]
TOTAL THIS MO. 0 CLEAR (SCALE 0-3) 20
DPTR FM NORMAL -3 PTCLDY (SCALE 4-7) 11
TOTAL FM JUL 1 1039 CLOUDY (SCALE 8-10) 0
DPTR FM NORMAL -465
[CDD (BASE 65) ]
TOTAL THIS MO. 364
DPTR FM NORMAL 51 [PRESSURE DATA]
TOTAL FM JAN 1 778 HIGHEST SLP M ON M
DPTR FM NORMAL 274 LOWEST SLP 29.77 ON 17
[REMARKS]
#FINAL-05-23#