000
CXUS54 KLIX 010810
CF6GPT
PRELIMINARY LOCAL CLIMATOLOGICAL DATA (WS FORM: F-6)
STATION: GULFPORT
MONTH: MARCH
YEAR: 2023
LATITUDE: 30 23 N
LONGITUDE: 89 4 W
TEMPERATURE IN F: :PCPN: SNOW: WIND :SUNSHINE: SKY :PK WND
================================================================================
1 2 3 4 5 6A 6B 7 8 9 10 11 12 13 14 15 16 17 18
12Z AVG MX 2MIN
DY MAX MIN AVG DEP HDD CDD WTR SNW DPTH SPD SPD DIR MIN PSBL S-S WX SPD DR
================================================================================
1 79 72 76 18 0 11 0.00 0.0 M 8.4 17 150 M M 8 18 27 150
2 80 72 76 18 0 11 T 0.0 M 9.5 18 160 M M 8 29 170
3 83 61 72 13 0 7 T 0.0 M 10.8 22 190 M M 5 40 270
4 76 51 64 5 1 0 0.00 0.0 M 4.1 12 190 M M 0 20 150
5 79 51 65 6 0 0 0.00 0.0 M 4.6 16 140 M M 0 19 140
6 78 59 69 10 0 4 0.00 0.0 M 4.4 13 150 M M 6 18 19 160
7 82 68 75 16 0 10 0.00 0.0 M 2.9 12 210 M M 7 1 17 200
8 80 67 74 14 0 9 0.00 0.0 M 5.3 12 150 M M 9 1238 25 160
9 82 72 77 17 0 12 0.04 0.0 M 5.1 13 160 M M 5 138 20 170
10 81 60 71 11 0 6 0.00 0.0 M 5.3 17 350 M M 3 1 25 340
11 75 57 66 6 0 1 0.00 0.0 M 8.5 18 130 M M M 23 130
12 79 62 71 11 0 6 0.38 0.0 M 7.3 18 360 M M 8 13 26 20
13 67 50 59 -1 6 0 0.20 M M 11.9 20 340 M M 2 13 31 340
14 64 43 54 -7 11 0 0.00 0.0 M 9.6 17 20 M M 0 8 26 50
15 64 42 53 -8 12 0 0.00 0.0 M 4.4 15 70 M M 0 8 22 80
16 73 43 58 -3 7 0 0.00 0.0 M 7.8 17 140 M M 2 23 170
17 72 48 60 -1 5 0 1.16 M M 9.2 22 340 M M 6 13 31 340
18 57 47 52 -10 13 0 0.00 0.0 M 12.3 23 10 M M 5 33 340
19 54 37 46 -16 19 0 0.00 0.0 M 10.7 21 340 M M 0 28 330
20 56 31 44 -18 21 0 0.00 0.0 M 4.4 13 30 M M 0 19 30
21 69 38 54 -8 11 0 0.00 0.0 M 7.7 18 130 M M 0 8 26 150
22 73 51 62 0 3 0 0.00 0.0 M 5.4 14 160 M M 0 1 21 140
23 79 55 67 5 0 2 0.00 0.0 M 7.1 15 150 M M 7 12 20 150
24 79 68 74 11 0 9 0.00 0.0 M 12.2 18 140 M M 10 1 26 140
25 85 71 78 15 0 13 T 0.0 M 7.6 14 160 M M 7 1 22 200
26 79 72 76 13 0 11 0.00 0.0 M 7.8 15 180 M M 10 1 26 170
27 81 71 76 13 0 11 0.27 0.0 M 5.0 15 300 M M 9 123 23 300
28 82 63 73 10 0 8 0.41 0.0 M 8.2 17 330 M M 5 13 25 340
29 67 50 59 -5 6 0 0.00 0.0 M 6.0 14 50 M M 2 8 24 40
30 74 50 62 -2 3 0 0.00 0.0 M 9.7 22 130 M M 1 27 120
31 78 68 73 9 0 8 0.00 0.0 M 10.2 23 140 M M 6 1 30 150
================================================================================
SM 2307 1750 118 139 2.46 0.0 233.4 M 131
================================================================================
AV 74.4 56.5 7.5 FASTST M M 4 MAX(MPH)
MISC ----> # 23 10 40 270
================================================================================
NOTES:
# LAST OF SEVERAL OCCURRENCES
COLUMN 17 PEAK WIND IN M.P.H.
PRELIMINARY LOCAL CLIMATOLOGICAL DATA (WS FORM: F-6) , PAGE 2
STATION: GULFPORT
MONTH: MARCH
YEAR: 2023
LATITUDE: 30 23 N
LONGITUDE: 89 4 W
[TEMPERATURE DATA] [PRECIPITATION DATA] SYMBOLS USED IN COLUMN 16
AVERAGE MONTHLY: 65.4 TOTAL FOR MONTH: 2.46 1 = FOG OR MIST
DPTR FM NORMAL: 4.3 DPTR FM NORMAL: -2.76 2 = FOG REDUCING VISIBILITY
HIGHEST: 85 ON 25 GRTST 24HR 1.16 ON 17-17 TO 1/4 MILE OR LESS
LOWEST: 31 ON 20 3 = THUNDER
SNOW, ICE PELLETS, HAIL 4 = ICE PELLETS
TOTAL MONTH: 0.0 INCH 5 = HAIL
GRTST 24HR 0.0 6 = FREEZING RAIN OR DRIZZLE
GRTST DEPTH: M ON M 7 = DUSTSTORM OR SANDSTORM:
VSBY 1/2 MILE OR LESS
8 = SMOKE OR HAZE
[NO. OF DAYS WITH] [WEATHER - DAYS WITH] 9 = BLOWING SNOW
X = TORNADO
MAX 32 OR BELOW: 0 0.01 INCH OR MORE: 6
MAX 90 OR ABOVE: 0 0.10 INCH OR MORE: 5
MIN 32 OR BELOW: 1 0.50 INCH OR MORE: 1
MIN 0 OR BELOW: 0 1.00 INCH OR MORE: 1
[HDD (BASE 65) ]
TOTAL THIS MO. 118 CLEAR (SCALE 0-3) 13
DPTR FM NORMAL -48 PTCLDY (SCALE 4-7) 11
TOTAL FM JUL 1 1026 CLOUDY (SCALE 8-10) 7
DPTR FM NORMAL -431
[CDD (BASE 65) ]
TOTAL THIS MO. 139
DPTR FM NORMAL 94 [PRESSURE DATA]
TOTAL FM JAN 1 261 HIGHEST SLP M ON M
DPTR FM NORMAL 192 LOWEST SLP 29.51 ON 3
[REMARKS]
#FINAL-03-23#