000
CXUS52 KRAH 012150 RRB
CLSGSO
CLIMATE REPORT
NATIONAL WEATHER SERVICE RALEIGH NC
550 PM EDT THU SEP 01 2022
...................................
...THE GREENSBORO NC CLIMATE SUMMARY FOR THE SEASON, FROM
6/1/2022 TO 8/31/2022...
CLIMATE NORMAL PERIOD 1991 TO 2020
CLIMATE RECORD PERIOD 1903 TO 2022
WEATHER OBSERVED NORMAL DEPART LAST YEAR`S
VALUE DATE(S) VALUE FROM VALUE
NORMAL
..............................................................
TEMPERATURE (F)
RECORD
HIGH 103 08/18/1988
LOW 42 06/08/1977
06/12/1972
06/11/1972
HIGHEST 96 06/22
LOWEST 56 06/19
AVG. MAXIMUM 87.3 86.8 0.5
AVG. MINIMUM 67.8 67.6 0.2
MEAN 77.5 77.2 0.3
DAYS MAX >= 90 35 29.4 5.6
DAYS MAX <= 32 0 0.0 0.0
DAYS MIN <= 32 0 0.0 0.0
DAYS MIN <= 0 0 0.0 0.0
PRECIPITATION (INCHES)
RECORD
MAXIMUM 24.00 1906
MINIMUM 3.51 1990
TOTALS 12.48 12.63 -0.15
DAYS >= .01 30 32.1 -2.1
DAYS >= 1.00 4 3.4 0.6
GREATEST
24 HR. TOTAL 1.97 07/21
DEGREE DAYS
COOLING TOTAL 1178 1127 51
SINCE 1/1 1388 1310 78
..............................................................
WIND (MPH)
AVERAGE WIND SPEED 6.3
HIGHEST WIND SPEED/DIRECTION 49/320 DATE 07/05
HIGHEST GUST SPEED/DIRECTION 64/310 DATE 07/05
SKY COVER
POSSIBLE SUNSHINE (PERCENT) MM
AVERAGE SKY COVER 0.67
NUMBER OF DAYS FAIR 3
NUMBER OF DAYS PC 54
NUMBER OF DAYS CLOUDY 35
AVERAGE RH (PERCENT) 71
WEATHER CONDITIONS. NUMBER OF DAYS WITH
THUNDERSTORM 34 MIXED PRECIP 0
HEAVY RAIN 17 RAIN 12
LIGHT RAIN 37 FREEZING RAIN 0
LT FREEZING RAIN 0 HAIL 0
HEAVY SNOW 0 SNOW 0
LIGHT SNOW 0 SLEET 0
FOG 24 FOG W/VIS <= 1/4 MILE 4
HAZE 4
- INDICATES NEGATIVE NUMBERS.
R INDICATES RECORD WAS SET OR TIED.
MM INDICATES DATA IS MISSING.
T INDICATES TRACE AMOUNT.
&&
JUNE-JULY-AUGUST(JJA)2022 WAS THE 17TH WARMEST ON RECORD.
$$