000
CXUS56 KTFX 020853
CF6GTF
PRELIMINARY LOCAL CLIMATOLOGICAL DATA (WS FORM: F-6)
STATION: GREAT FALLS MT
MONTH: JANUARY
YEAR: 2022
LATITUDE: 47 28 N
LONGITUDE: 111 22 W
TEMPERATURE IN F: :PCPN: SNOW: WIND :SUNSHINE: SKY :PK WND
================================================================================
1 2 3 4 5 6A 6B 7 8 9 10 11 12 13 14 15 16 17 18
12Z AVG MX 2MIN
DY MAX MIN AVG DEP HDD CDD WTR SNW DPTH SPD SPD DIR MIN PSBL S-S WX SPD DR
================================================================================
1 24 -22 1 -24 64 0 0.00 0.0 2 21.1 38 230 M M 1 9 48 220
2 34 24 29 4 36 0 0.00 0.0 2 24.4 41 220 M M 0 9 53 240
3 42 1 22 -3 43 0 0.09 1.1 1 17.3 28 190 M M 2 12 40 190
4 0 -17 -8 -33 73 0 0.14 2.0 4 8.0 22 330 M M 7 1 28 330
5 -8 -14 -11 -36 76 0 T 0.1 4 2.4 7 80 M M 10 18 9 280
6 12 -15 -1 -26 66 0 0.18 1.4 4 5.8 13 220 M M 6 18 15 210
7 42 5 24 -1 41 0 0.00 0.0 5 20.2 36 210 M M 0 45 210
8 20 -9 6 -19 59 0 0.00 0.0 3 7.3 18 230 M M 2 22 220
9 38 20 29 4 36 0 0.00 0.0 2 20.0 29 230 M M 0 37 230
10 42 31 37 12 28 0 0.00 0.0 1 22.9 36 230 M M 0 45 230
11 44 34 39 14 26 0 0.00 0.0 1 27.0 43 230 M M 0 59 240
12 51 42 47 22 18 0 0.00 0.0 T 25.3 40 220 M M 2 56 220
13 53 34 44 19 21 0 0.00 0.0 0 15.9 26 230 M M 2 37 240
14 43 28 36 11 29 0 0.01 T T 6.5 20 220 M M 5 1 24 220
15 47 37 42 17 23 0 0.00 0.0 0 22.5 39 230 M M 0 52 220
16 50 23 37 12 28 0 0.00 0.0 0 16.1 29 220 M M 0 38 220
17 57 40 49 24 16 0 0.00 0.0 0 21.6 38 230 M M 0 51 230
18 45 3 24 -1 41 0 0.14 3.4 T 9.3 31 230 M M 9 18 40 230
19 20 -4 8 -17 57 0 T 0.2 3 6.2 16 200 M M 5 18 24 220
20 41 18 30 5 35 0 T 0.0 3 20.2 35 230 M M 2 46 220
21 45 28 37 12 28 0 T T T 10.4 20 260 M M 5 30 340
22 47 30 39 14 26 0 0.00 0.0 0 19.6 31 230 M M 5 43 230
23 56 33 45 20 20 0 0.00 0.0 0 17.7 32 240 M M 1 41 240
24 34 21 28 3 37 0 0.16 2.5 0 7.1 23 340 M M 7 12 31 330
25 35 21 28 3 37 0 0.03 0.4 3 15.8 26 220 M M 4 1 36 220
26 42 21 32 7 33 0 T T 2 10.7 26 220 M M 0 36 230
27 38 14 26 1 39 0 T T T 13.8 24 220 M M 0 32 220
28 44 29 37 12 28 0 0.00 0.0 T 22.4 35 230 M M 0 52 230
29 52 35 44 19 21 0 0.00 0.0 0 18.0 30 230 M M 0 39 230
30 50 40 45 20 20 0 0.00 0.0 0 21.5 36 240 M M 1 50 230
31 46 9 28 3 37 0 0.07 1.0 0 18.2 41 250 M M 5 1 55 260
================================================================================
SM 1186 540 1142 0 0.82 12.1 495.2 M 81
================================================================================
AV 38.3 17.4 16.0 FASTST M M 3 MAX(MPH)
MISC ----> 43 230 59 240
================================================================================
NOTES:
# LAST OF SEVERAL OCCURRENCES
COLUMN 17 PEAK WIND IN M.P.H.
PRELIMINARY LOCAL CLIMATOLOGICAL DATA (WS FORM: F-6) , PAGE 2
STATION: GREAT FALLS MT
MONTH: JANUARY
YEAR: 2022
LATITUDE: 47 28 N
LONGITUDE: 111 22 W
[TEMPERATURE DATA] [PRECIPITATION DATA] SYMBOLS USED IN COLUMN 16
AVERAGE MONTHLY: 27.8 TOTAL FOR MONTH: 0.82 1 = FOG OR MIST
DPTR FM NORMAL: 2.6 DPTR FM NORMAL: 0.27 2 = FOG REDUCING VISIBILITY
HIGHEST: 57 ON 17 GRTST 24HR 0.23 ON 6- 6 TO 1/4 MILE OR LESS
LOWEST: -22 ON 1 3 = THUNDER
SNOW, ICE PELLETS, HAIL 4 = ICE PELLETS
TOTAL MONTH: 12.4 INCHES 5 = HAIL
GRTST 24HR 3.4 ON 18-18 6 = FREEZING RAIN OR DRIZZLE
GRTST DEPTH: 5 ON 7 7 = DUSTSTORM OR SANDSTORM:
VSBY 1/2 MILE OR LESS
8 = SMOKE OR HAZE
[NO. OF DAYS WITH] [WEATHER - DAYS WITH] 9 = BLOWING SNOW
X = TORNADO
MAX 32 OR BELOW: 6 0.01 INCH OR MORE: 8
MAX 90 OR ABOVE: 0 0.10 INCH OR MORE: 4
MIN 32 OR BELOW: 23 0.50 INCH OR MORE: 0
MIN 0 OR BELOW: 6 1.00 INCH OR MORE: 0
[HDD (BASE 65) ]
TOTAL THIS MO. 1142 CLEAR (SCALE 0-3) 20
DPTR FM NORMAL -93 PTCLDY (SCALE 4-7) 9
TOTAL FM JUL 1 4053 CLOUDY (SCALE 8-10) 2
DPTR FM NORMAL -337
[CDD (BASE 65) ]
TOTAL THIS MO. 0
DPTR FM NORMAL 0 [PRESSURE DATA]
TOTAL FM JAN 1 0 HIGHEST SLP 30.64 ON 19
DPTR FM NORMAL 0 LOWEST SLP 29.18 ON 7
[REMARKS]
#FINAL-01-22#