000
CXUS54 KAMA 010710
CF6GUY
PRELIMINARY LOCAL CLIMATOLOGICAL DATA (WS FORM: F-6)
STATION: GUYMON
MONTH: MAY
YEAR: 2023
LATITUDE: 36 41 N
LONGITUDE: 101 30 W
TEMPERATURE IN F: :PCPN: SNOW: WIND :SUNSHINE: SKY :PK WND
================================================================================
1 2 3 4 5 6A 6B 7 8 9 10 11 12 13 14 15 16 17 18
12Z AVG MX 2MIN
DY MAX MIN AVG DEP HDD CDD WTR SNW DPTH SPD SPD DIR MIN PSBL S-S WX SPD DR
================================================================================
1 80 41 61 1 4 0 0.00 M M 9.3 25 210 M M 0 34 190
2 78 49 64 3 1 0 0.00 M M 10.7 17 130 M M 1 26 130
3 82 55 69 8 0 4 0.14 M M 13.2 35 260 M M 3 3 52 310
4 82 56 69 8 0 4 0.00 M M 14.5 26 210 M M 0 34 210
5 90 50 70 8 0 5 M M M 11.1 28 230 M M 0 38 210
6 88 52 70 8 0 5 0.00 M M 10.0 23 220 M M 0 31 220
7 93 55 74 12 0 9 0.00 M M 14.2 31 240 M M 0 43 240
8 86 51 69 6 0 4 0.00 M M 13.4 21 50 M M 0 29 20
9 97 56 77 14 0 12 0.00 M M 13.4 28 230 M M 0 39 210
10 88 63 76 12 0 11 0.00 M M 17.3 29 150 M M 1 42 140
11 84 59 72 8 0 7 0.10 M M 17.5 31 200 M M 3 43 210
12 81 52 67 3 0 2 0.00 M M 15.6 26 340 M M 0 42 320
13 65 57 61 -4 4 0 0.20 M M 11.4 22 350 M M 7 29 360
14 63 58 61 -4 4 0 0.29 M M 13.2 23 30 M M 10 1 31 30
15 69 54 62 -4 3 0 T M M 13.8 22 10 M M 9 28 350
16 83 50 67 1 0 2 0.00 M M 6.4 14 270 M M 1 17 240
17 84 56 70 4 0 5 0.15 M M 6.9 24 290 M M 1 3 33 280
18 72 59 66 -1 0 1 0.64 M M 6.1 23 50 M M 7 13 32 80
19 62 51 57 -10 8 0 0.39 M M 13.1 26 50 M M 9 138 37 20
20 72 48 60 -8 5 0 0.00 M M 6.2 12 160 M M 1 1 19 150
21 81 53 67 -1 0 2 0.57 M M 11.3 32 340 M M 2 13 43 350
22 78 58 68 0 0 3 T M M 6.9 22 80 M M 7 31 90
23 74 57 66 -3 0 1 0.00 M M 7.5 14 150 M M 6 1 20 140
24 77 58 68 -1 0 3 0.42 M M 9.1 26 220 M M 8 13 40 230
25 77 56 67 -3 0 2 0.12 M M 9.3 17 140 M M 4 3 24 160
26 75 58 67 -3 0 2 0.17 M M 14.1 26 160 M M 3 13 38 150
27 76 59 68 -2 0 3 0.23 M M 13.5 28 150 M M 3 13 43 140
28 84 54 69 -2 0 4 0.80 M M 11.8 33 10 M M 3 13 46 360
29 82 56 69 -2 0 4 0.00 M M 7.9 15 200 M M 0 21 210
30 86 58 72 1 0 7 0.11 M M 9.9 33 70 M M 1 3 49 50
31 79 59 69 -3 0 4 1.16 M M 9.7 38 240 M M 3 13 53 240
================================================================================
SM 2468 1698 29 106 5.49 M 348.3 M 93
================================================================================
AV 79.6 54.8 11.2 FASTST M M 3 MAX(MPH)
MISC ----> 38 240 53 240
================================================================================
NOTES:
# LAST OF SEVERAL OCCURRENCES
COLUMN 17 PEAK WIND IN M.P.H.
PRELIMINARY LOCAL CLIMATOLOGICAL DATA (WS FORM: F-6) , PAGE 2
STATION: GUYMON
MONTH: MAY
YEAR: 2023
LATITUDE: 36 41 N
LONGITUDE: 101 30 W
[TEMPERATURE DATA] [PRECIPITATION DATA] SYMBOLS USED IN COLUMN 16
AVERAGE MONTHLY: 67.2 TOTAL FOR MONTH: 5.49 1 = FOG OR MIST
DPTR FM NORMAL: 1.2 DPTR FM NORMAL: 3.24 2 = FOG REDUCING VISIBILITY
HIGHEST: 97 ON 9 GRTST 24HR 1.16 ON 31-31 TO 1/4 MILE OR LESS
LOWEST: 41 ON 1 3 = THUNDER
SNOW, ICE PELLETS, HAIL 4 = ICE PELLETS
TOTAL MONTH: M 5 = HAIL
GRTST 24HR M ON M 6 = FREEZING RAIN OR DRIZZLE
GRTST DEPTH: M ON M 7 = DUSTSTORM OR SANDSTORM:
VSBY 1/2 MILE OR LESS
8 = SMOKE OR HAZE
[NO. OF DAYS WITH] [WEATHER - DAYS WITH] 9 = BLOWING SNOW
X = TORNADO
MAX 32 OR BELOW: 0 0.01 INCH OR MORE: 15
MAX 90 OR ABOVE: 3 0.10 INCH OR MORE: 15
MIN 32 OR BELOW: 0 0.50 INCH OR MORE: 4
MIN 0 OR BELOW: 0 1.00 INCH OR MORE: 1
[HDD (BASE 65) ]
TOTAL THIS MO. 29 CLEAR (SCALE 0-3) 18
DPTR FM NORMAL -61 PTCLDY (SCALE 4-7) 10
TOTAL FM JUL 1 4242 CLOUDY (SCALE 8-10) 3
DPTR FM NORMAL -48
[CDD (BASE 65) ]
TOTAL THIS MO. 106
DPTR FM NORMAL -15 [PRESSURE DATA]
TOTAL FM JAN 1 134 HIGHEST SLP M ON M
DPTR FM NORMAL -10 LOWEST SLP 29.46 ON 11
[REMARKS]
#FINAL-05-23#