000
CXUS54 KAMA 011433
CLMGUY
CLIMATE REPORT
NATIONAL WEATHER SERVICE AMARILLO
933 AM CDT SUN OCT 01 2023
...................................
...THE GUYMON CLIMATE SUMMARY FOR THE MONTH OF SEPTEMBER 2023...
CLIMATE NORMAL PERIOD: 1991 TO 2020
CLIMATE RECORD PERIOD: 1998 TO 2023
WEATHER OBSERVED NORMAL DEPART LAST YEAR`S
VALUE DATE(S) VALUE FROM VALUE DATE(S)
NORMAL
................................................................
TEMPERATURE (F)
HIGHEST 105 09/04 99 09/07
09/07
09/17
09/18
LOWEST 47 09/23 48 09/26
AVG. MAXIMUM 90.7 85.4 5.3 90.9
AVG. MINIMUM 57.8 56.5 1.3 58.5
MEAN 74.3 70.9 3.4 74.7
DAYS MAX >= 90 17 11.6 5.4 23
DAYS MAX <= 32 0 0.0 0.0 0
DAYS MIN <= 32 0 0.0 0.0 0
DAYS MIN <= 0 0 0.0 0.0 0
PRECIPITATION (INCHES)
TOTALS 1.53 1.36 0.17 0.19
DAILY AVG. 0.06 0.05 0.01 0.01
DAYS >= .01 4 6.5 -2.5 6
DAYS >= .10 4 2.7 1.3 0
DAYS >= .50 1 0.8 0.2 0
DAYS >= 1.00 0 0.4 -0.4 0
GREATEST
24 HR. TOTAL 1.19 09/10 TO 09/11
SNOWFALL (INCHES)
TOTALS MM MM MM MM
SINCE 7/1 MM MM MM MM
DAYS >= TRACE MM MM MM
DAYS >= 1.0 MM MM MM MM
GREATEST
SNOW DEPTH MM
24 HR TOTAL MM
DEGREE DAYS
HEATING TOTAL 5 35 -30 16
SINCE 7/1 5 34 -29 MM
COOLING TOTAL 254 213 41 315
SINCE 1/1 1485 1601 -116 MM
................................................................
WIND (MPH)
AVERAGE WIND SPEED 9.4
HIGHEST WIND SPEED/DIRECTION 28/210 DATE 09/04
28/050 09/10
HIGHEST GUST SPEED/DIRECTION 42/170 DATE 09/28
SKY COVER
POSSIBLE SUNSHINE (PERCENT) MM
NUMBER OF DAYS FAIR 23
NUMBER OF DAYS PC 1
NUMBER OF DAYS CLOUDY 3
AVERAGE RH (PERCENT) 54
WEATHER CONDITIONS. NUMBER OF DAYS WITH
THUNDERSTORM 3 MIXED PRECIP 0
HEAVY RAIN 0 RAIN 3
LIGHT RAIN 6 FREEZING RAIN 0
LT FREEZING RAIN 0 HEAVY SNOW 0
SNOW 0 LIGHT SNOW 0
SLEET 0 FOG 5
FOG W/VIS <= 1/4 MILE 0 HAZE 0
- INDICATES NEGATIVE NUMBERS.
R INDICATES RECORD WAS SET OR TIED.
MM INDICATES DATA IS MISSING.
T INDICATES TRACE AMOUNT.
$$