000
CXUS54 KJAN 020446
CF6GWO
PRELIMINARY LOCAL CLIMATOLOGICAL DATA (WS FORM: F-6)
STATION: GREENWOOD
MONTH: JUNE
YEAR: 2021
LATITUDE: 33 30 N
LONGITUDE: 90 5 W
TEMPERATURE IN F: :PCPN: SNOW: WIND :SUNSHINE: SKY :PK WND
================================================================================
1 2 3 4 5 6A 6B 7 8 9 10 11 12 13 14 15 16 17 18
12Z AVG MX 2MIN
DY MAX MIN AVG DEP HDD CDD WTR SNW DPTH SPD SPD DIR MIN PSBL S-S WX SPD DR
================================================================================
1 85 65 75 -1 0 10 0.38 0.0 0 6.1 16 170 M M 2 1 22 230
2 84 70 77 0 0 12 0.16 0.0 0 6.2 15 220 M M 7 1 22 230
3 85 67 76 -1 0 11 0.00 0.0 0 3.0 9 230 M M 2 1 12 230
4 88 64 76 -1 0 11 0.00 0.0 0 1.3 8 140 M M 2 1 12 190
5 81 72 77 0 0 12 0.22 0.0 0 3.8 13 160 M M 8 1 17 160
6 80 69 75 -3 0 10 0.34 0.0 0 6.3 18 160 M M 6 1 24 170
7 86 70 78 0 0 13 1.06 0.0 0 7.8 29 200 M M 8 138 40 200
8 81 71 76 -2 0 11 0.70 0.0 0 6.2 17 180 M M 5 138 24 180
9 86 71 79 1 0 14 1.42 0.0 0 6.9 17 360 M M 6 13 29 340
10 77 71 74 -4 0 9 7.81 0.0 0 7.4 21 50 M M 6 13 28 50
11 89 71 80 2 0 15 0.00 0.0 0 5.8 14 220 M M 3 1 21 230
12 93 73 83 4 0 18 0.00 0.0 0 3.4 12 210 M M 1 1 14 210
13 97 73 85 6 0 20 0.16 0.0 0 3.2 25 80 M M 0 123 40 80
14 95 71 83 4 0 18 0.00 0.0 0 3.0 12 340 M M 0 1 17 350
15 95 69 82 3 0 17 0.00 0.0 0 2.6 12 20 M M 0 13 17 350
16 91 67 79 0 0 14 0.00 0.0 0 4.3 14 40 M M 0 20 40
17 92 65 79 0 0 14 0.00 0.0 0 2.4 9 140 M M 1 14 90
18 93 68 81 1 0 16 0.00 0.0 0 4.8 12 130 M M 0 16 130
19 85 71 78 -2 0 13 0.00 0.0 0 5.9 16 40 M M 2 22 40
20 94 69 82 2 0 17 0.00 0.0 0 6.9 15 190 M M 1 20 200
21 89 71 80 0 0 15 0.83 0.0 0 9.1 23 220 M M 6 13 33 210
22 83 63 73 -7 0 8 T 0.0 0 4.8 15 40 M M 2 20 50
23 88 61 75 -5 0 10 0.00 0.0 0 4.9 15 120 M M 3 20 140
24 94 72 83 3 0 18 0.00 0.0 0 5.8 20 160 M M 1 27 160
25 92 75 84 4 0 19 0.00 0.0 0 8.7 17 180 M M 3 24 170
26 92 74 83 3 0 18 0.01 0.0 0 7.7 14 170 M M 2 21 170
27 92 73 83 3 0 18 0.00 0.0 0 6.2 15 200 M M 1 23 200
28 93 74 84 3 0 19 0.00 0.0 0 6.9 15 210 M M 2 3 20 170
29 94 73 84 3 0 19 T 0.0 0 3.9 18 160 M M 1 24 80
30 93 73 83 2 0 18 0.00 0.0 0 4.1 15 90 M M 2 20 110
================================================================================
SM 2667 2096 0 437 13.09 0.0 159.4 M 83
================================================================================
AV 88.9 69.9 5.3 FASTST M M 3 MAX(MPH)
MISC ----> 29 200 # 40 200
================================================================================
NOTES:
# LAST OF SEVERAL OCCURRENCES
COLUMN 17 PEAK WIND IN M.P.H.
PRELIMINARY LOCAL CLIMATOLOGICAL DATA (WS FORM: F-6) , PAGE 2
STATION: GREENWOOD
MONTH: JUNE
YEAR: 2021
LATITUDE: 33 30 N
LONGITUDE: 90 5 W
[TEMPERATURE DATA] [PRECIPITATION DATA] SYMBOLS USED IN COLUMN 16
AVERAGE MONTHLY: 79.4 TOTAL FOR MONTH: 13.09 1 = FOG OR MIST
DPTR FM NORMAL: 0.4 DPTR FM NORMAL: 9.35 2 = FOG REDUCING VISIBILITY
HIGHEST: 97 ON 13 GRTST 24HR 9.23 ON 9-10 TO 1/4 MILE OR LESS
LOWEST: 61 ON 23 3 = THUNDER
SNOW, ICE PELLETS, HAIL 4 = ICE PELLETS
TOTAL MONTH: 0.0 INCH 5 = HAIL
GRTST 24HR 0.0 6 = FREEZING RAIN OR DRIZZLE
GRTST DEPTH: 0 7 = DUSTSTORM OR SANDSTORM:
VSBY 1/2 MILE OR LESS
8 = SMOKE OR HAZE
[NO. OF DAYS WITH] [WEATHER - DAYS WITH] 9 = BLOWING SNOW
X = TORNADO
MAX 32 OR BELOW: 0 0.01 INCH OR MORE: 11
MAX 90 OR ABOVE: 15 0.10 INCH OR MORE: 10
MIN 32 OR BELOW: 0 0.50 INCH OR MORE: 5
MIN 0 OR BELOW: 0 1.00 INCH OR MORE: 3
[HDD (BASE 65) ]
TOTAL THIS MO. 0 CLEAR (SCALE 0-3) 20
DPTR FM NORMAL 0 PTCLDY (SCALE 4-7) 10
TOTAL FM JUL 1 2377 CLOUDY (SCALE 8-10) 0
DPTR FM NORMAL -196
[CDD (BASE 65) ]
TOTAL THIS MO. 437
DPTR FM NORMAL 19 [PRESSURE DATA]
TOTAL FM JAN 1 829 HIGHEST SLP 30.17 ON 29
DPTR FM NORMAL 54 LOWEST SLP 29.80 ON 20
[REMARKS]
#FINAL-06-21#