000
CXUS54 KEWX 011010
CF6GYB
PRELIMINARY LOCAL CLIMATOLOGICAL DATA (WS FORM: F-6)
STATION: GIDDINGS-LEE COUNTY AIRPORT
MONTH: JUNE
YEAR: 2023
LATITUDE: 30 10 N
LONGITUDE: 96 59 W
TEMPERATURE IN F: :PCPN: SNOW: WIND :SUNSHINE: SKY :PK WND
================================================================================
1 2 3 4 5 6A 6B 7 8 9 10 11 12 13 14 15 16 17 18
12Z AVG MX 2MIN
DY MAX MIN AVG DEP HDD CDD WTR SNW DPTH SPD SPD DIR MIN PSBL S-S WX SPD DR
================================================================================
1 89 68 79 M 0 14 0.00 M M 2.1 8 120 M M 3 1 16 150
2 89 67 78 M 0 13 0.00 M M 2.4 8 160 M M 1 1 9 170
3 91 67 79 M 0 14 0.00 M M 2.0 16 240 M M 4 28 0
4 85 66 76 M 0 11 0.01 M M 2.6 20 340 M M 3 8 23 70
5 87 68 78 M 0 13 0.01 M M 2.9 15 340 M M 3 22 340
6 87 65 76 M 0 11 0.00 M M 1.7 7 80 M M 2 1 M M
7 89 67 78 M 0 13 0.00 M M 0.0 M M M M 1 1 M M
8 90 70 80 M 0 15 0.01 M M 2.1 12 50 M M 1 8 17 50
9 96 66 81 M 0 16 0.00 M M 3.3 8 140 M M 2 8 M M
10 93 73 83 M 0 18 0.02 M M 8.0 18 80 M M 3 31 120
11 95 70 83 M 0 18 0.00 M M 6.5 20 230 M M 1 28 230
12 95 75 85 M 0 20 0.00 M M 5.5 12 180 M M 4 18 140
13 94 75 85 M 0 20 0.00 M M 6.4 10 180 M M 5 1 17 170
14 94 79 87 M 0 22 0.00 M M 7.5 12 200 M M 6 8 18 200
15 97 81 89 M 0 24 0.00 M M 7.7 14 200 M M 5 18 22 180
16 98 80 89 M 0 24 0.00 M M 8.7 14 190 M M 4 18 20 190
17 95 79 87 M 0 22 0.00 M M 5.2 12 220 M M 3 1 17 230
18 101 79 90 M 0 25 0.00 M M 9.4 14 230 M M 4 1 23 210
19 100 79 90 M 0 25 0.00 M M 6.9 15 210 M M 3 20 210
20 101 80 91 M 0 26 0.00 M M 7.3 12 190 M M 3 18 17 200
21 100 74 87 M 0 22 0.03 M M 4.9 12 260 M M 4 1 28 0
22 94 73 84 M 0 19 0.00 M M 2.0 10 20 M M 1 8 20 20
23 97 77 87 M 0 22 0.00 M M 5.1 10 140 M M 4 1 16 130
24 97 78 88 M 0 23 0.00 M M 8.2 13 220 M M 2 21 200
25 98 79 89 M 0 24 0.00 M M 9.8 14 200 M M 4 20 200
26 99 77 88 M 0 23 0.00 M M 9.1 14 180 M M 3 18 220
27 100 77 89 M 0 24 0.00 M M 8.4 13 190 M M 2 8 17 180
28 98 78 88 M 0 23 0.00 M M 7.9 14 220 M M 3 20 210
29 97 78 88 M 0 23 0.00 M M 7.1 10 140 M M 3 18 180
30 98 76 87 M 0 22 M M M 6.4 12 140 M M 4 18 140
================================================================================
SM 2844 2221 0 589 0.08 M 167.2 M 91
================================================================================
AV 94.8 74.0 5.6 FASTST M M 3 MAX(MPH)
MISC ----> # 20 340 31 120
================================================================================
NOTES:
# LAST OF SEVERAL OCCURRENCES
COLUMN 17 PEAK WIND IN M.P.H.
PRELIMINARY LOCAL CLIMATOLOGICAL DATA (WS FORM: F-6) , PAGE 2
STATION: GIDDINGS-LEE COUNTY AIRPORT
MONTH: JUNE
YEAR: 2023
LATITUDE: 30 10 N
LONGITUDE: 96 59 W
[TEMPERATURE DATA] [PRECIPITATION DATA] SYMBOLS USED IN COLUMN 16
AVERAGE MONTHLY: 84.4 TOTAL FOR MONTH: 0.08 1 = FOG OR MIST
DPTR FM NORMAL: 0.0 DPTR FM NORMAL: M 2 = FOG REDUCING VISIBILITY
HIGHEST: 101 ON 20,18 GRTST 24HR 0.03 ON 21-21 TO 1/4 MILE OR LESS
LOWEST: 65 ON 6 3 = THUNDER
SNOW, ICE PELLETS, HAIL 4 = ICE PELLETS
TOTAL MONTH: M 5 = HAIL
GRTST 24HR M ON M 6 = FREEZING RAIN OR DRIZZLE
GRTST DEPTH: M ON M 7 = DUSTSTORM OR SANDSTORM:
VSBY 1/2 MILE OR LESS
8 = SMOKE OR HAZE
[NO. OF DAYS WITH] [WEATHER - DAYS WITH] 9 = BLOWING SNOW
X = TORNADO
MAX 32 OR BELOW: 0 0.01 INCH OR MORE: 5
MAX 90 OR ABOVE: 24 0.10 INCH OR MORE: 0
MIN 32 OR BELOW: 0 0.50 INCH OR MORE: 0
MIN 0 OR BELOW: 0 1.00 INCH OR MORE: 0
[HDD (BASE 65) ]
TOTAL THIS MO. 0 CLEAR (SCALE 0-3) 15
DPTR FM NORMAL M PTCLDY (SCALE 4-7) 15
TOTAL FM JUL 1 1476 CLOUDY (SCALE 8-10) 0
DPTR FM NORMAL M
[CDD (BASE 65) ]
TOTAL THIS MO. 589
DPTR FM NORMAL M [PRESSURE DATA]
TOTAL FM JAN 1 1171 HIGHEST SLP M ON M
DPTR FM NORMAL M LOWEST SLP M ON M
[REMARKS]
#FINAL-06-23#