000
CXUS53 KGID 010945
CF6HDE
PRELIMINARY LOCAL CLIMATOLOGICAL DATA (WS FORM: F-6)
STATION: HOLDREGE NE
MONTH: MARCH
YEAR: 2023
LATITUDE: 40 27 N
LONGITUDE: 99 20 W
TEMPERATURE IN F: :PCPN: SNOW: WIND :SUNSHINE: SKY :PK WND
================================================================================
1 2 3 4 5 6A 6B 7 8 9 10 11 12 13 14 15 16 17 18
12Z AVG MX 2MIN
DY MAX MIN AVG DEP HDD CDD WTR SNW DPTH SPD SPD DIR MIN PSBL S-S WX SPD DR
================================================================================
1 47 27 37 M 28 0 0.00 M M 9.9 15 70 M M 3 21 50
2 44 23 34 M 31 0 0.00 M M 5.9 17 80 M M 4 22 70
3 51 27 39 M 26 0 0.00 M M 8.0 17 340 M M 1 22 330
4 46 31 39 M 26 0 T M M 8.6 23 320 M M 2 31 320
5 56 32 44 M 21 0 0.00 M M 9.7 18 120 M M 2 24 120
6 35 29 32 M 33 0 0.00 M M 13.2 20 360 M M 6 27 360
7 33 28 31 M 34 0 0.00 M M 11.0 16 70 M M 10 1 18 10
8 33 28 31 M 34 0 T M M 12.5 15 40 M M 10 16 20 360
9 36 27 32 M 33 0 M M M 9.8 16 350 M M 10 1 21 350
10 38 22 30 M 35 0 0.00 M M 11.0 17 130 M M 5 22 120
11 51 27 39 M 26 0 M M M 9.3 20 20 M M 4 1 25 20
12 37 20 29 M 36 0 0.00 M M 13.9 23 350 M M 1 33 330
13 38 16 27 M 38 0 0.00 M M 7.4 14 360 M M 4 M M
14 59 22 41 M 24 0 0.00 M M 17.8 29 190 M M 0 37 200
15 70 35 53 M 12 0 0.00 M M 15.9 23 180 M M 0 27 180
16 52 22 37 M 28 0 M M M 27.5 41 350 M M 6 51 350
17 42 19 31 M 34 0 0.00 M M 14.6 27 340 M M 3 39 340
18 31 13 22 M 43 0 0.00 M M 12.9 22 340 M M 1 31 360
19 55 12 34 M 31 0 0.00 M M 15.8 28 200 M M 0 31 220
20 61 30 46 M 19 0 0.00 M M 9.1 15 200 M M 0 20 150
21 58 29 44 M 21 0 0.00 M M 7.5 16 150 M M 2 1 21 140
22 50 27 39 M 26 0 0.00 M M 14.2 23 50 M M 6 12 29 50
23 47 23 35 M 30 0 0.00 M M 7.7 18 10 M M 4 23 20
24 51 26 39 M 26 0 T M M 2.8 8 140 M M 7 M M
25 53 29 41 M 24 0 M M M 7.6 15 350 M M 5 22 90
26 32 21 27 M 38 0 M M M 6.8 18 350 M M 8 1 20 350
27 27 16 22 M 43 0 M M M 4.3 10 30 M M 7 12 M M
28 45 9 27 M 38 0 0.03 M M 4.8 14 250 M M 3 12 17 250
29 38 22 30 M 35 0 0.00 M M 15.7 22 60 M M 1 28 60
30 72 28 50 M 15 0 0.00 M M 15.2 32 180 M M 2 39 180
31 58 28 43 M 22 0 T M M 21.2 36 320 M M 8 1 45 320
================================================================================
SM 1446 748 910 0 M M 351.6 M 125
================================================================================
AV 46.6 24.1 11.3 FASTST M M 4 MAX(MPH)
MISC ----> 41 350 M M
================================================================================
NOTES:
# LAST OF SEVERAL OCCURRENCES
COLUMN 17 PEAK WIND IN M.P.H.
PRELIMINARY LOCAL CLIMATOLOGICAL DATA (WS FORM: F-6) , PAGE 2
STATION: HOLDREGE NE
MONTH: MARCH
YEAR: 2023
LATITUDE: 40 27 N
LONGITUDE: 99 20 W
[TEMPERATURE DATA] [PRECIPITATION DATA] SYMBOLS USED IN COLUMN 16
AVERAGE MONTHLY: 35.4 TOTAL FOR MONTH: M 1 = FOG OR MIST
DPTR FM NORMAL: M DPTR FM NORMAL: M 2 = FOG REDUCING VISIBILITY
HIGHEST: 72 ON 30 GRTST 24HR M ON M TO 1/4 MILE OR LESS
LOWEST: 9 ON 28 3 = THUNDER
SNOW, ICE PELLETS, HAIL 4 = ICE PELLETS
TOTAL MONTH: M 5 = HAIL
GRTST 24HR M ON M 6 = FREEZING RAIN OR DRIZZLE
GRTST DEPTH: M ON M 7 = DUSTSTORM OR SANDSTORM:
VSBY 1/2 MILE OR LESS
8 = SMOKE OR HAZE
[NO. OF DAYS WITH] [WEATHER - DAYS WITH] 9 = BLOWING SNOW
X = TORNADO
MAX 32 OR BELOW: 3 0.01 INCH OR MORE: M
MAX 90 OR ABOVE: 0 0.10 INCH OR MORE: M
MIN 32 OR BELOW: 30 0.50 INCH OR MORE: M
MIN 0 OR BELOW: 0 1.00 INCH OR MORE: M
[HDD (BASE 65) ]
TOTAL THIS MO. 910 CLEAR (SCALE 0-3) 14
DPTR FM NORMAL M PTCLDY (SCALE 4-7) 13
TOTAL FM JUL 1 5583 CLOUDY (SCALE 8-10) 4
DPTR FM NORMAL M
[CDD (BASE 65) ]
TOTAL THIS MO. 0
DPTR FM NORMAL M [PRESSURE DATA]
TOTAL FM JAN 1 0 HIGHEST SLP M ON M
DPTR FM NORMAL M LOWEST SLP M ON M
[REMARKS]
#FINAL-03-23#